-- Table structure for table `catalog_product_entity_media_gallery_value`
--

CREATE TABLE `catalog_product_entity_media_gallery_value` (
  `value_id` int(10) UNSIGNED NOT NULL DEFAULT 0 COMMENT 'Value ID',
  `store_id` smallint(5) UNSIGNED NOT NULL DEFAULT 0 COMMENT 'Store ID',
  `entity_id` int(10) UNSIGNED NOT NULL DEFAULT 0 COMMENT 'Entity ID',
  `label` varchar(255) DEFAULT NULL COMMENT 'Label',
  `position` int(10) UNSIGNED DEFAULT NULL COMMENT 'Position',
  `disabled` smallint(5) UNSIGNED NOT NULL DEFAULT 0 COMMENT 'Is Disabled',
  `record_id` int(10) UNSIGNED NOT NULL COMMENT 'Record ID'
) ENGINE=InnoDB DEFAULT CHARSET=utf8 COMMENT='Catalog Product Media Gallery Attribute Value Table';

--
-- Dumping data for table `catalog_product_entity_media_gallery_value`
--

INSERT INTO `catalog_product_entity_media_gallery_value` (`value_id`, `store_id`, `entity_id`, `label`, `position`, `disabled`, `record_id`) VALUES
(2969, 0, 1776, '', 1, 0, 2975),
(3427, 0, 2052, '', 1, 0, 3433),
(3428, 0, 2053, '', 1, 0, 3434),
(3429, 0, 2053, '', 2, 0, 3435),
(3430, 0, 2053, '', 3, 0, 3436),
(3437, 0, 2059, NULL, 1, 0, 3461),
(3447, 0, 2062, NULL, 2, 0, 3471),
(3448, 0, 2062, NULL, 2, 0, 3472),
(3449, 0, 2063, NULL, 2, 0, 3475),
(3450, 0, 2063, NULL, 3, 0, 3476),
(3451, 0, 2061, NULL, 3, 0, 3479),
(3452, 0, 2061, NULL, 4, 0, 3480),
(3453, 0, 2054, NULL, 2, 0, 3481),
(3454, 0, 2054, NULL, 3, 0, 3482),
(3455, 0, 2060, NULL, 2, 0, 3483),
(3456, 0, 2060, NULL, 3, 0, 3484),
(3457, 0, 2057, NULL, 2, 0, 3485),
(3458, 0, 2057, NULL, 3, 0, 3486),
(3459, 0, 2055, NULL, 2, 0, 3487),
(3460, 0, 2055, NULL, 3, 0, 3488),
(3461, 0, 2058, NULL, 2, 0, 3489),
(3462, 0, 2058, NULL, 3, 0, 3490),
(3463, 0, 2064, NULL, 1, 0, 3509),
(3464, 0, 2064, NULL, 2, 0, 3510),
(3465, 0, 2064, NULL, 0, 0, 3511);

--
-- Triggers `catalog_product_entity_media_gallery_value`
--
DELIMITER $$
CREATE TRIGGER `trg_catalog_product_entity_media_gallery_value_after_delete` AFTER DELETE ON `catalog_product_entity_media_gallery_value` FOR EACH ROW BEGIN
INSERT IGNORE INTO `scconnector_google_feed_cl` (`entity_id`) VALUES (OLD.`entity_id`);
END
$$
DELIMITER ;
DELIMITER $$
CREATE TRIGGER `trg_catalog_product_entity_media_gallery_value_after_insert` AFTER INSERT ON `catalog_product_entity_media_gallery_value` FOR EACH ROW BEGIN
INSERT IGNORE INTO `scconnector_google_feed_cl` (`entity_id`) VALUES (NEW.`entity_id`);
END
$$
DELIMITER ;
DELIMITER $$
CREATE TRIGGER `trg_catalog_product_entity_media_gallery_value_after_update` AFTER UPDATE ON `catalog_product_entity_media_gallery_value` FOR EACH ROW BEGIN
IF (NOT(NEW.`value_id` <=> OLD.`value_id`) OR NOT(NEW.`store_id` <=> OLD.`store_id`) OR NOT(NEW.`entity_id` <=> OLD.`entity_id`) OR NOT(NEW.`label` <=> OLD.`label`) OR NOT(NEW.`position` <=> OLD.`position`) OR NOT(NEW.`disabled` <=> OLD.`disabled`) OR NOT(NEW.`record_id` <=> OLD.`record_id`)) THEN INSERT IGNORE INTO `scconnector_google_feed_cl` (`entity_id`) VALUES (NEW.`entity_id`); END IF;
END
$$
DELIMITER ;

-- --------------------------------------------------------

--
-- Table structure for table `catalog_product_entity_media_gallery_value_to_entity`
--

CREATE TABLE `catalog_product_entity_media_gallery_value_to_entity` (
  `value_id` int(10) UNSIGNED NOT NULL COMMENT 'Value media Entry ID',
  `entity_id` int(10) UNSIGNED NOT NULL COMMENT 'Product Entity ID'
) ENGINE=InnoDB DEFAULT CHARSET=utf8 COMMENT='Link Media value to Product entity table';

--
-- Dumping data for table `catalog_product_entity_media_gallery_value_to_entity`
--

INSERT INTO `catalog_product_entity_media_gallery_value_to_entity` (`value_id`, `entity_id`) VALUES
(2969, 1776),
(3427, 2052),
(3428, 2053),
(3429, 2053),
(3430, 2053),
(3437, 2059),
(3447, 2062),
(3448, 2062),
(3449, 2063),
(3450, 2063),
(3451, 2061),
(3452, 2061),
(3453, 2054),
(3454, 2054),
(3455, 2060),
(3456, 2060),
(3457, 2057),
(3458, 2057),
(3459, 2055),
(3460, 2055),
(3461, 2058),
(3462, 2058),
(3463, 2064),
(3464, 2064),
(3465, 2064);

-- --------------------------------------------------------

--
-- Table structure for table `catalog_product_entity_media_gallery_value_video`
--

CREATE TABLE `catalog_product_entity_media_gallery_value_video` (
  `value_id` int(10) UNSIGNED NOT NULL COMMENT 'Media Entity ID',
  `store_id` smallint(5) UNSIGNED NOT NULL DEFAULT 0 COMMENT 'Store ID',
  `provider` varchar(32) DEFAULT NULL COMMENT 'Video provider ID',
  `url` text DEFAULT NULL COMMENT 'Video URL',
  `title` varchar(255) DEFAULT NULL COMMENT 'Title',
  `description` text DEFAULT NULL COMMENT 'Page Meta Description',
  `metadata` text DEFAULT NULL COMMENT 'Video meta data'
) ENGINE=InnoDB DEFAULT CHARSET=utf8 COMMENT='Catalog Product Video Table';

-- --------------------------------------------------------

--
-- Table structure for table `catalog_product_entity_text`
--

CREATE TABLE `catalog_product_entity_text` (
  `value_id` int(11) NOT NULL COMMENT 'Value ID',
  `attribute_id` smallint(5) UNSIGNED NOT NULL DEFAULT 0 COMMENT 'Attribute ID',
  `store_id` smallint(5) UNSIGNED NOT NULL DEFAULT 0 COMMENT 'Store ID',
  `entity_id` int(10) UNSIGNED NOT NULL DEFAULT 0 COMMENT 'Entity ID',
  `value` text DEFAULT NULL COMMENT 'Value'
) ENGINE=InnoDB DEFAULT CHARSET=utf8 COMMENT='Catalog Product Text Attribute Backend Table';

--
-- Dumping data for table `catalog_product_entity_text`
--

INSERT INTO `catalog_product_entity_text` (`value_id`, `attribute_id`, `store_id`, `entity_id`, `value`) VALUES
(1790, 75, 0, 1776, '<p>You\'ve earned your figure, so stay cool and let it do all the talking in the form-fitted, sleek racerback Chloe Compete Tank. Designed for total range of motion and performance, the Nona is made with highly breathable mesh fabric.</p>\n<p>&bull; Royal blue tank top - nylon/spandex.<br />&bull; Flatlock stitching.<br />&bull; Moisture-wicking fabric. <br />&bull; Ergonomic seaming. <br />&bull; Machine wash/dry.</p>'),
(2066, 75, 0, 2052, '<p>A great short with a body-hugging design, the Erika Running Short is perfect for runners who prefer a fitted short rather than the traditional baggy variety.</p>\n<p>&bull; Seafoam pattern running shorts.<br />&bull; Elastic waistband.<br />&bull; Snug fit.<br />&bull; 4\'\' inseam.<br />&bull; 76% premium brushed Nylon / 24% Spandex.</p>'),
(2067, 75, 0, 2053, '<p>A great short with a body-hugging design, the Erika Running Short is perfect for runners who prefer a fitted short rather than the traditional baggy variety.</p>\n<p>&bull; Seafoam pattern running shorts.<br />&bull; Elastic waistband.<br />&bull; Snug fit.<br />&bull; 4\'\' inseam.<br />&bull; 76% premium brushed Nylon / 24% Spandex.</p>'),
(2068, 75, 0, 2054, 'I am trying to find a way to show specific products (that I will select from the admin area) in Homepage. I see there is a widget for products from a specific category but there is none for selecting products and showing them. I thought about creating a widget but I am not sure on how to show the products on the admin area. Could you please help me show specific products on homepage?\r\n\r\n'),
(2069, 76, 0, 2054, 'I am trying to find a way to show specific products (that I will select from the admin area) in Homepage. I see there is a \r\n\r\n'),
(2070, 85, 0, 2054, 'G clean Handwash Liquid Soap Pump 200ml   200.00 ৳ '),
(2071, 75, 0, 2055, 'I am trying to find a way to show specific products (that I will select from the admin area) in Homepage. I see there is a widget for products from a specific category but there is none for selecting products and showing them. I thought about creating a widget but I am not sure on how to show the products on the admin area. Could you please help me show specific products on homepage?\r\n\r\n'),
(2072, 76, 0, 2055, 'I am trying to find a way to show specific products (that I will select from the admin area) in Homepage. I see there is a widget for products from a specific category but there is none for selecting products and showing them. I thought about creating a widget but I am not sure on how to show the products on the admin area. Could you please help me show specific products on homepage?\r\n\r\n'),
(2073, 85, 0, 2055, 'G clean Handwash Liquid Soap Pump 200ml'),
(2075, 85, 0, 2057, 'G clean Handwash Liquid Soap Pump 200ml  '),
(2076, 75, 0, 2058, '<p>In the best formula of the Ramy brand, the new addition Ramy Spotless Fairness cream.</p>\r\n<p>Eliminates black spots and uneven colors on the face.</p>'),
(2077, 76, 0, 2058, '<p>In the best formula of the Ramy brand, the new addition Ramy Spotless Fairness cream.Eliminates black spots and uneven colors on the face.</p>'),
(2078, 85, 0, 2058, 'RAMY SPOT LESS FAIRNESS CREAM'),
(2079, 85, 0, 2059, 'RAMY MOISTURIZEING FACE WASH'),
(2080, 75, 0, 2059, '<p>Product name: Ramy Moisturizeing Face Wash : Remy Moiseschrising Faces Category: Facewas Slogan: Natural quality fountain Active ingredients of the product: orangle extract, vitamin-E, diethylene, glycerol. Produ</p>'),
(2081, 76, 0, 2059, '<p>Product name: Ramy Moisturizeing Face Wash : Remy Moiseschrising Faces Category: Facewas Slogan: Natural quality fountain Active ingredients of the product: orangle extract, vitamin-E, diethylene, glycerol. Produ</p>'),
(2082, 75, 0, 2060, '<p>Product name: Ramy Moisturizeing Face Wash : Remy Moiseschrising Faces Category: Facewas Slogan: Natural quality fountain Active ingredients of the product: orangle extract, vitamin-E, diethylene, glycerol. Produ</p>'),
(2083, 76, 0, 2060, '<p>Product name: Ramy Moisturizeing Face Wash : Remy Moiseschrising Faces Category: Facewas Slogan: Natural quality fountain Active ingredients of the product: orangle extract, vitamin-E, diethylene, glycerol. Produ</p>'),
(2084, 85, 0, 2060, ' Ramy Moisturizeing Face Wash Ornamental lemon extract made from natural'),
(2085, 85, 0, 2061, 'Ramy Spot Cleaner Cream'),
(2086, 75, 0, 2062, '<p>roduct name: Ramy Mesta Guard Category: Face Care Cream. Slogan: Increase beauty (through healing Mesta). Active ingredients of the product: Allantoin, Zinc Oxide. Product Features and Benefits: Rich in Vitamin E</p>'),
(2087, 76, 0, 2062, '<p>roduct name: Ramy Mesta Guard Category: Face Care Cream. Slogan: Increase beauty (through healing Mesta). Active ingredients of the product: Allantoin, Zinc Oxide. Product Features and Benefits: Rich in Vitamin E</p>'),
(2088, 85, 0, 2062, 'Ramy Mesta Guard'),
(2089, 75, 0, 2063, '<p>First, wash your face thoroughly with Ramy Facewash Wipe the face with a clean towel Now massage the Ramy Mesta Guard area (i.e. the surface of the Mesta ) well. Use at least 2 times a day. Do not stop using until the Mesta is removed.</p>'),
(2090, 76, 0, 2063, '<p>First, wash your face thoroughly with Ramy Facewash Wipe the face with a clean towel Now massage the Ramy Mesta Guard area (i.e. the surface of the Mesta ) well. Use at least 2 times a day. Do not stop using until the Mesta is removed.</p>'),
(2091, 85, 0, 2063, 'Ramy Mesta Guard Face'),
(2092, 85, 0, 2064, 'New Spot');

--
-- Triggers `catalog_product_entity_text`
--
DELIMITER $$
CREATE TRIGGER `trg_catalog_product_entity_text_after_delete` AFTER DELETE ON `catalog_product_entity_text` FOR EACH ROW BEGIN
INSERT IGNORE INTO `scconnector_google_feed_cl` (`entity_id`) VALUES (OLD.`entity_id`);
END
$$
DELIMITER ;
DELIMITER $$
CREATE TRIGGER `trg_catalog_product_entity_text_after_insert` AFTER INSERT ON `catalog_product_entity_text` FOR EACH ROW BEGIN
INSERT IGNORE INTO `scconnector_google_feed_cl` (`entity_id`) VALUES (NEW.`entity_id`);
END
$$
DELIMITER ;
DELIMITER $$
CREATE TRIGGER `trg_catalog_product_entity_text_after_update` AFTER UPDATE ON `catalog_product_entity_text` FOR EACH ROW BEGIN
IF (NOT(NEW.`value_id` <=> OLD.`value_id`) OR NOT(NEW.`attribute_id` <=> OLD.`attribute_id`) OR NOT(NEW.`store_id` <=> OLD.`store_id`) OR NOT(NEW.`entity_id` <=> OLD.`entity_id`) OR NOT(NEW.`value` <=> OLD.`value`)) THEN INSERT IGNORE INTO `scconnector_google_feed_cl` (`entity_id`) VALUES (NEW.`entity_id`); END IF;
END
$$
DELIMITER ;

-- --------------------------------------------------------

--
-- Table structure for table `catalog_product_entity_tier_price`
--

CREATE TABLE `catalog_product_entity_tier_price` (
  `value_id` int(11) NOT NULL COMMENT 'Value ID',
  `entity_id` int(10) UNSIGNED NOT NULL DEFAULT 0 COMMENT 'Entity ID',
  `all_groups` smallint(5) UNSIGNED NOT NULL DEFAULT 1 COMMENT 'Is Applicable To All Customer Groups',
  `customer_group_id` int(10) UNSIGNED NOT NULL DEFAULT 0 COMMENT 'Customer Group ID',
  `qty` decimal(12,4) NOT NULL DEFAULT 1.0000 COMMENT 'QTY',
  `value` decimal(20,6) NOT NULL DEFAULT 0.000000 COMMENT 'Value',
  `website_id` smallint(5) UNSIGNED NOT NULL COMMENT 'Website ID',
  `percentage_value` decimal(5,2) DEFAULT NULL COMMENT 'Percentage value'
) ENGINE=InnoDB DEFAULT CHARSET=utf8 COMMENT='Catalog Product Tier Price Attribute Backend Table';

--
-- Triggers `catalog_product_entity_tier_price`
--
DELIMITER $$
CREATE TRIGGER `trg_catalog_product_entity_tier_price_after_delete` AFTER DELETE ON `catalog_product_entity_tier_price` FOR EACH ROW BEGIN
INSERT IGNORE INTO `scconnector_google_feed_cl` (`entity_id`) VALUES (OLD.`entity_id`);
END
$$
DELIMITER ;
DELIMITER $$
CREATE TRIGGER `trg_catalog_product_entity_tier_price_after_insert` AFTER INSERT ON `catalog_product_entity_tier_price` FOR EACH ROW BEGIN
INSERT IGNORE INTO `scconnector_google_feed_cl` (`entity_id`) VALUES (NEW.`entity_id`);
END
$$
DELIMITER ;
DELIMITER $$
CREATE TRIGGER `trg_catalog_product_entity_tier_price_after_update` AFTER UPDATE ON `catalog_product_entity_tier_price` FOR EACH ROW BEGIN
IF (NOT(NEW.`value_id` <=> OLD.`value_id`) OR NOT(NEW.`entity_id` <=> OLD.`entity_id`) OR NOT(NEW.`all_groups` <=> OLD.`all_groups`) OR NOT(NEW.`customer_group_id` <=> OLD.`customer_group_id`) OR NOT(NEW.`qty` <=> OLD.`qty`) OR NOT(NEW.`value` <=> OLD.`value`) OR NOT(NEW.`website_id` <=> OLD.`website_id`) OR NOT(NEW.`percentage_value` <=> OLD.`percentage_value`)) THEN INSERT IGNORE INTO `scconnector_google_feed_cl` (`entity_id`) VALUES (NEW.`entity_id`); END IF;
END
$$
DELIMITER ;

-- --------------------------------------------------------

--
-- Table structure for table `catalog_product_entity_varchar`
--

CREATE TABLE `catalog_product_entity_varchar` (
  `value_id` int(11) NOT NULL COMMENT 'Value ID',
  `attribute_id` smallint(5) UNSIGNED NOT NULL DEFAULT 0 COMMENT 'Attribute ID',
  `store_id` smallint(5) UNSIGNED NOT NULL DEFAULT 0 COMMENT 'Store ID',
  `entity_id` int(10) UNSIGNED NOT NULL DEFAULT 0 COMMENT 'Entity ID',
  `value` varchar(255) DEFAULT NULL COMMENT 'Value'
) ENGINE=InnoDB DEFAULT CHARSET=utf8 COMMENT='Catalog Product Varchar Attribute Backend Table';

--
-- Dumping data for table `catalog_product_entity_varchar`
--

INSERT INTO `catalog_product_entity_varchar` (`value_id`, `attribute_id`, `store_id`, `entity_id`, `value`) VALUES
(13173, 106, 0, 1776, 'container2'),
(13174, 120, 0, 1776, '0'),
(13175, 123, 0, 1776, 'chloe-compete-tank-xl-yellow'),
(13176, 87, 0, 1776, '/w/t/wt06-yellow_main_1.jpg'),
(13177, 88, 0, 1776, '/w/t/wt06-yellow_main_1.jpg'),
(13178, 89, 0, 1776, '/w/t/wt06-yellow_main_1.jpg'),
(13179, 73, 0, 1776, 'Chloe Compete Tank-XL-Yellow'),
(15217, 106, 0, 2052, 'container2'),
(15218, 120, 0, 2052, '0'),
(15219, 123, 0, 2052, 'erika-running-short-32-red'),
(15220, 87, 0, 2052, '/w/s/wsh12-red_main_1.jpg'),
(15221, 88, 0, 2052, '/w/s/wsh12-red_main_1.jpg'),
(15222, 89, 0, 2052, '/w/s/wsh12-red_main_1.jpg'),
(15223, 73, 0, 2052, 'Erika Running Short-32-Red'),
(15224, 106, 0, 2053, 'container2'),
(15225, 120, 0, 2053, '0'),
(15226, 123, 0, 2053, 'erika-running-short'),
(15227, 87, 0, 2053, '/w/s/wsh12-green_main_1.jpg'),
(15228, 88, 0, 2053, '/w/s/wsh12-green_main_1.jpg'),
(15229, 89, 0, 2053, '/w/s/wsh12-green_main_1.jpg'),
(15230, 73, 0, 2053, 'Erika Running Short'),
(15231, 152, 0, 2053, '5532,5538'),
(15232, 140, 0, 2053, '5580,5465,5577'),
(15233, 156, 0, 2053, '5622'),
(15234, 157, 0, 2053, '5638,5632,5635'),
(15263, 73, 0, 2054, 'G clean Handwash Liquid Soap Pump 200ml   200.00 ৳ '),
(15264, 84, 0, 2054, 'G clean Handwash Liquid Soap Pump 200ml   200.00 ৳ '),
(15265, 86, 0, 2054, 'G clean Handwash Liquid Soap Pump 200ml   200.00 ৳  I am trying to find a way to show specific products (that I will select from the admin area) in Homepage. I see there is a widget for products from a specific category but there is none for selecting pro'),
(15266, 87, 0, 2054, '/r/u/ruchi-tomato-ketchup-.jpg'),
(15267, 88, 0, 2054, '/r/u/ruchi-tomato-ketchup-.jpg'),
(15268, 89, 0, 2054, '/r/u/ruchi-tomato-ketchup-.jpg'),
(15269, 106, 0, 2054, 'container2'),
(15270, 120, 0, 2054, '0'),
(15271, 123, 0, 2054, 'g-clean-handwash-liquid-soap-pump-200ml-200-00'),
(15272, 129, 0, 2054, '2'),
(15273, 136, 0, 2054, '/r/u/ruchi-tomato-ketchup-.jpg'),
(15278, 73, 0, 2055, 'G clean Handwash Liquid Soap Pump 200ml'),
(15279, 84, 0, 2055, 'G clean Handwash Liquid Soap Pump 200ml'),
(15280, 86, 0, 2055, 'G clean Handwash Liquid Soap Pump 200ml I am trying to find a way to show specific products (that I will select from the admin area) in Homepage. I see there is a widget for products from a specific category but there is none for selecting products and sh'),
(15281, 87, 0, 2055, '/1/3/13-dudh-500-ml-2.png'),
(15282, 88, 0, 2055, '/1/3/13-dudh-500-ml-2.png'),
(15283, 89, 0, 2055, '/1/3/13-dudh-500-ml-2.png'),
(15284, 106, 0, 2055, 'container2'),
(15285, 120, 0, 2055, '0'),
(15286, 123, 0, 2055, 'g-clean-handwash-liquid-soap-pump-200ml'),
(15287, 129, 0, 2055, '2'),
(15288, 136, 0, 2055, '/1/3/13-dudh-500-ml-2.png'),
(15316, 73, 0, 2057, 'G clean Handwash Liquidd Soap Pump 200ml  '),
(15317, 84, 0, 2057, 'G clean Handwash Liquid Soap Pump 200ml  '),
(15318, 86, 0, 2057, 'G clean Handwash Liquid Soap Pump 200ml   '),
(15319, 87, 0, 2057, '/r/o/rosmalai-600gm.png'),
(15320, 88, 0, 2057, '/r/o/rosmalai-600gm.png'),
(15321, 89, 0, 2057, '/r/o/rosmalai-600gm.png'),
(15322, 106, 0, 2057, 'container2'),
(15323, 120, 0, 2057, '0'),
(15324, 123, 0, 2057, 'g-clean-handwash-liquidd-soap-pump-200ml'),
(15325, 129, 0, 2057, '2'),
(15326, 136, 0, 2057, '/r/o/rosmalai-600gm.png'),
(15331, 73, 0, 2058, 'Face Wash Ornamental lemon extract'),
(15332, 84, 0, 2058, 'RAMY SPOT LESS FAIRNESS CREAM'),
(15333, 86, 0, 2058, 'RAMY SPOT LESS FAIRNESS CREAM In the best formula of the Ramy brand, the new addition Ramy Spotless Fairness cream.\r\nEliminates black spots and uneven colors on the face.'),
(15334, 87, 0, 2058, '/t/r/trix-dish-wash-liquid-.jpg'),
(15335, 88, 0, 2058, '/t/r/trix-dish-wash-liquid-.jpg'),
(15336, 89, 0, 2058, '/t/r/trix-dish-wash-liquid-.jpg'),
(15337, 106, 0, 2058, 'container1'),
(15338, 120, 0, 2058, '0'),
(15339, 123, 0, 2058, 'ramy-spot-less-fairness-cream'),
(15340, 129, 0, 2058, '2'),
(15341, 136, 0, 2058, '/t/r/trix-dish-wash-liquid-.jpg'),
(15346, 100, 0, 2058, '4'),
(15347, 104, 0, 2058, '1column'),
(15348, 114, 0, 2058, 'BD'),
(15349, 116, 0, 2058, '1column'),
(15358, 73, 0, 2059, 'Face Wash Ornamental lemon extract'),
(15359, 84, 0, 2059, 'RAMY MOISTURIZEING FACE WASH'),
(15360, 86, 0, 2059, 'RAMY MOISTURIZEING FACE WASH '),
(15361, 100, 0, 2059, '4'),
(15362, 104, 0, 2059, '1column'),
(15363, 106, 0, 2059, 'container1'),
(15364, 116, 0, 2059, '1column'),
(15365, 120, 0, 2059, '0'),
(15366, 123, 0, 2059, 'ramy-moisturizeing-face-wash'),
(15367, 129, 0, 2059, '2'),
(15368, 87, 0, 2059, '/v/a/vaslin.png'),
(15369, 88, 0, 2059, '/v/a/vaslin.png'),
(15370, 89, 0, 2059, '/v/a/vaslin.png'),
(15371, 114, 0, 2059, 'BD'),
(15372, 136, 0, 2059, '/v/a/vaslin.png'),
(15381, 73, 0, 2060, 'Face Wash Ornamental lemon extract'),
(15382, 84, 0, 2060, ' Ramy Moisturizeing Face Wash Ornamental lemon extract made from natural'),
(15383, 86, 0, 2060, ' Ramy Moisturizeing Face Wash Ornamental lemon extract made from natural Product name: Ramy Moisturizeing Face Wash : Remy Moiseschrising Faces Category: Facewas Slogan: Natural quality fountain Active ingredients of the product: orangle extract, vitamin-'),
(15384, 87, 0, 2060, '/d/e/dettol-handwash-liquid-soap-pump.jpeg'),
(15385, 88, 0, 2060, '/d/e/dettol-handwash-liquid-soap-pump.jpeg'),
(15386, 89, 0, 2060, '/d/e/dettol-handwash-liquid-soap-pump.jpeg'),
(15387, 100, 0, 2060, '4'),
(15388, 104, 0, 2060, '1column'),
(15389, 106, 0, 2060, 'container1'),
(15390, 114, 0, 2060, 'BD'),
(15391, 116, 0, 2060, '1column'),
(15392, 120, 0, 2060, '0'),
(15393, 123, 0, 2060, 'ramy-moisturizeing-face-wash-ornamental-lemon-extract-made-from-natural'),
(15394, 129, 0, 2060, '2'),
(15395, 136, 0, 2060, '/d/e/dettol-handwash-liquid-soap-pump.jpeg'),
(15404, 73, 0, 2061, 'Ramy Spot Cleaner Cream'),
(15405, 84, 0, 2061, 'Ramy Spot Cleaner Cream'),
(15406, 86, 0, 2061, 'Ramy Spot Cleaner Cream '),
(15407, 87, 0, 2061, '/d/e/dettol-handwash-refill-170ml.jpg'),
(15408, 88, 0, 2061, '/d/e/dettol-handwash-refill-170ml.jpg'),
(15409, 89, 0, 2061, '/d/e/dettol-handwash-refill-170ml.jpg'),
(15410, 100, 0, 2061, '4'),
(15411, 104, 0, 2061, '1column'),
(15412, 106, 0, 2061, 'container1'),
(15413, 116, 0, 2061, '1column'),
(15414, 120, 0, 2061, '0'),
(15415, 123, 0, 2061, 'ramy-spot-cleaner-cream'),
(15416, 129, 0, 2061, '2'),
(15417, 136, 0, 2061, '/d/e/dettol-handwash-refill-170ml.jpg'),
(15430, 73, 0, 2062, 'new Ramy Mesta Guards'),
(15431, 84, 0, 2062, 'Ramy Mesta Guard'),
(15432, 86, 0, 2062, 'Ramy Mesta Guard roduct name: Ramy Mesta Guard Category: Face Care Cream. Slogan: Increase beauty (through healing Mesta). Active ingredients of the product: Allantoin, Zinc Oxide. Product Features and Benefits: Rich in Vitamin E'),
(15433, 87, 0, 2062, '/d/u/dudh-500-ml.png'),
(15434, 88, 0, 2062, '/d/u/dudh-500-ml.png'),
(15435, 89, 0, 2062, '/d/u/dudh-500-ml.png'),
(15436, 100, 0, 2062, '4'),
(15437, 104, 0, 2062, '1column'),
(15438, 106, 0, 2062, 'container1'),
(15439, 116, 0, 2062, '1column'),
(15440, 120, 0, 2062, '0'),
(15441, 123, 0, 2062, 'ramy-mesta-guard'),
(15442, 129, 0, 2062, '2'),
(15443, 136, 0, 2062, 'no_selection'),
(15456, 114, 0, 2062, 'BD'),
(15461, 73, 0, 2063, 'Ramy Mesta Guard Face'),
(15462, 84, 0, 2063, 'Ramy Mesta Guard Face'),
(15463, 86, 0, 2063, 'Ramy Mesta Guard Face First, wash your face thoroughly with Ramy Facewash Wipe the face with a clean towel Now massage the Ramy Mesta Guard area (i.e. the surface of the Mesta ) well. Use at least 2 times a day. Do not stop using until the Mesta is remove'),
(15464, 87, 0, 2063, '/f/r/fresh-soya-bean-oil.png'),
(15465, 88, 0, 2063, '/f/r/fresh-soya-bean-oil.png'),
(15466, 89, 0, 2063, '/f/r/fresh-soya-bean-oil.png'),
(15467, 100, 0, 2063, '4'),
(15468, 104, 0, 2063, '1column'),
(15469, 106, 0, 2063, 'container1'),
(15470, 116, 0, 2063, '1column'),
(15471, 120, 0, 2063, '0'),
(15472, 123, 0, 2063, 'ramy-mesta-guard-face'),
(15473, 129, 0, 2063, '2'),
(15474, 136, 0, 2063, 'no_selection'),
(15475, 73, 0, 2064, 'New Spot'),
(15476, 84, 0, 2064, 'New Spot'),
(15477, 86, 0, 2064, 'New Spot '),
(15478, 87, 0, 2064, '/c/o/cold_cream-05.png'),
(15479, 88, 0, 2064, '/c/o/cold_cream-05.png'),
(15480, 89, 0, 2064, '/c/o/cold_cream-05.png'),
(15481, 104, 0, 2064, '1column'),
(15482, 106, 0, 2064, 'container2'),
(15483, 114, 0, 2064, 'BD'),
(15484, 120, 0, 2064, '0'),
(15485, 123, 0, 2064, 'new-spot'),
(15486, 129, 0, 2064, '2'),
(15487, 136, 0, 2064, '/c/o/cold_cream-05.png');

--
-- Triggers `catalog_product_entity_varchar`
--
DELIMITER $$
CREATE TRIGGER `trg_catalog_product_entity_varchar_after_delete` AFTER DELETE ON `catalog_product_entity_varchar` FOR EACH ROW BEGIN
INSERT IGNORE INTO `scconnector_google_feed_cl` (`entity_id`) VALUES (OLD.`entity_id`);
END
$$
DELIMITER ;
DELIMITER $$
CREATE TRIGGER `trg_catalog_product_entity_varchar_after_insert` AFTER INSERT ON `catalog_product_entity_varchar` FOR EACH ROW BEGIN
INSERT IGNORE INTO `scconnector_google_feed_cl` (`entity_id`) VALUES (NEW.`entity_id`);
END
$$
DELIMITER ;
DELIMITER $$
CREATE TRIGGER `trg_catalog_product_entity_varchar_after_update` AFTER UPDATE ON `catalog_product_entity_varchar` FOR EACH ROW BEGIN
IF (NOT(NEW.`value_id` <=> OLD.`value_id`) OR NOT(NEW.`attribute_id` <=> OLD.`attribute_id`) OR NOT(NEW.`store_id` <=> OLD.`store_id`) OR NOT(NEW.`entity_id` <=> OLD.`entity_id`) OR NOT(NEW.`value` <=> OLD.`value`)) THEN INSERT IGNORE INTO `scconnector_google_feed_cl` (`entity_id`) VALUES (NEW.`entity_id`); END IF;
END
$$
DELIMITER ;

-- --------------------------------------------------------

--
-- Table structure for table `catalog_product_frontend_action`
--

CREATE TABLE `catalog_product_frontend_action` (
  `action_id` bigint(20) UNSIGNED NOT NULL COMMENT 'Product Action ID',
  `type_id` varchar(64) NOT NULL COMMENT 'Type of product action',
  `visitor_id` int(10) UNSIGNED DEFAULT NULL COMMENT 'Visitor ID',
  `customer_id` int(10) UNSIGNED DEFAULT NULL COMMENT 'Customer ID',
  `product_id` int(10) UNSIGNED NOT NULL COMMENT 'Product ID',
  `added_at` bigint(20) NOT NULL COMMENT 'Added At'
) ENGINE=InnoDB DEFAULT CHARSET=utf8 COMMENT='Catalog Product Frontend Action Table';

--
-- Dumping data for table `catalog_product_frontend_action`
--

INSERT INTO `catalog_product_frontend_action` (`action_id`, `type_id`, `visitor_id`, `customer_id`, `product_id`, `added_at`) VALUES
(8, 'recently_compared_product', 45, NULL, 2062, 1623212141),
(48, 'recently_compared_product', 46, NULL, 2062, 1623212141),
(57, 'recently_viewed_product', 47, NULL, 2055, 1623220932),
(74, 'recently_viewed_product', 47, NULL, 2058, 1623220932),
(80, 'recently_viewed_product', 48, NULL, 2055, 1623220970),
(126, 'recently_viewed_product', 49, NULL, 2060, 1623208128),
(176, 'recently_viewed_product', 50, NULL, 2058, 1623220932),
(195, 'recently_viewed_product', 51, NULL, 2060, 1623208128),
(205, 'recently_compared_product', 52, NULL, 2062, 1623212141),
(206, 'recently_compared_product', 52, NULL, 2064, 1623226050),
(207, 'recently_compared_product', NULL, 14, 2062, 1623212141),
(213, 'recently_compared_product', NULL, 14, 2064, 1623757971),
(216, 'recently_viewed_product', 56, NULL, 2058, 1623220932),
(220, 'recently_compared_product', 57, NULL, 2064, 1623757971),
(223, 'recently_compared_product', 58, NULL, 2064, 1623757971),
(250, 'recently_viewed_product', 59, NULL, 2058, 1620032077),
(252, 'recently_compared_product', 60, NULL, 2064, 1623757971),
(304, 'recently_viewed_product', 61, NULL, 2058, 1620032077),
(306, 'recently_compared_product', 61, NULL, 2062, 1623845084),
(319, 'recently_viewed_product', NULL, 6, 2058, 1620032077),
(321, 'recently_compared_product', NULL, 6, 2062, 1623845084),
(323, 'recently_viewed_product', 65, NULL, 2058, 1624924800),
(329, 'recently_viewed_product', 73, NULL, 2058, 1635379200),
(335, 'recently_viewed_product', 79, NULL, 2058, 1635811200),
(336, 'recently_viewed_product', 82, NULL, 2058, 1636243200),
(337, 'recently_viewed_product', 83, NULL, 2058, 1636329600),
(339, 'recently_viewed_product', 85, NULL, 2059, 1636556896),
(341, 'recently_viewed_product', 86, NULL, 2059, 1636558245),
(345, 'recently_viewed_product', 89, NULL, 2058, 1636848000),
(346, 'recently_viewed_product', 90, NULL, 2058, 1636848000),
(350, 'recently_viewed_product', 95, NULL, 2058, 1637366400),
(353, 'recently_viewed_product', 99, NULL, 2058, 1637452800),
(355, 'recently_viewed_product', 101, NULL, 2055, 1637452800),
(357, 'recently_viewed_product', 102, NULL, 2058, 1637539200),
(359, 'recently_viewed_product', 103, NULL, 2058, 1637539200),
(363, 'recently_viewed_product', 108, NULL, 2055, 1637884800),
(364, 'recently_viewed_product', 109, NULL, 2058, 1637971200),
(366, 'recently_viewed_product', 112, NULL, 2058, 1637971200),
(373, 'recently_viewed_product', 114, NULL, 2058, 1638403200),
(376, 'recently_viewed_product', 117, NULL, 2053, 1637798400),
(379, 'recently_viewed_product', 122, NULL, 2055, 1638489600),
(380, 'recently_viewed_product', 123, NULL, 2058, 1638489600),
(381, 'recently_viewed_product', 124, NULL, 2055, 1638576000),
(382, 'recently_viewed_product', 125, NULL, 2058, 1638748800),
(384, 'recently_viewed_product', 127, NULL, 2055, 1639008000),
(385, 'recently_viewed_product', 128, NULL, 2059, 1639155999),
(387, 'recently_viewed_product', 130, NULL, 2058, 1639180800),
(389, 'recently_viewed_product', 131, NULL, 2055, 1639180800),
(390, 'recently_viewed_product', 132, NULL, 2055, 1639267200),
(396, 'recently_viewed_product', 138, NULL, 2059, 1639785095),
(397, 'recently_viewed_product', 139, NULL, 2055, 1639785600),
(401, 'recently_viewed_product', 146, NULL, 2055, 1640217600),
(404, 'recently_viewed_product', 148, NULL, 2058, 1640908800),
(405, 'recently_viewed_product', 149, NULL, 2058, 1640908800),
(414, 'recently_viewed_product', 157, NULL, 2055, 1641254400),
(415, 'recently_viewed_product', 158, NULL, 2055, 1641340800),
(417, 'recently_viewed_product', 160, NULL, 2058, 1641340800),
(419, 'recently_viewed_product', 162, NULL, 2055, 1641340800),
(433, 'recently_viewed_product', 176, NULL, 2059, 1641754479),
(435, 'recently_viewed_product', 178, NULL, 2059, 1641757653),
(436, 'recently_viewed_product', 179, NULL, 2055, 1641772800),
(437, 'recently_viewed_product', 180, NULL, 2055, 1641859200),
(443, 'recently_viewed_product', 187, NULL, 2055, 1642032000),
(446, 'recently_viewed_product', 192, NULL, 2055, 1642204800),
(448, 'recently_viewed_product', 195, NULL, 2055, 1642377600),
(449, 'recently_viewed_product', 196, NULL, 2059, 1642468043),
(453, 'recently_viewed_product', 200, NULL, 2055, 1642550400),
(456, 'recently_viewed_product', 202, NULL, 2055, 1642636800),
(462, 'recently_viewed_product', 211, NULL, 2055, 1642982400),
(464, 'recently_viewed_product', 213, NULL, 2055, 1642982400),
(465, 'recently_viewed_product', 214, NULL, 2058, 1643085899),
(469, 'recently_viewed_product', 219, NULL, 2055, 1643587200),
(476, 'recently_viewed_product', 227, NULL, 2055, 1644019200),
(481, 'recently_viewed_product', 235, NULL, 2059, 1644397556),
(482, 'recently_viewed_product', 236, NULL, 2059, 1644403193),
(484, 'recently_viewed_product', 238, NULL, 2055, 1644364800),
(494, 'recently_viewed_product', 247, NULL, 2059, 1645072835),
(500, 'recently_viewed_product', 259, NULL, 2055, 1645747200),
(502, 'recently_viewed_product', 261, NULL, 2055, 1646006400),
(507, 'recently_viewed_product', 266, NULL, 2055, 1646352000),
(511, 'recently_viewed_product', 271, NULL, 2055, 1647043200),
(512, 'recently_viewed_product', 272, NULL, 2059, 1647067384),
(513, 'recently_viewed_product', 273, NULL, 2059, 1647068283),
(515, 'recently_viewed_product', 277, NULL, 2059, 1647763086),
(519, 'recently_viewed_product', 288, NULL, 2060, 1645920000),
(520, 'recently_viewed_product', 291, NULL, 2060, 1648857600),
(524, 'recently_viewed_product', 298, NULL, 2059, 1649816444),
(525, 'recently_viewed_product', 299, NULL, 2059, 1649817340),
(529, 'recently_viewed_product', 307, NULL, 2059, 1650373676),
(534, 'recently_viewed_product', 312, NULL, 2059, 1650512602),
(541, 'recently_viewed_product', 321, NULL, 2055, 1651190400),
(547, 'recently_viewed_product', 326, NULL, 2055, 1651363200),
(548, 'recently_viewed_product', 327, NULL, 2055, 1651449600),
(563, 'recently_viewed_product', 345, NULL, 2059, 1652432001),
(565, 'recently_viewed_product', 346, NULL, 2059, 1652433351),
(576, 'recently_viewed_product', 361, NULL, 2059, 1653111997),
(577, 'recently_viewed_product', 362, NULL, 2058, 1653091200),
(588, 'recently_viewed_product', 373, NULL, 2059, 1655033902),
(589, 'recently_viewed_product', 374, NULL, 2059, 1655036602),
(591, 'recently_viewed_product', 376, NULL, 2059, 1655683200),
(595, 'recently_viewed_product', 380, NULL, 2059, 1656201600),
(606, 'recently_viewed_product', 391, NULL, 2058, 1656806400),
(611, 'recently_viewed_product', 396, NULL, 2059, 1657637460),
(612, 'recently_viewed_product', 397, NULL, 2059, 1657634049),
(616, 'recently_viewed_product', 401, NULL, 2059, 1658317836),
(619, 'recently_viewed_product', 405, NULL, 2059, 1658620800),
(621, 'recently_viewed_product', 407, NULL, 2058, 1658620800),
(627, 'recently_viewed_product', 413, NULL, 2055, 1659052800),
(629, 'recently_viewed_product', 418, NULL, 2055, 1659484800),
(630, 'recently_viewed_product', 419, NULL, 2055, 1659657600),
(635, 'recently_viewed_product', 425, NULL, 2055, 1660176000),
(637, 'recently_viewed_product', 427, NULL, 2059, 1660238237),
(638, 'recently_viewed_product', 428, NULL, 2059, 1660238790),
(642, 'recently_viewed_product', 431, NULL, 2055, 1660262400),
(651, 'recently_viewed_product', 442, NULL, 2055, 1660953600),
(665, 'recently_viewed_product', 456, NULL, 2055, 1661558400),
(689, 'recently_viewed_product', 474, NULL, 2059, 1662768000),
(691, 'recently_viewed_product', 475, NULL, 2059, 1662830193),
(692, 'recently_viewed_product', 476, NULL, 2059, 1662832893),
(705, 'recently_viewed_product', 486, NULL, 2058, 1663545600),
(720, 'recently_viewed_product', 496, NULL, 2059, 1663804800),
(723, 'recently_viewed_product', 499, NULL, 2055, 1663977600),
(728, 'recently_viewed_product', 502, NULL, 2058, 1664098667),
(740, 'recently_viewed_product', 513, NULL, 2059, 1664755200),
(742, 'recently_viewed_product', 515, NULL, 2055, 1664755200),
(750, 'recently_viewed_product', 523, NULL, 2058, 1665014400),
(751, 'recently_viewed_product', 525, NULL, 2059, 1665187200),
(755, 'recently_viewed_product', 529, NULL, 2059, 1665187200),
(763, 'recently_viewed_product', 537, NULL, 2059, 1665273600),
(764, 'recently_viewed_product', 538, NULL, 2055, 1665360000),
(767, 'recently_viewed_product', 541, NULL, 2059, 1665360000),
(769, 'recently_viewed_product', 543, NULL, 2059, 1665360000),
(772, 'recently_viewed_product', 545, NULL, 2058, 1665532800),
(774, 'recently_viewed_product', 547, NULL, 2060, 1665619200),
(776, 'recently_viewed_product', 548, NULL, 2055, 1665619200),
(779, 'recently_viewed_product', 551, NULL, 2058, 1665705600),
(784, 'recently_viewed_product', 556, NULL, 2058, 1665878400),
(787, 'recently_viewed_product', 559, NULL, 2060, 1665878400),
(790, 'recently_viewed_product', 562, NULL, 2060, 1665792000),
(791, 'recently_viewed_product', 563, NULL, 2058, 1666051200),
(792, 'recently_viewed_product', 564, NULL, 2055, 1666051200),
(793, 'recently_viewed_product', 565, NULL, 2055, 1666137600),
(798, 'recently_viewed_product', 571, NULL, 2059, 1668124800),
(799, 'recently_viewed_product', 572, NULL, 2055, 1668124800),
(804, 'recently_viewed_product', 578, NULL, 2055, 1668556800),
(805, 'recently_viewed_product', 579, NULL, 2059, 1668643200),
(807, 'recently_viewed_product', 581, NULL, 2060, 1668729600),
(809, 'recently_viewed_product', 583, NULL, 2060, 1668816000),
(817, 'recently_viewed_product', 591, NULL, 2059, 1668988800),
(820, 'recently_viewed_product', 594, NULL, 2059, 1669075200),
(824, 'recently_viewed_product', 598, NULL, 2059, 1669075200),
(828, 'recently_viewed_product', 602, NULL, 2055, 1669161600),
(829, 'recently_viewed_product', 603, NULL, 2055, 1669161600),
(837, 'recently_viewed_product', 611, NULL, 2055, 1669680000),
(838, 'recently_viewed_product', 612, NULL, 2055, 1669766400),
(839, 'recently_viewed_product', 613, NULL, 2059, 1669766400),
(840, 'recently_viewed_product', 614, NULL, 2059, 1669680000),
(841, 'recently_viewed_product', 615, NULL, 2059, 1669766400),
(843, 'recently_viewed_product', 616, NULL, 2060, 1669852800),
(846, 'recently_viewed_product', 618, NULL, 2055, 1669939200),
(852, 'recently_viewed_product', 624, NULL, 2059, 1670198400),
(853, 'recently_viewed_product', 627, NULL, 2059, 1670371200),
(859, 'recently_viewed_product', 633, NULL, 2055, 1670889600),
(867, 'recently_viewed_product', 642, NULL, 2055, 1671235200),
(870, 'recently_viewed_product', 645, NULL, 2055, 1671321600),
(871, 'recently_viewed_product', 646, NULL, 2060, 1671408000),
(876, 'recently_viewed_product', 652, NULL, 2060, 1671926400),
(878, 'recently_viewed_product', 654, NULL, 2055, 1672012800),
(885, 'recently_viewed_product', 664, NULL, 2055, 1672617600),
(893, 'recently_viewed_product', 669, NULL, 2055, 1673049600),
(901, 'recently_viewed_product', 676, NULL, 2055, 1673395200),
(904, 'recently_viewed_product', 679, NULL, 2055, 1673481600),
(907, 'recently_viewed_product', 682, NULL, 2059, 1673568000),
(908, 'recently_viewed_product', 683, NULL, 2059, 1673654400),
(909, 'recently_viewed_product', 684, NULL, 2055, 1673913600),
(917, 'recently_viewed_product', 690, NULL, 2058, 1665878400),
(921, 'recently_viewed_product', 694, NULL, 2055, 1674432000),
(922, 'recently_viewed_product', 695, NULL, 2055, 1674518400),
(923, 'recently_viewed_product', 696, NULL, 2055, 1665878400),
(930, 'recently_viewed_product', 703, NULL, 2058, 1675123200),
(935, 'recently_viewed_product', 708, NULL, 2055, 1675382400),
(938, 'recently_viewed_product', 711, NULL, 2053, 1675641600),
(941, 'recently_viewed_product', 713, NULL, 2059, 1675814400),
(950, 'recently_viewed_product', 722, NULL, 2059, 1676764800),
(963, 'recently_viewed_product', 734, NULL, 2060, 1677456000),
(966, 'recently_viewed_product', 737, NULL, 2059, 1677542400),
(970, 'recently_viewed_product', 741, NULL, 2059, 1677628800),
(978, 'recently_viewed_product', 750, NULL, 2060, 1678147200),
(979, 'recently_viewed_product', 751, NULL, 2059, 1678233600),
(985, 'recently_viewed_product', 762, NULL, 2059, 1678752000),
(986, 'recently_viewed_product', 764, NULL, 2060, 1678838400),
(988, 'recently_viewed_product', 766, NULL, 2059, 1678924800),
(989, 'recently_viewed_product', 767, NULL, 2060, 1679011200),
(991, 'recently_viewed_product', 771, NULL, 2059, 1679184000),
(997, 'recently_viewed_product', 777, NULL, 2060, 1679616000),
(999, 'recently_viewed_product', 779, NULL, 2060, 1679788800),
(1000, 'recently_viewed_product', 780, NULL, 2059, 1679788800),
(1006, 'recently_viewed_product', 786, NULL, 2058, 1679961600),
(1009, 'recently_viewed_product', 787, NULL, 2053, 1671926400),
(1011, 'recently_viewed_product', 789, NULL, 2060, 1680048000),
(1012, 'recently_viewed_product', 790, NULL, 2055, 1680048000),
(1014, 'recently_viewed_product', 791, NULL, 2053, 1674432000),
(1015, 'recently_viewed_product', 792, NULL, 2059, 1680134400),
(1019, 'recently_viewed_product', 796, NULL, 2059, 1680307200),
(1020, 'recently_viewed_product', 797, NULL, 2060, 1680307200),
(1030, 'recently_viewed_product', 806, NULL, 2059, 1680739200),
(1031, 'recently_viewed_product', 807, NULL, 2060, 1680825600),
(1039, 'recently_viewed_product', 816, NULL, 2060, 1681171200),
(1043, 'recently_viewed_product', 820, NULL, 2059, 1681452457),
(1048, 'recently_viewed_product', 825, NULL, 2058, 1681603200),
(1049, 'recently_viewed_product', 826, NULL, 2058, 1681689600),
(1058, 'recently_viewed_product', 834, NULL, 2059, 1682380800),
(1061, 'recently_viewed_product', 837, NULL, 2060, 1682380800),
(1066, 'recently_viewed_product', 842, NULL, 2059, 1682812800),
(1067, 'recently_viewed_product', 843, NULL, 2059, 1682899200),
(1069, 'recently_viewed_product', 845, NULL, 2055, 1682812800),
(1072, 'recently_viewed_product', 848, NULL, 2060, 1683417600),
(1074, 'recently_viewed_product', 850, NULL, 2060, 1683763200),
(1095, 'recently_viewed_product', 868, NULL, 2060, 1684713600),
(1100, 'recently_viewed_product', 873, NULL, 2055, 1685404800),
(1112, 'recently_viewed_product', 882, NULL, 2060, 1686182400),
(1119, 'recently_viewed_product', 888, NULL, 2058, 1686441600),
(1121, 'recently_viewed_product', 890, NULL, 2058, 1686441600),
(1122, 'recently_viewed_product', 891, NULL, 2059, 1686528000),
(1123, 'recently_viewed_product', 892, NULL, 2055, 1686614400),
(1129, 'recently_viewed_product', 898, NULL, 2055, 1687046400),
(1130, 'recently_viewed_product', 899, NULL, 2059, 1687046400),
(1139, 'recently_viewed_product', 905, NULL, 2060, 1687305600),
(1142, 'recently_viewed_product', 908, NULL, 2055, 1687392000),
(1144, 'recently_viewed_product', 910, NULL, 2059, 1687633332),
(1151, 'recently_viewed_product', 917, NULL, 2060, 1687824000),
(1227, 'recently_viewed_product', NULL, NULL, 2062, 1687897468),
(1229, 'recently_viewed_product', 919, NULL, 2059, 1687910400),
(1230, 'recently_viewed_product', 920, NULL, 2059, 1687910400),
(1231, 'recently_viewed_product', 921, NULL, 2062, 1687910400),
(1233, 'recently_viewed_product', 923, NULL, 2060, 1687996800),
(1235, 'recently_viewed_product', 925, NULL, 2055, 1687996800),
(1238, 'recently_viewed_product', 928, NULL, 2055, 1688083200),
(1241, 'recently_viewed_product', 931, NULL, 2062, 1688169600),
(1242, 'recently_viewed_product', 932, NULL, 2062, 1688169600),
(1243, 'recently_viewed_product', 933, NULL, 2062, 1688256000),
(1246, 'recently_viewed_product', 937, NULL, 2059, 1688515200),
(1248, 'recently_viewed_product', 939, NULL, 2060, 1688601600),
(1249, 'recently_viewed_product', 940, NULL, 2062, 1688601600),
(1250, 'recently_viewed_product', 941, NULL, 2062, 1688688000),
(1252, 'recently_viewed_product', 943, NULL, 2060, 1688688000),
(1254, 'recently_viewed_product', 945, NULL, 2062, 1688947200),
(1257, 'recently_viewed_product', 948, NULL, 2059, 1689060963),
(1258, 'recently_viewed_product', 949, NULL, 2060, 1689033600),
(1260, 'recently_viewed_product', 952, NULL, 2059, 1689120000),
(1264, 'recently_viewed_product', 956, NULL, 2062, 1689292800),
(1270, 'recently_viewed_product', 962, NULL, 2062, 1689552000),
(1271, 'recently_viewed_product', 964, NULL, 2055, 1689638400),
(1273, 'recently_viewed_product', 966, NULL, 2055, 1689724800),
(1281, 'recently_viewed_product', 974, NULL, 2062, 1690329600),
(1283, 'recently_viewed_product', 976, NULL, 2062, 1690403284),
(1284, 'recently_viewed_product', 977, NULL, 2060, 1690329600),
(1286, 'recently_viewed_product', 979, NULL, 2055, 1690416000),
(1294, 'recently_viewed_product', 988, NULL, 2055, 1689206400),
(1297, 'recently_viewed_product', 992, NULL, 2060, 1691052467),
(1298, 'recently_viewed_product', 993, NULL, 2060, 1691052917),
(1300, 'recently_viewed_product', 996, NULL, 2058, 1691107200),
(1301, 'recently_viewed_product', 998, NULL, 2062, 1688688000),
(1303, 'recently_viewed_product', 1002, NULL, 2062, 1691193600),
(1308, 'recently_viewed_product', 1008, NULL, 2059, 1691280000),
(1309, 'recently_viewed_product', 1009, NULL, 2059, 1691357415),
(1310, 'recently_viewed_product', 1010, NULL, 2059, 1691366400),
(1311, 'recently_viewed_product', 1011, NULL, 2059, 1690502400),
(1312, 'recently_viewed_product', 1012, NULL, 2059, 1691452800),
(1318, 'recently_viewed_product', 1018, NULL, 2055, 1691625600),
(1319, 'recently_viewed_product', 1020, NULL, 2058, 1691625600),
(1320, 'recently_viewed_product', 1021, NULL, 2062, 1691625600),
(1322, 'recently_viewed_product', 1023, NULL, 2059, 1691712000),
(1324, 'recently_viewed_product', 1025, NULL, 2058, 1691737857),
(1325, 'recently_viewed_product', 1026, NULL, 2062, 1691737865),
(1329, 'recently_viewed_product', 1031, NULL, 2058, 1691798400),
(1332, 'recently_viewed_product', 1034, NULL, 2059, 1691884800),
(1336, 'recently_viewed_product', 1042, NULL, 2055, 1692057600),
(1338, 'recently_viewed_product', 1044, NULL, 2055, 1692174576),
(1340, 'recently_viewed_product', 1046, NULL, 2060, 1692174655),
(1342, 'recently_viewed_product', 1048, NULL, 2058, 1692174701),
(1343, 'recently_viewed_product', 1049, NULL, 2062, 1692174717),
(1350, 'recently_viewed_product', 1058, NULL, 2060, 1692258921),
(1352, 'recently_viewed_product', 1060, NULL, 2058, 1692258940),
(1354, 'recently_viewed_product', 1062, NULL, 2062, 1692258951),
(1355, 'recently_viewed_product', 1067, NULL, 2059, 1692316800),
(1356, 'recently_viewed_product', 1068, NULL, 2060, 1692343473),
(1358, 'recently_viewed_product', 1070, NULL, 2058, 1692343567),
(1359, 'recently_viewed_product', 1071, NULL, 2062, 1692343589),
(1360, 'recently_viewed_product', 1072, NULL, 2059, 1692403200),
(1363, 'recently_viewed_product', 1076, NULL, 2055, 1692576000),
(1364, 'recently_viewed_product', 1077, NULL, 2059, 1692662400),
(1368, 'recently_viewed_product', 1081, NULL, 2058, 1692748800),
(1369, 'recently_viewed_product', 1082, NULL, 2060, 1692803552),
(1371, 'recently_viewed_product', 1084, NULL, 2062, 1692835200),
(1374, 'recently_viewed_product', 1088, NULL, 2055, 1693008000),
(1375, 'recently_viewed_product', 1089, NULL, 2059, 1693008000),
(1376, 'recently_viewed_product', 1090, NULL, 2055, 1693008000),
(1377, 'recently_viewed_product', 1092, NULL, 2060, 1693094400),
(1380, 'recently_viewed_product', 1095, NULL, 2055, 1693304930),
(1382, 'recently_viewed_product', 1097, NULL, 2060, 1693305170),
(1384, 'recently_viewed_product', 1099, NULL, 2058, 1693305411),
(1387, 'recently_viewed_product', 1103, NULL, 2055, 1693526400),
(1389, 'recently_viewed_product', 1106, NULL, 2062, 1693612800),
(1391, 'recently_viewed_product', 1108, NULL, 2055, 1693612800),
(1393, 'recently_viewed_product', 1114, NULL, 2059, 1693872000),
(1394, 'recently_viewed_product', 1115, NULL, 2060, 1693955815),
(1396, 'recently_viewed_product', 1117, NULL, 2062, 1693955866),
(1397, 'recently_viewed_product', 1118, NULL, 2058, 1693955914),
(1399, 'recently_viewed_product', 1120, NULL, 2060, 1693958400),
(1405, 'recently_viewed_product', 1126, NULL, 2055, 1694304000),
(1407, 'recently_viewed_product', 1129, NULL, 2058, 1694426928),
(1408, 'recently_viewed_product', 1130, NULL, 2058, 1694426954),
(1409, 'recently_viewed_product', 1131, NULL, 2058, 1694427119),
(1410, 'recently_viewed_product', 1132, NULL, 2058, 1694427543),
(1413, 'recently_viewed_product', 1133, NULL, 2058, 1694443181),
(1414, 'recently_viewed_product', 1134, NULL, 2058, 1694455188),
(1423, 'recently_viewed_product', 1136, NULL, 2058, 1694533728),
(1429, 'recently_viewed_product', 1143, NULL, 2062, 1694822400),
(1430, 'recently_viewed_product', 1144, NULL, 2060, 1694822400),
(1431, 'recently_viewed_product', 1145, NULL, 2059, 1694822400),
(1433, 'recently_viewed_product', 1147, NULL, 2055, 1694908800),
(1435, 'recently_viewed_product', 1149, NULL, 2059, 1694908800),
(1437, 'recently_viewed_product', 1152, NULL, 2059, 1695081600),
(1438, 'recently_viewed_product', 1153, NULL, 2059, 1695081600),
(1439, 'recently_viewed_product', 1154, NULL, 2058, 1695173744),
(1441, 'recently_viewed_product', 1156, NULL, 2062, 1695173825),
(1453, 'recently_viewed_product', 1164, NULL, 2060, 1695351682),
(1454, 'recently_viewed_product', 1165, NULL, 2058, 1695351733),
(1456, 'recently_viewed_product', 1167, NULL, 2062, 1695351803),
(1457, 'recently_viewed_product', 1168, NULL, 2059, 1695340800),
(1458, 'recently_viewed_product', 1169, NULL, 2059, 1695340800),
(1460, 'recently_viewed_product', 1170, NULL, 2059, 1695340800),
(1461, 'recently_viewed_product', 1171, NULL, 2055, 1695427200),
(1462, 'recently_viewed_product', 1172, NULL, 2059, 1695513600),
(1463, 'recently_viewed_product', 1173, NULL, 2059, 1695513600),
(1464, 'recently_viewed_product', 1174, NULL, 2055, 1695600000),
(1469, 'recently_viewed_product', 1181, NULL, 2062, 1695859200),
(1470, 'recently_viewed_product', 1182, NULL, 2059, 1695945600),
(1472, 'recently_viewed_product', 1184, NULL, 2059, 1696032000),
(1473, 'recently_viewed_product', 1185, NULL, 2055, 1696032000),
(1474, 'recently_viewed_product', 1186, NULL, 2055, 1696118400),
(1476, 'recently_viewed_product', 1189, NULL, 2059, 1696377600),
(1477, 'recently_viewed_product', 1192, NULL, 2059, 1696464000),
(1478, 'recently_viewed_product', 1193, NULL, 2059, 1696550400),
(1479, 'recently_viewed_product', 1194, NULL, 2059, 1696550400),
(1480, 'recently_viewed_product', 1195, NULL, 2059, 1696550400),
(1486, 'recently_viewed_product', 1200, NULL, 2059, 1696636800),
(1487, 'recently_viewed_product', 1201, NULL, 2059, 1696636800),
(1488, 'recently_viewed_product', 1203, NULL, 2059, 1696723200),
(1489, 'recently_viewed_product', 1204, NULL, 2059, 1696723200),
(1491, 'recently_viewed_product', 1206, NULL, 2059, 1696809600),
(1492, 'recently_viewed_product', 1208, NULL, 2059, 1696896000),
(1493, 'recently_viewed_product', 1209, NULL, 2062, 1696896000),
(1494, 'recently_viewed_product', 1210, NULL, 2062, 1696896000),
(1495, 'recently_viewed_product', 1211, NULL, 2062, 1696896000),
(1496, 'recently_viewed_product', 1212, NULL, 2059, 1696896000),
(1497, 'recently_viewed_product', 1213, NULL, 2059, 1696896000),
(1501, 'recently_viewed_product', 1218, NULL, 2059, 1696982400),
(1502, 'recently_viewed_product', 1219, NULL, 2059, 1696982400),
(1503, 'recently_viewed_product', 1220, NULL, 2059, 1696982400),
(1505, 'recently_viewed_product', 1222, NULL, 2059, 1697068800),
(1506, 'recently_viewed_product', 1223, NULL, 2062, 1697110357),
(1507, 'recently_viewed_product', 1224, NULL, 2059, 1697068800),
(1508, 'recently_viewed_product', 1225, NULL, 2059, 1697155200),
(1509, 'recently_viewed_product', 1226, NULL, 2059, 1697155200),
(1513, 'recently_viewed_product', 1230, NULL, 2059, 1697155200),
(1517, 'recently_viewed_product', 1234, NULL, 2059, 1697241600),
(1520, 'recently_viewed_product', 1238, NULL, 2055, 1697414400),
(1523, 'recently_viewed_product', 1241, NULL, 2059, 1697414400),
(1525, 'recently_viewed_product', 1243, NULL, 2059, 1697500800),
(1526, 'recently_viewed_product', 1244, NULL, 2059, 1697587200),
(1529, 'recently_viewed_product', 1248, NULL, 2058, 1697760000),
(1538, 'recently_viewed_product', 1258, NULL, 2059, 1697932800),
(1542, 'recently_viewed_product', 1262, NULL, 2059, 1698019200),
(1546, 'recently_viewed_product', 1266, NULL, 2059, 1698105600),
(1549, 'recently_viewed_product', 1269, NULL, 2059, 1698566776),
(1553, 'recently_viewed_product', 1273, NULL, 2055, 1698710400),
(1554, 'recently_viewed_product', 1275, NULL, 2059, 1698796800),
(1555, 'recently_viewed_product', 1276, NULL, 2059, 1698796800),
(1558, 'recently_viewed_product', 1279, NULL, 2055, 1698796800),
(1560, 'recently_viewed_product', 1281, NULL, 2055, 1698883200),
(1565, 'recently_viewed_product', 1286, NULL, 2059, 1699056000),
(1566, 'recently_viewed_product', 1287, NULL, 2059, 1699153851),
(1570, 'recently_viewed_product', 1291, NULL, 2060, 1699337000),
(1572, 'recently_viewed_product', 1293, NULL, 2058, 1699337085),
(1575, 'recently_viewed_product', 1296, NULL, 2062, 1699337181),
(1579, 'recently_viewed_product', 1305, NULL, 2059, 1699401600),
(1582, 'recently_viewed_product', 1311, NULL, 2059, 1699574400),
(1585, 'recently_viewed_product', 1320, NULL, 2062, 1700006400),
(1590, 'recently_viewed_product', 1332, NULL, 2055, 1700179200),
(1591, 'recently_viewed_product', 1333, NULL, 2059, 1700265600),
(1592, 'recently_viewed_product', 1334, NULL, 2062, 1700333463),
(1593, 'recently_viewed_product', 1335, NULL, 2059, 1700352000),
(1601, 'recently_viewed_product', 1349, NULL, 2062, 1700799357),
(1602, 'recently_viewed_product', 1350, NULL, 2059, 1700870400),
(1603, 'recently_viewed_product', 1351, NULL, 2059, 1700870400),
(1606, 'recently_viewed_product', 1354, NULL, 2055, 1700956800),
(1607, 'recently_viewed_product', 1355, NULL, 2053, 1700956800),
(1608, 'recently_viewed_product', 1356, NULL, 2059, 1700956800),
(1610, 'recently_viewed_product', 1360, NULL, 2060, 1701043200),
(1612, 'recently_viewed_product', 1361, NULL, 2062, 1701043200),
(1613, 'recently_viewed_product', 1362, NULL, 2060, 1701103458),
(1614, 'recently_viewed_product', 1363, NULL, 2060, 1701125417),
(1620, 'recently_viewed_product', 1369, NULL, 2055, 1701216000),
(1621, 'recently_viewed_product', 1370, NULL, 2060, 1701239658),
(1622, 'recently_viewed_product', 1371, NULL, 2053, 1701216000),
(1623, 'recently_viewed_product', 1372, NULL, 2053, 1701302400),
(1624, 'recently_viewed_product', 1373, NULL, 2053, 1701302400),
(1627, 'recently_viewed_product', 1377, NULL, 2059, 1701388800),
(1629, 'recently_viewed_product', 1379, NULL, 2060, 1701420453),
(1630, 'recently_viewed_product', 1380, NULL, 2060, 1701388800),
(1631, 'recently_viewed_product', 1381, NULL, 2053, 1701388800),
(1633, 'recently_viewed_product', 1382, NULL, 2060, 1701492743),
(1634, 'recently_viewed_product', 1383, NULL, 2053, 1701475200),
(1635, 'recently_viewed_product', 1385, NULL, 2059, 1701475200),
(1637, 'recently_viewed_product', 1387, NULL, 2055, 1701475200),
(1638, 'recently_viewed_product', 1388, NULL, 2055, 1701561600),
(1640, 'recently_viewed_product', 1390, NULL, 2059, 1701561600),
(1644, 'recently_viewed_product', 1394, NULL, 2059, 1701648000),
(1646, 'recently_viewed_product', 1396, NULL, 2059, 1701734400),
(1647, 'recently_viewed_product', 1397, NULL, 2059, 1701734400),
(1648, 'recently_viewed_product', 1398, NULL, 2055, 1701734400),
(1649, 'recently_viewed_product', 1399, NULL, 2055, 1701734400),
(1652, 'recently_viewed_product', 1402, NULL, 2060, 1701819700),
(1653, 'recently_viewed_product', 1403, NULL, 2058, 1701819747),
(1657, 'recently_viewed_product', 1407, NULL, 2060, 1701820800),
(1658, 'recently_viewed_product', 1408, NULL, 2060, 1701820800),
(1659, 'recently_viewed_product', 1409, NULL, 2059, 1701907200),
(1661, 'recently_viewed_product', 1411, NULL, 2055, 1701907200),
(1662, 'recently_viewed_product', 1413, NULL, 2060, 1701950165),
(1664, 'recently_viewed_product', 1415, NULL, 2060, 1701975244),
(1665, 'recently_viewed_product', 1416, NULL, 2059, 1701993600),
(1671, 'recently_viewed_product', 1423, NULL, 2059, 1702080000),
(1672, 'recently_viewed_product', 1424, NULL, 2059, 1702166400),
(1673, 'recently_viewed_product', 1426, NULL, 2058, 1702166400),
(1676, 'recently_viewed_product', 1429, NULL, 2062, 1702252800),
(1677, 'recently_viewed_product', 1430, NULL, 2060, 1702296108),
(1678, 'recently_viewed_product', 1431, NULL, 2060, 1702297457),
(1679, 'recently_viewed_product', 1432, NULL, 2055, 1702252800),
(1681, 'recently_viewed_product', 1434, NULL, 2062, 1702353495),
(1684, 'recently_viewed_product', 1437, NULL, 2059, 1702339200),
(1686, 'recently_viewed_product', 1439, NULL, 2053, 1702339200),
(1688, 'recently_viewed_product', 1441, NULL, 2059, 1702425600),
(1690, 'recently_viewed_product', 1443, NULL, 2053, 1702425600),
(1694, 'recently_viewed_product', 1447, NULL, 2053, 1702425600),
(1696, 'recently_viewed_product', 1450, NULL, 2060, 1702425600),
(1699, 'recently_viewed_product', 1453, NULL, 2053, 1702512000),
(1702, 'recently_viewed_product', 1456, NULL, 2060, 1702512000),
(1707, 'recently_viewed_product', 1462, NULL, 2053, 1702512000),
(1713, 'recently_viewed_product', 1467, NULL, 2053, 1702598400),
(1714, 'recently_viewed_product', 1468, NULL, 2055, 1702598400),
(1718, 'recently_viewed_product', 1472, NULL, 2060, 1702598400),
(1719, 'recently_viewed_product', 1473, NULL, 2055, 1702598400),
(1720, 'recently_viewed_product', 1474, NULL, 2055, 1702598400),
(1723, 'recently_viewed_product', 1477, NULL, 2053, 1702598400),
(1728, 'recently_viewed_product', 1483, NULL, 2055, 1702684800),
(1729, 'recently_viewed_product', 1484, NULL, 2053, 1702684800),
(1738, 'recently_viewed_product', 1492, NULL, 2053, 1702684800),
(1740, 'recently_viewed_product', 1494, NULL, 2055, 1702771200),
(1742, 'recently_viewed_product', 1496, NULL, 2058, 1702771200),
(1743, 'recently_viewed_product', 1497, NULL, 2055, 1702771200),
(1744, 'recently_viewed_product', 1498, NULL, 2055, 1702771200),
(1745, 'recently_viewed_product', 1499, NULL, 2053, 1702771200),
(1748, 'recently_viewed_product', 1502, NULL, 2058, 1702771200),
(1749, 'recently_viewed_product', 1503, NULL, 2053, 1702771200),
(1750, 'recently_viewed_product', 1504, NULL, 2059, 1702771200),
(1751, 'recently_viewed_product', 1505, NULL, 2060, 1702837083),
(1756, 'recently_viewed_product', NULL, NULL, 2061, 1702911335),
(1759, 'recently_viewed_product', 1511, NULL, 2059, 1702944000),
(1760, 'recently_viewed_product', 1512, NULL, 2059, 1702944000),
(1761, 'recently_viewed_product', 1513, NULL, 2053, 1702944000),
(1765, 'recently_viewed_product', 1517, NULL, 2060, 1702944000),
(1771, 'recently_viewed_product', 1521, NULL, 2060, 1702944000),
(1772, 'recently_viewed_product', 1522, NULL, 2053, 1702944000),
(1773, 'recently_viewed_product', 1523, NULL, 2058, 1702944000),
(1775, 'recently_viewed_product', 1525, NULL, 2059, 1702944000),
(1777, 'recently_viewed_product', 1527, NULL, 2061, 1702944000),
(1780, 'recently_viewed_product', 1530, NULL, 2059, 1703044313),
(1782, 'recently_viewed_product', 1532, NULL, 2053, 1703030400),
(1787, 'recently_viewed_product', 1538, NULL, 2062, 1702771200),
(1789, 'recently_viewed_product', 1540, NULL, 2053, 1703116800),
(1790, 'recently_viewed_product', 1541, NULL, 2059, 1703116800),
(1793, 'recently_viewed_product', 1544, NULL, 2053, 1703116800),
(1794, 'recently_viewed_product', 1545, NULL, 2059, 1703116800),
(1797, 'recently_viewed_product', 1548, NULL, 2059, 1703218297),
(1798, 'recently_viewed_product', 1549, NULL, 2053, 1703203200),
(1799, 'recently_viewed_product', 1550, NULL, 2055, 1703203200),
(1802, 'recently_viewed_product', 1553, NULL, 2053, 1703203200),
(1803, 'recently_viewed_product', 1554, NULL, 2055, 1703203200),
(1804, 'recently_viewed_product', 1555, NULL, 2061, 1703265452),
(1805, 'recently_viewed_product', 1556, NULL, 2061, 1703265452),
(1806, 'recently_viewed_product', 1557, NULL, 2060, 1703203200),
(1807, 'recently_viewed_product', 1558, NULL, 2055, 1703203200),
(1808, 'recently_viewed_product', 1559, NULL, 2055, 1703289600),
(1811, 'recently_viewed_product', 1562, NULL, 2053, 1703289600),
(1812, 'recently_viewed_product', 1563, NULL, 2060, 1703203200),
(1814, 'recently_viewed_product', 1565, NULL, 2053, 1703289600),
(1818, 'recently_viewed_product', 1569, NULL, 2060, 1703376000),
(1821, 'recently_viewed_product', 1572, NULL, 2060, 1703376000),
(1822, 'recently_viewed_product', 1573, NULL, 2060, 1703376000),
(1823, 'recently_viewed_product', 1574, NULL, 2053, 1703376000),
(1825, 'recently_viewed_product', 1576, NULL, 2062, 1703376000),
(1826, 'recently_viewed_product', 1577, NULL, 2053, 1703376000),
(1829, 'recently_viewed_product', 1580, NULL, 2053, 1703462400),
(1832, 'recently_viewed_product', 1583, NULL, 2060, 1703462400),
(1833, 'recently_viewed_product', 1584, NULL, 2053, 1703462400),
(1836, 'recently_viewed_product', 1587, NULL, 2053, 1703548800),
(1838, 'recently_viewed_product', 1589, NULL, 2053, 1703548800),
(1839, 'recently_viewed_product', 1590, NULL, 2059, 1703635200),
(1840, 'recently_viewed_product', 1591, NULL, 2055, 1703635200),
(1842, 'recently_viewed_product', 1593, NULL, 2055, 1703635200),
(1843, 'recently_viewed_product', 1594, NULL, 2053, 1703635200),
(1844, 'recently_viewed_product', 1595, NULL, 2053, 1703635200),
(1845, 'recently_viewed_product', 1596, NULL, 2055, 1703635200),
(1846, 'recently_viewed_product', 1597, NULL, 2061, 1703635200),
(1848, 'recently_viewed_product', 1599, NULL, 2053, 1703721600),
(1849, 'recently_viewed_product', 1600, NULL, 2053, 1703808000),
(1852, 'recently_viewed_product', 1603, NULL, 2053, 1703894400),
(1854, 'recently_viewed_product', 1605, NULL, 2062, 1703894400),
(1856, 'recently_viewed_product', 1608, NULL, 2060, 1704027425),
(1857, 'recently_viewed_product', 1610, NULL, 2053, 1703980800),
(1859, 'recently_viewed_product', 1617, NULL, 2055, 1703980800),
(1860, 'recently_viewed_product', 1618, NULL, 2059, 1704067200),
(1861, 'recently_viewed_product', 1619, NULL, 2058, 1704067200),
(1862, 'recently_viewed_product', 1620, NULL, 2055, 1704067200),
(1863, 'recently_viewed_product', 1621, NULL, 2053, 1704067200),
(1866, 'recently_viewed_product', 1625, NULL, 2053, 1704153600),
(1869, 'recently_viewed_product', 1628, NULL, 2055, 1704153600),
(1870, 'recently_viewed_product', 1629, NULL, 2055, 1704153600),
(1872, 'recently_viewed_product', 1631, NULL, 2055, 1704153600),
(1874, 'recently_viewed_product', 1633, NULL, 2053, 1704153600),
(1876, 'recently_viewed_product', 1635, NULL, 2060, 1704229524),
(1878, 'recently_viewed_product', 1637, NULL, 2055, 1704240000),
(1880, 'recently_viewed_product', 1640, NULL, 2053, 1704240000),
(1881, 'recently_viewed_product', 1641, NULL, 2055, 1704326400),
(1882, 'recently_viewed_product', 1642, NULL, 2053, 1704326400),
(1887, 'recently_viewed_product', 1647, NULL, 2053, 1704326400),
(1889, 'recently_viewed_product', 1649, NULL, 2053, 1704412800),
(1891, 'recently_viewed_product', 1651, NULL, 2060, 1704412800),
(1892, 'recently_viewed_product', 1652, NULL, 2053, 1704412800),
(1895, 'recently_viewed_product', 1655, NULL, 2061, 1704499200),
(1896, 'recently_viewed_product', 1656, NULL, 2053, 1704499200),
(1897, 'recently_viewed_product', 1661, NULL, 2060, 1704499200),
(1898, 'recently_viewed_product', 1662, NULL, 2053, 1704499200),
(1900, 'recently_viewed_product', 1664, NULL, 2061, 1704499200),
(1902, 'recently_viewed_product', 1666, NULL, 2053, 1704585600),
(1903, 'recently_viewed_product', 1667, NULL, 2059, 1704585600),
(1905, 'recently_viewed_product', 1669, NULL, 2053, 1704585600),
(1906, 'recently_viewed_product', 1670, NULL, 2059, 1704585600),
(1907, 'recently_viewed_product', 1671, NULL, 2055, 1704672000),
(1908, 'recently_viewed_product', 1672, NULL, 2055, 1704672000),
(1909, 'recently_viewed_product', 1673, NULL, 2053, 1704672000),
(1911, 'recently_viewed_product', 1675, NULL, 2053, 1704672000),
(1912, 'recently_viewed_product', 1676, NULL, 2055, 1704672000),
(1915, 'recently_viewed_product', 1679, NULL, 2053, 1704758400),
(1916, 'recently_viewed_product', 1680, NULL, 2055, 1704758400),
(1921, 'recently_viewed_product', 1685, NULL, 2055, 1704758400),
(1922, 'recently_viewed_product', 1686, NULL, 2053, 1704758400),
(1923, 'recently_viewed_product', 1687, NULL, 2062, 1704844800),
(1924, 'recently_viewed_product', 1688, NULL, 2061, 1704844800),
(1925, 'recently_viewed_product', 1689, NULL, 2061, 1704844800),
(1926, 'recently_viewed_product', 1690, NULL, 2061, 1704844800),
(1928, 'recently_viewed_product', 1692, NULL, 2053, 1704931200),
(1930, 'recently_viewed_product', 1694, NULL, 2061, 1704931200),
(1931, 'recently_viewed_product', 1695, NULL, 2059, 1704931200),
(1932, 'recently_viewed_product', 1696, NULL, 2059, 1705017600),
(1935, 'recently_viewed_product', 1699, NULL, 2059, 1705017600),
(1936, 'recently_viewed_product', 1700, NULL, 2055, 1705017600),
(1937, 'recently_viewed_product', 1701, NULL, 2053, 1705017600),
(1938, 'recently_viewed_product', 1702, NULL, 2055, 1705017600),
(1939, 'recently_viewed_product', 1703, NULL, 2055, 1705104000),
(1940, 'recently_viewed_product', 1704, NULL, 2060, 1705122190),
(1943, 'recently_viewed_product', 1712, NULL, 2059, 1705190400),
(1944, 'recently_viewed_product', 1713, NULL, 2055, 1705190400),
(1945, 'recently_viewed_product', 1714, NULL, 2059, 1705190400),
(1947, 'recently_viewed_product', 1716, NULL, 2061, 1705276800),
(1948, 'recently_viewed_product', 1717, NULL, 2055, 1705276800),
(1949, 'recently_viewed_product', 1718, NULL, 2053, 1705276800),
(1950, 'recently_viewed_product', 1719, NULL, 2055, 1705276800),
(1951, 'recently_viewed_product', 1720, NULL, 2061, 1705276800),
(1953, 'recently_viewed_product', 1722, NULL, 2059, 1705363200),
(1954, 'recently_viewed_product', 1723, NULL, 2058, 1705363200),
(1955, 'recently_viewed_product', 1724, NULL, 2061, 1705363200),
(1956, 'recently_viewed_product', 1725, NULL, 2060, 1705434799),
(1957, 'recently_viewed_product', 1726, NULL, 2062, 1705449600),
(1958, 'recently_viewed_product', 1727, NULL, 2059, 1705449600),
(1959, 'recently_viewed_product', 1728, NULL, 2059, 1705449600),
(1962, 'recently_viewed_product', 1731, NULL, 2059, 1705536000),
(1965, 'recently_viewed_product', 1734, NULL, 2059, 1705622400),
(1966, 'recently_viewed_product', 1735, NULL, 2053, 1705622400),
(1970, 'recently_viewed_product', 1739, NULL, 2059, 1705622400),
(1971, 'recently_viewed_product', 1740, NULL, 2061, 1705622400),
(1972, 'recently_viewed_product', 1741, NULL, 2053, 1705622400),
(1973, 'recently_viewed_product', 1742, NULL, 2055, 1705708800),
(1974, 'recently_viewed_product', 1743, NULL, 2060, 1705708800),
(1975, 'recently_viewed_product', 1744, NULL, 2061, 1705708800),
(1976, 'recently_viewed_product', 1745, NULL, 2055, 1705708800),
(1979, 'recently_viewed_product', 1748, NULL, 2059, 1705708800),
(1980, 'recently_viewed_product', 1749, NULL, 2059, 1705708800),
(1981, 'recently_viewed_product', 1750, NULL, 2053, 1705708800),
(1984, 'recently_viewed_product', 1753, NULL, 2053, 1705708800),
(1986, 'recently_viewed_product', 1755, NULL, 2055, 1705795200),
(1989, 'recently_viewed_product', 1758, NULL, 2053, 1705795200),
(1991, 'recently_viewed_product', 1760, NULL, 2055, 1705795200),
(1992, 'recently_viewed_product', 1761, NULL, 2053, 1705795200),
(1995, 'recently_viewed_product', 1764, NULL, 2053, 1705881600),
(1999, 'recently_viewed_product', 1767, NULL, 2059, 1705914642),
(2000, 'recently_viewed_product', 1768, NULL, 2053, 1705881600),
(2001, 'recently_viewed_product', 1769, NULL, 2059, 1705881600),
(2004, 'recently_viewed_product', 1772, NULL, 2062, 1705881600),
(2008, 'recently_viewed_product', 1776, NULL, 2053, 1705968000),
(2011, 'recently_viewed_product', 1779, NULL, 2061, 1705968000),
(2015, 'recently_viewed_product', 1783, NULL, 2061, 1706054400),
(2017, 'recently_viewed_product', 1785, NULL, 2053, 1706054400),
(2020, 'recently_viewed_product', 1788, NULL, 2053, 1706140800),
(2021, 'recently_viewed_product', 1789, NULL, 2060, 1706210292),
(2022, 'recently_viewed_product', 1791, NULL, 2053, 1706140800),
(2024, 'recently_viewed_product', 1793, NULL, 2055, 1706227200),
(2025, 'recently_viewed_product', 1792, NULL, 2061, 1706227200),
(2030, 'recently_viewed_product', 1798, NULL, 2053, 1706227200),
(2034, 'recently_viewed_product', 1802, NULL, 2061, 1706227200),
(2035, 'recently_viewed_product', 1803, NULL, 2055, 1706227200),
(2037, 'recently_viewed_product', 1805, NULL, 2053, 1706227200),
(2038, 'recently_viewed_product', 1806, NULL, 2061, 1706227200),
(2039, 'recently_viewed_product', 1807, NULL, 2061, 1706313600),
(2040, 'recently_viewed_product', 1808, NULL, 2061, 1706313600),
(2043, 'recently_viewed_product', 1812, NULL, 2059, 1706313600),
(2047, 'recently_viewed_product', 1816, NULL, 2055, 1706400000),
(2048, 'recently_viewed_product', 1817, NULL, 2059, 1706400000),
(2052, 'recently_viewed_product', 1821, NULL, 2053, 1706400000),
(2054, 'recently_viewed_product', 1823, NULL, 2055, 1706400000),
(2056, 'recently_viewed_product', 1825, NULL, 2053, 1706400000),
(2057, 'recently_viewed_product', 1826, NULL, 2059, 1706400000),
(2059, 'recently_viewed_product', 1828, NULL, 2059, 1706486400),
(2060, 'recently_viewed_product', 1829, NULL, 2059, 1706486400),
(2062, 'recently_viewed_product', 1831, NULL, 2053, 1706486400),
(2064, 'recently_viewed_product', 1833, NULL, 2061, 1706486400),
(2066, 'recently_viewed_product', 1835, NULL, 2055, 1706486400),
(2067, 'recently_viewed_product', 1836, NULL, 2059, 1706486400),
(2070, 'recently_viewed_product', 1839, NULL, 2053, 1706486400),
(2071, 'recently_viewed_product', 1840, NULL, 2061, 1706486400),
(2072, 'recently_viewed_product', 1841, NULL, 2060, 1706576696),
(2073, 'recently_viewed_product', 1842, NULL, 2059, 1706572800),
(2075, 'recently_viewed_product', 1844, NULL, 2060, 1706572800),
(2078, 'recently_viewed_product', 1847, NULL, 2055, 1706572800),
(2079, 'recently_viewed_product', 1848, NULL, 2061, 1706572800),
(2080, 'recently_viewed_product', 1849, NULL, 2061, 1706624140),
(2081, 'recently_viewed_product', 1850, NULL, 2061, 1706623039),
(2082, 'recently_viewed_product', 1851, NULL, 2060, 1706572800),
(2085, 'recently_viewed_product', 1853, NULL, 2059, 1706572800),
(2087, 'recently_viewed_product', 1855, NULL, 2055, 1706572800),
(2088, 'recently_viewed_product', 1856, NULL, 2061, 1706659200),
(2089, 'recently_viewed_product', 1857, NULL, 2060, 1706672299),
(2090, 'recently_viewed_product', 1858, NULL, 2055, 1706659200),
(2091, 'recently_viewed_product', 1859, NULL, 2059, 1706659200),
(2093, 'recently_viewed_product', 1861, NULL, 2060, 1706659200),
(2094, 'recently_viewed_product', 1862, NULL, 2055, 1706659200),
(2096, 'recently_viewed_product', 1864, NULL, 2061, 1706745600),
(2098, 'recently_viewed_product', 1866, NULL, 2053, 1706832000),
(2100, 'recently_viewed_product', 1869, NULL, 2061, 1706832000),
(2101, 'recently_viewed_product', 1870, NULL, 2061, 1706745600),
(2103, 'recently_viewed_product', 1873, NULL, 2061, 1706832000),
(2105, 'recently_viewed_product', 1875, NULL, 2061, 1706832000),
(2106, 'recently_viewed_product', 1876, NULL, 2053, 1706832000),
(2107, 'recently_viewed_product', 1877, NULL, 2062, 1706918400),
(2109, 'recently_viewed_product', 1880, NULL, 2059, 1706924109),
(2111, 'recently_viewed_product', 1882, NULL, 2053, 1706918400),
(2114, 'recently_viewed_product', 1886, NULL, 2059, 1706918400),
(2115, 'recently_viewed_product', 1887, NULL, 2053, 1706918400),
(2117, 'recently_viewed_product', 1889, NULL, 2059, 1707004800),
(2118, 'recently_viewed_product', 1890, NULL, 2061, 1707004800),
(2119, 'recently_viewed_product', 1891, NULL, 2060, 1707020371),
(2121, 'recently_viewed_product', 1893, NULL, 2053, 1707004800),
(2122, 'recently_viewed_product', 1894, NULL, 2055, 1707004800),
(2123, 'recently_viewed_product', 1895, NULL, 2055, 1707004800),
(2125, 'recently_viewed_product', 1897, NULL, 2053, 1707004800),
(2126, 'recently_viewed_product', 1898, NULL, 2059, 1707004800),
(2127, 'recently_viewed_product', 1899, NULL, 2055, 1707004800),
(2128, 'recently_viewed_product', 1900, NULL, 2058, 1707091200),
(2129, 'recently_viewed_product', 1902, NULL, 2059, 1707106884),
(2130, 'recently_viewed_product', 1903, NULL, 2059, 1707091200),
(2131, 'recently_viewed_product', 1904, NULL, 2053, 1707091200),
(2133, 'recently_viewed_product', 1905, NULL, 2055, 1707091200),
(2134, 'recently_viewed_product', 1906, NULL, 2059, 1707091200),
(2135, 'recently_viewed_product', 1907, NULL, 2055, 1707091200),
(2136, 'recently_viewed_product', 1908, NULL, 2053, 1707091200),
(2137, 'recently_viewed_product', 1909, NULL, 2059, 1707177600),
(2139, 'recently_viewed_product', 1911, NULL, 2053, 1707177600),
(2141, 'recently_viewed_product', 1913, NULL, 2053, 1707177600),
(2144, 'recently_viewed_product', 1916, NULL, 2053, 1707264000),
(2147, 'recently_viewed_product', 1919, NULL, 2053, 1707264000),
(2148, 'recently_viewed_product', 1920, NULL, 2053, 1707350400),
(2149, 'recently_viewed_product', 1921, NULL, 2059, 1707374647),
(2155, 'recently_viewed_product', 1927, NULL, 2060, 1707419615),
(2156, 'recently_viewed_product', 1928, NULL, 2053, 1707350400),
(2159, 'recently_viewed_product', 1931, NULL, 2053, 1707436800),
(2162, 'recently_viewed_product', 1934, NULL, 2053, 1707436800),
(2164, 'recently_viewed_product', 1936, NULL, 2053, 1707523200),
(2166, 'recently_viewed_product', 1938, NULL, 2060, 1707523200),
(2167, 'recently_viewed_product', 1939, NULL, 2053, 1707523200),
(2168, 'recently_viewed_product', 1940, NULL, 2060, 1707571243),
(2172, 'recently_viewed_product', 1942, NULL, 2059, 1707523200),
(2174, 'recently_viewed_product', 1944, NULL, 2059, 1707523200),
(2176, 'recently_viewed_product', 1946, NULL, 2053, 1707609600),
(2177, 'recently_viewed_product', 1947, NULL, 2059, 1707609600),
(2180, 'recently_viewed_product', 1950, NULL, 2053, 1707609600),
(2185, 'recently_viewed_product', 1955, NULL, 2059, 1707696000),
(2187, 'recently_viewed_product', 1957, NULL, 2053, 1707696000),
(2188, 'recently_viewed_product', 1958, NULL, 2053, 1707696000),
(2192, 'recently_viewed_product', 1962, NULL, 2053, 1707782400),
(2196, 'recently_viewed_product', 1966, NULL, 2060, 1707868800),
(2210, 'recently_viewed_product', 1969, NULL, 2053, 1707868800),
(2319, 'recently_viewed_product', 1968, NULL, 2058, 1707899056),
(2320, 'recently_viewed_product', 1968, NULL, 2061, 1707899073),
(2321, 'recently_viewed_product', 1968, NULL, 2059, 1707899094),
(2322, 'recently_viewed_product', 1968, NULL, 2060, 1707899121),
(2323, 'recently_viewed_product', 1968, NULL, 2062, 1707899130),
(2326, 'recently_viewed_product', 1968, NULL, 2055, 1707899199),
(2329, 'recently_viewed_product', 1971, NULL, 2053, 1707909686),
(2331, 'recently_viewed_product', 1973, NULL, 2062, 1707868800),
(2333, 'recently_viewed_product', 1975, NULL, 2053, 1707868800),
(2336, 'recently_viewed_product', 1978, NULL, 2061, 1707955200),
(2339, 'recently_viewed_product', 1981, NULL, 2053, 1707955200),
(2342, 'recently_viewed_product', 1984, NULL, 2053, 1707955200),
(2346, 'recently_viewed_product', 1988, NULL, 2053, 1708041600),
(2349, 'recently_viewed_product', 1991, NULL, 2053, 1708041600),
(2353, 'recently_viewed_product', 1996, NULL, 2053, 1708128000),
(2356, 'recently_viewed_product', 1999, NULL, 2053, 1708128000),
(2359, 'recently_viewed_product', 2002, NULL, 2059, 1708255525),
(2360, 'recently_viewed_product', 2003, NULL, 2053, 1708214400),
(2361, 'recently_viewed_product', 2004, NULL, 2055, 1708214400),
(2362, 'recently_viewed_product', 2005, NULL, 2053, 1708214400),
(2366, 'recently_viewed_product', 2009, NULL, 2053, 1708300800),
(2368, 'recently_viewed_product', 2011, NULL, 2053, 1708300800),
(2371, 'recently_viewed_product', 2014, NULL, 2053, 1708387200),
(2373, 'recently_viewed_product', 2016, NULL, 2053, 1708387200),
(2375, 'recently_viewed_product', 2018, NULL, 2053, 1708473600),
(2376, 'recently_viewed_product', 2019, NULL, 2053, 1708473600),
(2378, 'recently_viewed_product', 2021, NULL, 2053, 1708560000),
(2379, 'recently_viewed_product', 2022, NULL, 2059, 1708560000),
(2382, 'recently_viewed_product', 2025, NULL, 2053, 1708560000),
(2385, 'recently_viewed_product', 2028, NULL, 2053, 1708646400),
(2390, 'recently_viewed_product', 2032, NULL, 2053, 1708646400),
(2393, 'recently_viewed_product', 2035, NULL, 2053, 1708732800),
(2395, 'recently_viewed_product', 2037, NULL, 2061, 1708732800),
(2396, 'recently_viewed_product', 2038, NULL, 2053, 1708732800),
(2399, 'recently_viewed_product', 2042, NULL, 2061, 1708819200),
(2400, 'recently_viewed_product', 2043, NULL, 2053, 1708819200),
(2402, 'recently_viewed_product', 2045, NULL, 2053, 1708819200),
(2404, 'recently_viewed_product', 2047, NULL, 2053, 1708905600),
(2406, 'recently_viewed_product', 2049, NULL, 2060, 1708905600),
(2409, 'recently_viewed_product', 2052, NULL, 2062, 1708992000),
(2410, 'recently_viewed_product', 2053, NULL, 2058, 1708992000),
(2414, 'recently_viewed_product', 2058, NULL, 2053, 1709078400),
(2417, 'recently_viewed_product', 2061, NULL, 2053, 1709164800),
(2420, 'recently_viewed_product', 2064, NULL, 2053, 1709164800),
(2423, 'recently_viewed_product', 2067, NULL, 2053, 1709251200),
(2426, 'recently_viewed_product', 2070, NULL, 2053, 1709251200),
(2431, 'recently_viewed_product', 2075, NULL, 2053, 1709337600),
(2434, 'recently_viewed_product', 2078, NULL, 2053, 1709424000),
(2436, 'recently_viewed_product', 2080, NULL, 2055, 1709424000),
(2437, 'recently_viewed_product', 2081, NULL, 2053, 1709424000),
(2441, 'recently_viewed_product', 2085, NULL, 2053, 1709510400),
(2443, 'recently_viewed_product', 2087, NULL, 2053, 1709510400),
(2448, 'recently_viewed_product', 2092, NULL, 2059, 1709596800),
(2449, 'recently_viewed_product', 2093, NULL, 2053, 1709596800),
(2451, 'recently_viewed_product', 2095, NULL, 2053, 1709596800),
(2458, 'recently_viewed_product', 2103, NULL, 2061, 1709769600),
(2466, 'recently_viewed_product', 2111, NULL, 2053, 1709856000),
(2467, 'recently_viewed_product', 2112, NULL, 2060, 1709942400),
(2470, 'recently_viewed_product', 2115, NULL, 2053, 1709942400),
(2473, 'recently_viewed_product', 2118, NULL, 2062, 1710028800),
(2475, 'recently_viewed_product', 2120, NULL, 2053, 1710028800),
(2478, 'recently_viewed_product', 2123, NULL, 2061, 1710115200),
(2480, 'recently_viewed_product', 2125, NULL, 2053, 1710115200),
(2482, 'recently_viewed_product', 2127, NULL, 2053, 1710115200),
(2485, 'recently_viewed_product', 2130, NULL, 2061, 1710201600),
(2486, 'recently_viewed_product', 2131, NULL, 2053, 1710201600),
(2492, 'recently_viewed_product', 2138, NULL, 2053, 1710374400),
(2493, 'recently_viewed_product', 2139, NULL, 2061, 1710374400),
(2497, 'recently_viewed_product', 2143, NULL, 2061, 1710460800),
(2500, 'recently_viewed_product', 2146, NULL, 2053, 1710460800),
(2501, 'recently_viewed_product', 2147, NULL, 2061, 1710460800),
(2503, 'recently_viewed_product', 2149, NULL, 2061, 1710523014),
(2505, 'recently_viewed_product', 2151, NULL, 2061, 1710518404),
(2506, 'recently_viewed_product', 2152, NULL, 2055, 1710460800),
(2508, 'recently_viewed_product', 2154, NULL, 2053, 1710547200),
(2510, 'recently_viewed_product', 2156, NULL, 2059, 1710547200),
(2516, 'recently_viewed_product', 2162, NULL, 2059, 1710633600),
(2518, 'recently_viewed_product', 2164, NULL, 2053, 1710633600),
(2523, 'recently_viewed_product', 2169, NULL, 2058, 1710720000),
(2524, 'recently_viewed_product', 2170, NULL, 2062, 1710720000),
(2526, 'recently_viewed_product', 2172, NULL, 2059, 1710720000),
(2527, 'recently_viewed_product', 2173, NULL, 2061, 1710865436),
(2528, 'recently_viewed_product', 2174, NULL, 2059, 1710806400),
(2530, 'recently_viewed_product', 2176, NULL, 2059, 1710886446),
(2531, 'recently_viewed_product', 2177, NULL, 2060, 1710892800),
(2532, 'recently_viewed_product', 2178, NULL, 2062, 1710911076);
INSERT INTO `catalog_product_frontend_action` (`action_id`, `type_id`, `visitor_id`, `customer_id`, `product_id`, `added_at`) VALUES
(2533, 'recently_viewed_product', 2180, NULL, 2059, 1710892800),
(2535, 'recently_viewed_product', 2182, NULL, 2062, 1710935726),
(2538, 'recently_viewed_product', 2185, NULL, 2059, 1711001572),
(2539, 'recently_viewed_product', 2186, NULL, 2059, 1710979200),
(2541, 'recently_viewed_product', 2188, NULL, 2058, 1710979200),
(2542, 'recently_viewed_product', 2189, NULL, 2059, 1710979200),
(2543, 'recently_viewed_product', 2190, NULL, 2058, 1710979200),
(2547, 'recently_viewed_product', 2194, NULL, 2061, 1711065600),
(2548, 'recently_viewed_product', 2195, NULL, 2062, 1711065600),
(2550, 'recently_viewed_product', 2197, NULL, 2059, 1711188029),
(2551, 'recently_viewed_product', 2198, NULL, 2058, 1711238400),
(2554, 'recently_viewed_product', 2201, NULL, 2059, 1711238400),
(2557, 'recently_viewed_product', 2205, NULL, 2060, 1711396483),
(2559, 'recently_viewed_product', 2207, NULL, 2062, 1711411200),
(2560, 'recently_viewed_product', 2208, NULL, 2060, 1711470965),
(2563, 'recently_viewed_product', 2211, NULL, 2053, 1711497600),
(2568, 'recently_viewed_product', 2217, NULL, 2053, 1711670400),
(2569, 'recently_viewed_product', 2218, NULL, 2053, 1711670400),
(2571, 'recently_viewed_product', 2221, NULL, 2053, 1711756800),
(2572, 'recently_viewed_product', 2222, NULL, 2061, 1711756800),
(2575, 'recently_viewed_product', 2225, NULL, 2062, 1712016000),
(2576, 'recently_viewed_product', 2226, NULL, 2053, 1712016000),
(2579, 'recently_viewed_product', 2229, NULL, 2061, 1712188800),
(2581, 'recently_viewed_product', 2231, NULL, 2053, 1712275200),
(2584, 'recently_viewed_product', 2235, NULL, 2053, 1712534400),
(2594, 'recently_viewed_product', 2245, NULL, 2062, 1712966400),
(2595, 'recently_viewed_product', 2246, NULL, 2059, 1713116910),
(2596, 'recently_viewed_product', 2247, NULL, 2060, 1713139200),
(2597, 'recently_viewed_product', 2248, NULL, 2061, 1713139200),
(2600, 'recently_viewed_product', 2251, NULL, 2061, 1713225600),
(2604, 'recently_viewed_product', 2254, NULL, 2058, 1713312000),
(2605, 'recently_viewed_product', 2255, NULL, 2059, 1713398400),
(2608, 'recently_viewed_product', 2260, NULL, 2062, 1713571200),
(2629, 'recently_viewed_product', 2284, NULL, 2059, 1714003200),
(2634, 'recently_viewed_product', 2288, NULL, 2062, 1714089600),
(2636, 'recently_viewed_product', 2290, NULL, 2062, 1714176000),
(2637, 'recently_viewed_product', 2291, NULL, 2060, 1714176000),
(2640, 'recently_viewed_product', 2294, NULL, 2061, 1714262400),
(2642, 'recently_viewed_product', 2296, NULL, 2060, 1714262400),
(2646, 'recently_viewed_product', 2300, NULL, 2060, 1714483429),
(2647, 'recently_viewed_product', 2301, NULL, 2061, 1714521600),
(2648, 'recently_viewed_product', 2304, NULL, 2059, 1714905580),
(2649, 'recently_viewed_product', 2305, NULL, 2059, 1714867200),
(2650, 'recently_viewed_product', 2306, NULL, 2059, 1714867200),
(2651, 'recently_viewed_product', 2307, NULL, 2059, 1715047769),
(2653, 'recently_viewed_product', 2309, NULL, 2061, 1715226544),
(2654, 'recently_viewed_product', 2310, NULL, 2059, 1715299200),
(2655, 'recently_viewed_product', 2311, NULL, 2060, 1715299200),
(2656, 'recently_viewed_product', 2312, NULL, 2060, 1715367957),
(2657, 'recently_viewed_product', 2313, NULL, 2060, 1715299200),
(2660, 'recently_viewed_product', 2316, NULL, 2061, 1715385600),
(2661, 'recently_viewed_product', 2317, NULL, 2058, 1715385600),
(2663, 'recently_viewed_product', 2319, NULL, 2058, 1715558400),
(2664, 'recently_viewed_product', 2320, NULL, 2061, 1715644800),
(2665, 'recently_viewed_product', 2321, NULL, 2058, 1715644800),
(2667, 'recently_viewed_product', 2323, NULL, 2055, 1715731200),
(2672, 'recently_viewed_product', 2327, NULL, 2058, 1715817600),
(2673, 'recently_viewed_product', 2328, NULL, 2055, 1715817600),
(2674, 'recently_viewed_product', 2329, NULL, 2055, 1715873627),
(2680, 'recently_viewed_product', 2331, NULL, 2058, 1715873645),
(2681, 'recently_viewed_product', 2332, NULL, 2055, 1715817600),
(2682, 'recently_viewed_product', 2333, NULL, 2059, 1715817600),
(2683, 'recently_viewed_product', 2334, NULL, 2062, 1715817600),
(2684, 'recently_viewed_product', 2335, NULL, 2062, 1715904000),
(2687, 'recently_viewed_product', 2338, NULL, 2061, 1715990400),
(2688, 'recently_viewed_product', 2339, NULL, 2059, 1715990400),
(2689, 'recently_viewed_product', 2340, NULL, 2059, 1715990400),
(2690, 'recently_viewed_product', 2341, NULL, 2059, 1716060791),
(2693, 'recently_viewed_product', 2343, NULL, 2061, 1716060933),
(2694, 'recently_viewed_product', 2342, NULL, 2062, 1716060885),
(2702, 'recently_viewed_product', 2352, NULL, 2059, 1716768000),
(2703, 'recently_viewed_product', 2353, NULL, 2062, 1716854400),
(2704, 'recently_viewed_product', 2354, NULL, 2055, 1716854400),
(2709, 'recently_viewed_product', 2359, NULL, 2059, 1717027200),
(2716, 'recently_viewed_product', 2363, NULL, 2061, 1719240918),
(2717, 'recently_viewed_product', 2364, NULL, 2062, 1719682996),
(2718, 'recently_viewed_product', 2366, NULL, 2058, 1720179435),
(2724, 'recently_viewed_product', 2373, NULL, 2059, 1720742400),
(2726, 'recently_viewed_product', 2375, NULL, 2062, 1720891880),
(2731, 'recently_viewed_product', 2381, NULL, 2060, 1721174400),
(2736, 'recently_viewed_product', 2386, NULL, 2059, 1721692800),
(2737, 'recently_viewed_product', 2387, NULL, 2058, 1721779200),
(2741, 'recently_viewed_product', 2391, NULL, 2062, 1721779200),
(2742, 'recently_viewed_product', 2392, NULL, 2062, 1721866223),
(2744, 'recently_viewed_product', 2394, NULL, 2055, 1721865600),
(2760, 'recently_viewed_product', 2410, NULL, 2059, 1722556800),
(2761, 'recently_viewed_product', 2411, NULL, 2059, 1722556800),
(2763, 'recently_viewed_product', 2413, NULL, 2059, 1722609878),
(2764, 'recently_viewed_product', 2414, NULL, 2059, 1722707157),
(2765, 'recently_viewed_product', 2415, NULL, 2058, 1722729600),
(2766, 'recently_viewed_product', 2416, NULL, 2062, 1722816000),
(2773, 'recently_viewed_product', 2423, NULL, 2058, 1722988800),
(2774, 'recently_viewed_product', 2424, NULL, 2055, 1723075200),
(2776, 'recently_viewed_product', 2426, NULL, 2060, 1723161600),
(2779, 'recently_viewed_product', 2429, NULL, 2058, 1723237776),
(2780, 'recently_viewed_product', 2430, NULL, 2062, 1723161600),
(2781, 'recently_viewed_product', 2431, NULL, 2058, 1723248000),
(2782, 'recently_viewed_product', 2432, NULL, 2058, 1723248000),
(2787, 'recently_viewed_product', 2437, NULL, 2059, 1723334400),
(2788, 'recently_viewed_product', 2438, NULL, 2059, 1723334400),
(2793, 'recently_viewed_product', 2444, NULL, 2059, 1723593600),
(2794, 'recently_viewed_product', 2445, NULL, 2058, 1723767955),
(2795, 'recently_viewed_product', 2446, NULL, 2062, 1723782204),
(2798, 'recently_viewed_product', 2449, NULL, 2055, 1723868909),
(2799, 'recently_viewed_product', 2450, NULL, 2062, 1723852800),
(2801, 'recently_viewed_product', 2452, NULL, 2062, 1723973836),
(2802, 'recently_viewed_product', 2453, NULL, 2055, 1724025600),
(2804, 'recently_viewed_product', 2455, NULL, 2058, 1724064867),
(2806, 'recently_viewed_product', 2457, NULL, 2061, 1724112000),
(2812, 'recently_viewed_product', 2463, NULL, 2060, 1724112000),
(2814, 'recently_viewed_product', 2465, NULL, 2058, 1724213222),
(2818, 'recently_viewed_product', 2469, NULL, 2059, 1724284800),
(2819, 'recently_viewed_product', 2470, NULL, 2058, 1724284800),
(2825, 'recently_viewed_product', 2476, NULL, 2059, 1724371200),
(2828, 'recently_viewed_product', 2479, NULL, 2058, 1724457600),
(2830, 'recently_viewed_product', 2481, NULL, 2059, 1724457600),
(2831, 'recently_viewed_product', 2482, NULL, 2055, 1724457600),
(2833, 'recently_viewed_product', 2484, NULL, 2062, 1724526209),
(2836, 'recently_viewed_product', 2487, NULL, 2059, 1724605862),
(2837, 'recently_viewed_product', 2488, NULL, 2058, 1724544000),
(2839, 'recently_viewed_product', 2490, NULL, 2059, 1724544000),
(2847, 'recently_viewed_product', 2496, NULL, 2058, 1724734609),
(2850, 'recently_viewed_product', 2499, NULL, 2055, 1724803200),
(2856, 'recently_viewed_product', 2505, NULL, 2062, 1724889600),
(2864, 'recently_viewed_product', 2514, NULL, 2059, 1725062400),
(2865, 'recently_viewed_product', 2515, NULL, 2059, 1725148800),
(2867, 'recently_viewed_product', 2517, NULL, 2058, 1725165834),
(2871, 'recently_viewed_product', 2521, NULL, 2060, 1725148800),
(2874, 'recently_viewed_product', 2524, NULL, 2060, 1725235200),
(2877, 'recently_viewed_product', 2527, NULL, 2060, 1725235200),
(2880, 'recently_viewed_product', 2530, NULL, 2058, 1725235200),
(2886, 'recently_viewed_product', 2536, NULL, 2055, 1725494400),
(2894, 'recently_viewed_product', 2544, NULL, 2060, 1725667200),
(2899, 'recently_viewed_product', 2549, NULL, 2061, 1725840000),
(2903, 'recently_viewed_product', 2553, NULL, 2062, 1725926400),
(2912, 'recently_viewed_product', 2562, NULL, 2059, 1726185600),
(2915, 'recently_viewed_product', 2565, NULL, 2060, 1726185600),
(2924, 'recently_viewed_product', 2572, NULL, 2059, 1726444800),
(2932, 'recently_viewed_product', 2581, NULL, 2058, 1726617600),
(2940, 'recently_viewed_product', 2587, NULL, 2055, 1726876800),
(2945, 'recently_viewed_product', 2592, NULL, 2062, 1726963200),
(2949, 'recently_viewed_product', 2598, NULL, 2062, 1727049600),
(2951, 'recently_viewed_product', 2600, NULL, 2062, 1727049600),
(2953, 'recently_viewed_product', 2602, NULL, 2062, 1727136000),
(2956, 'recently_viewed_product', 2605, NULL, 2061, 1727136000),
(2958, 'recently_viewed_product', 2607, NULL, 2059, 1727222400),
(2960, 'recently_viewed_product', 2610, NULL, 2059, 1727222400),
(2963, 'recently_viewed_product', 2613, NULL, 2062, 1727308800),
(2966, 'recently_viewed_product', 2616, NULL, 2055, 1727386313),
(2970, 'recently_viewed_product', 2621, NULL, 2058, 1727481600),
(2985, 'recently_viewed_product', 2640, NULL, 2058, 1728000000),
(2986, 'recently_viewed_product', 2641, NULL, 2062, 1728000000),
(2988, 'recently_viewed_product', 2643, NULL, 2060, 1728086400),
(2991, 'recently_viewed_product', 2646, NULL, 2055, 1728086400),
(2993, 'recently_viewed_product', 2648, NULL, 2055, 1728213271),
(2995, 'recently_viewed_product', 2650, NULL, 2061, 1728172800),
(2997, 'recently_viewed_product', 2653, NULL, 2059, 1728172800),
(3000, 'recently_viewed_product', 2656, NULL, 2060, 1728345600),
(3008, 'recently_viewed_product', 2665, NULL, 2059, 1728560255),
(3010, 'recently_viewed_product', 2667, NULL, 2058, 1728576450),
(3012, 'recently_viewed_product', 2668, NULL, 2058, 1728518400),
(3014, 'recently_viewed_product', 2670, NULL, 2058, 1728518400),
(3015, 'recently_viewed_product', 2671, NULL, 2062, 1728589087),
(3016, 'recently_viewed_product', 2673, NULL, 2055, 1728610053),
(3017, 'recently_viewed_product', 2674, NULL, 2059, 1728604800),
(3018, 'recently_viewed_product', 2675, NULL, 2059, 1728604800),
(3022, 'recently_viewed_product', 2679, NULL, 2055, 1728691200),
(3024, 'recently_viewed_product', 2681, NULL, 2059, 1728798769),
(3025, 'recently_viewed_product', 2682, NULL, 2059, 1728798769),
(3026, 'recently_viewed_product', 2683, NULL, 2059, 1728798827),
(3035, 'recently_viewed_product', 2692, NULL, 2062, 1729036800),
(3040, 'recently_viewed_product', 2698, NULL, 2060, 1729296000),
(3042, 'recently_viewed_product', 2700, NULL, 2053, 1729382400),
(3044, 'recently_viewed_product', 2702, NULL, 2060, 1729382400),
(3048, 'recently_viewed_product', 2709, NULL, 2059, 1729555200),
(3054, 'recently_viewed_product', 2717, NULL, 2060, 1729641600),
(3055, 'recently_viewed_product', 2718, NULL, 2059, 1729641600),
(3069, 'recently_viewed_product', 2733, NULL, 2062, 1730073600),
(3076, 'recently_viewed_product', 2741, NULL, 2061, 1730505600),
(3080, 'recently_viewed_product', 2746, NULL, 2059, 1730678400),
(3085, 'recently_viewed_product', 2752, NULL, 2059, 1730764800),
(3086, 'recently_viewed_product', 2753, NULL, 2059, 1730764800),
(3091, 'recently_viewed_product', 2758, NULL, 2055, 1730937600),
(3096, 'recently_viewed_product', 2763, NULL, 2060, 1731196800),
(3098, 'recently_viewed_product', 2765, NULL, 2062, 1731283200),
(3099, 'recently_viewed_product', 2766, NULL, 2060, 1731283200),
(3100, 'recently_viewed_product', 2767, NULL, 2059, 1731315557),
(3102, 'recently_viewed_product', 2769, NULL, 2061, 1731369600),
(3105, 'recently_viewed_product', 2772, NULL, 2062, 1731369600),
(3106, 'recently_viewed_product', 2773, NULL, 2058, 1731456000),
(3115, 'recently_viewed_product', 2783, NULL, 2061, 1731628800),
(3119, 'recently_viewed_product', 2788, NULL, 2059, 1731801600),
(3120, 'recently_viewed_product', 2789, NULL, 2059, 1731801600),
(3121, 'recently_viewed_product', 2790, NULL, 2061, 1731854312),
(3125, 'recently_viewed_product', 2794, NULL, 2062, 1732233600),
(3128, 'recently_viewed_product', 2797, NULL, 2062, 1732320000),
(3129, 'recently_viewed_product', 2798, NULL, 2058, 1732320000),
(3130, 'recently_viewed_product', 2799, NULL, 2058, 1732320000),
(3131, 'recently_viewed_product', 2800, NULL, 2059, 1732320000),
(3132, 'recently_viewed_product', 2801, NULL, 2055, 1732320000),
(3134, 'recently_viewed_product', 2803, NULL, 2059, 1732453537),
(3136, 'recently_viewed_product', 2805, NULL, 2058, 1732464099),
(3137, 'recently_viewed_product', 2806, NULL, 2062, 1732476705),
(3138, 'recently_viewed_product', 2807, NULL, 2059, 1732406400),
(3140, 'recently_viewed_product', 2809, NULL, 2055, 1732496508),
(3143, 'recently_viewed_product', 2812, NULL, 2061, 1732492800),
(3145, 'recently_viewed_product', 2814, NULL, 2055, 1732579200),
(3146, 'recently_viewed_product', 2815, NULL, 2062, 1732579200),
(3153, 'recently_viewed_product', 2822, NULL, 2062, 1733097600),
(3154, 'recently_viewed_product', 2823, NULL, 2061, 1733184000),
(3157, 'recently_viewed_product', 2826, NULL, 2059, 1733270400),
(3158, 'recently_viewed_product', 2827, NULL, 2059, 1733312463),
(3159, 'recently_viewed_product', 2828, NULL, 2062, 1733356800),
(3160, 'recently_viewed_product', 2829, NULL, 2060, 1733356800),
(3161, 'recently_viewed_product', 2830, NULL, 2058, 1733356800),
(3162, 'recently_viewed_product', 2831, NULL, 2059, 1733356800),
(3179, 'recently_viewed_product', 2848, NULL, 2060, 1734393600),
(3180, 'recently_viewed_product', 2849, NULL, 2059, 1734469447),
(3181, 'recently_viewed_product', 2850, NULL, 2059, 1734480000),
(3182, 'recently_viewed_product', 2851, NULL, 2053, 1734489964),
(3183, 'recently_viewed_product', 2853, NULL, 2062, 1734652800),
(3188, 'recently_viewed_product', 2858, NULL, 2061, 1734912000),
(3189, 'recently_viewed_product', 2859, NULL, 2053, 1735136305),
(3190, 'recently_viewed_product', 2860, NULL, 2060, 1735318785),
(3192, 'recently_viewed_product', 2862, NULL, 2059, 1735516800),
(3193, 'recently_viewed_product', 2863, NULL, 2059, 1735648388),
(3194, 'recently_viewed_product', 2864, NULL, 2061, 1735689600),
(3196, 'recently_viewed_product', 2866, NULL, 2059, 1735862400),
(3197, 'recently_viewed_product', 2867, NULL, 2059, 1736035200),
(3198, 'recently_viewed_product', 2868, NULL, 2061, 1736120659),
(3201, 'recently_viewed_product', 2871, NULL, 2058, 1736208000),
(3204, 'recently_viewed_product', 2873, NULL, 2060, 1736289736),
(3206, 'recently_viewed_product', 2875, NULL, 2058, 1736350796),
(3207, 'recently_viewed_product', 2876, NULL, 2055, 1736393903),
(3208, 'recently_viewed_product', 2877, NULL, 2060, 1736467200),
(3209, 'recently_viewed_product', 2878, NULL, 2058, 1736467200),
(3211, 'recently_viewed_product', 2880, NULL, 2062, 1736467200),
(3212, 'recently_viewed_product', 2881, NULL, 2060, 1736676295),
(3213, 'recently_viewed_product', 2882, NULL, 2053, 1736741194),
(3214, 'recently_viewed_product', 2883, NULL, 2062, 1736726400),
(3215, 'recently_viewed_product', 2884, NULL, 2061, 1736726400),
(3221, 'recently_viewed_product', 2889, NULL, 2060, 1737095695),
(3222, 'recently_viewed_product', 2890, NULL, 2055, 1737158400),
(3224, 'recently_viewed_product', 2892, NULL, 2059, 1737244800),
(3225, 'recently_viewed_product', 2893, NULL, 2060, 1737331200),
(3226, 'recently_viewed_product', 2894, NULL, 2059, 1737417600),
(3228, 'recently_viewed_product', 2896, NULL, 2055, 1737417600),
(3229, 'recently_viewed_product', 2897, NULL, 2059, 1737417600),
(3232, 'recently_viewed_product', 2901, NULL, 2058, 1737504000),
(3233, 'recently_viewed_product', 2902, NULL, 2058, 1737504000),
(3234, 'recently_viewed_product', 2903, NULL, 2061, 1737590400),
(3235, 'recently_viewed_product', 2904, NULL, 2062, 1737763200),
(3237, 'recently_viewed_product', 2907, NULL, 2060, 1737862715),
(3239, 'recently_viewed_product', 2916, NULL, 2060, 1738115921),
(3241, 'recently_viewed_product', 2918, NULL, 2060, 1738152688),
(3242, 'recently_viewed_product', 2919, NULL, 2060, 1738161240),
(3243, 'recently_viewed_product', 2920, NULL, 2060, 1738108800),
(3244, 'recently_viewed_product', 2921, NULL, 2060, 1738108800),
(3245, 'recently_viewed_product', 2923, NULL, 2062, 1738195200),
(3247, 'recently_viewed_product', 2925, NULL, 2059, 1738454400),
(3249, 'recently_viewed_product', 2927, NULL, 2058, 1738540800),
(3250, 'recently_viewed_product', 2928, NULL, 2058, 1738540800),
(3251, 'recently_viewed_product', 2929, NULL, 2061, 1738627200),
(3253, 'recently_viewed_product', 2934, NULL, 2059, 1738972800),
(3254, 'recently_viewed_product', 2935, NULL, 2062, 1738972800),
(3256, 'recently_viewed_product', 2937, NULL, 2058, 1738972800),
(3258, 'recently_viewed_product', 2940, NULL, 2062, 1739059200),
(3261, 'recently_viewed_product', 2943, NULL, 2061, 1739318400),
(3262, 'recently_viewed_product', 2944, NULL, 2060, 1739318400),
(3263, 'recently_viewed_product', 2945, NULL, 2062, 1739404800),
(3267, 'recently_viewed_product', 2949, NULL, 2059, 1739923200),
(3270, 'recently_viewed_product', 2952, NULL, 2061, 1740096000),
(3272, 'recently_viewed_product', 2955, NULL, 2059, 1740355200),
(3273, 'recently_viewed_product', 2956, NULL, 2059, 1740355200),
(3276, 'recently_viewed_product', 2958, NULL, 2053, 1740486172),
(3277, 'recently_viewed_product', 2959, NULL, 2062, 1740486810),
(3280, 'recently_viewed_product', 2962, NULL, 2055, 1740488878),
(3281, 'recently_viewed_product', 2963, NULL, 2058, 1740491219),
(3282, 'recently_viewed_product', 2964, NULL, 2062, 1740491972),
(3283, 'recently_viewed_product', 2965, NULL, 2059, 1740492739),
(3284, 'recently_viewed_product', 2966, NULL, 2060, 1740493225),
(3285, 'recently_viewed_product', 2967, NULL, 2055, 1740493417),
(3287, 'recently_viewed_product', 2969, NULL, 2059, 1740493969),
(3288, 'recently_viewed_product', 2970, NULL, 2053, 1740495057),
(3290, 'recently_viewed_product', 2972, NULL, 2061, 1740496471),
(3291, 'recently_viewed_product', 2973, NULL, 2060, 1740497595),
(3294, 'recently_viewed_product', 2976, NULL, 2061, 1740502658),
(3295, 'recently_viewed_product', 2977, NULL, 2058, 1740508050),
(3296, 'recently_viewed_product', 2978, NULL, 2062, 1740441600),
(3300, 'recently_viewed_product', 2982, NULL, 2053, 1740716845),
(3301, 'recently_viewed_product', 2983, NULL, 2059, 1740716954),
(3303, 'recently_viewed_product', 2985, NULL, 2061, 1740718498),
(3306, 'recently_viewed_product', 2988, NULL, 2062, 1740721161),
(3307, 'recently_viewed_product', 2989, NULL, 2058, 1740721257),
(3308, 'recently_viewed_product', 2990, NULL, 2055, 1740724107),
(3309, 'recently_viewed_product', 2991, NULL, 2060, 1740724251),
(3311, 'recently_viewed_product', 2994, NULL, 2059, 1740787200),
(3312, 'recently_viewed_product', 2995, NULL, 2058, 1740873600),
(3313, 'recently_viewed_product', 2998, NULL, 2055, 1741046400),
(3314, 'recently_viewed_product', 3000, NULL, 2053, 1741233208),
(3315, 'recently_viewed_product', 3001, NULL, 2059, 1741219200),
(3316, 'recently_viewed_product', 3002, NULL, 2062, 1741219200),
(3317, 'recently_viewed_product', 3003, NULL, 2053, 1741320354),
(3318, 'recently_viewed_product', 3004, NULL, 2061, 1741357272),
(3319, 'recently_viewed_product', 3005, NULL, 2055, 1741357360),
(3321, 'recently_viewed_product', 3007, NULL, 2059, 1741360902),
(3322, 'recently_viewed_product', 3008, NULL, 2058, 1741366198),
(3323, 'recently_viewed_product', 3009, NULL, 2060, 1741367522),
(3324, 'recently_viewed_product', 3010, NULL, 2062, 1741367836),
(3327, 'recently_viewed_product', 3013, NULL, 2053, 1741421368),
(3329, 'recently_viewed_product', 3024, NULL, 2061, 1741564800),
(3330, 'recently_viewed_product', 3025, NULL, 2059, 1741564800),
(3332, 'recently_viewed_product', 3027, NULL, 2058, 1741651200),
(3337, 'recently_viewed_product', 3034, NULL, 2053, 1742198760),
(3338, 'recently_viewed_product', 3035, NULL, 2060, 1742169600),
(3339, 'recently_viewed_product', 3036, NULL, 2060, 1742256000),
(3341, 'recently_viewed_product', 3039, NULL, 2059, 1742601600),
(3343, 'recently_viewed_product', 3041, NULL, 2058, 1742688000),
(3344, 'recently_viewed_product', 3044, NULL, 2059, 1742947200),
(3345, 'recently_viewed_product', 3045, NULL, 2059, 1742947200),
(3347, 'recently_viewed_product', 3047, NULL, 2062, 1743033600),
(3348, 'recently_viewed_product', 3048, NULL, 2061, 1743198681),
(3349, 'recently_viewed_product', 3049, NULL, 2061, 1743200380),
(3350, 'recently_viewed_product', 3061, NULL, 2058, 1743724800),
(3351, 'recently_viewed_product', 3062, NULL, 2058, 1743811200),
(3352, 'recently_viewed_product', 3067, NULL, 2059, 1743984000),
(3354, 'recently_viewed_product', 3078, NULL, 2062, 1744329600),
(3359, 'recently_viewed_product', 3102, NULL, 2055, 1744848000),
(3361, 'recently_viewed_product', 3115, NULL, 2061, 1745280000),
(3362, 'recently_viewed_product', 3138, NULL, 2059, 1746403200),
(3363, 'recently_viewed_product', 3140, NULL, 2061, 1746594190),
(3364, 'recently_viewed_product', 3141, NULL, 2061, 1746594184),
(3365, 'recently_viewed_product', 3143, NULL, 2061, 1746748800),
(3366, 'recently_viewed_product', 3144, NULL, 2062, 1746835200),
(3368, 'recently_viewed_product', 3147, NULL, 2058, 1747267200),
(3369, 'recently_viewed_product', 3148, NULL, 2059, 1747785600),
(3370, 'recently_viewed_product', 3149, NULL, 2061, 1747872000),
(3373, 'recently_viewed_product', 3152, NULL, 2062, 1748044800),
(3375, 'recently_viewed_product', 3154, NULL, 2059, 1748217600),
(3378, 'recently_viewed_product', 3158, NULL, 2062, 1748563200),
(3379, 'recently_viewed_product', 3159, NULL, 2059, 1748736000),
(3383, 'recently_viewed_product', 3163, NULL, 2059, 1749427200),
(3384, 'recently_viewed_product', 3164, NULL, 2062, 1749463933),
(3385, 'recently_viewed_product', 3166, NULL, 2061, 1749513600),
(3387, 'recently_viewed_product', 3169, NULL, 2058, 1749867688),
(3393, 'recently_viewed_product', NULL, NULL, 2054, 1750143340),
(3397, 'recently_viewed_product', 3175, NULL, 2054, 1750291200),
(3398, 'recently_viewed_product', 3176, NULL, 2054, 1750291200),
(3399, 'recently_viewed_product', 3177, NULL, 2059, 1750377600),
(3401, 'recently_viewed_product', 3179, NULL, 2055, 1750377600),
(3403, 'recently_viewed_product', 3181, NULL, 2062, 1750377600),
(3404, 'recently_viewed_product', 3182, NULL, 2053, 1750473500),
(3407, 'recently_viewed_product', 3185, NULL, 2061, 1750464000),
(3409, 'recently_viewed_product', 3187, NULL, 2053, 1750503384),
(3410, 'recently_viewed_product', 3188, NULL, 2054, 1750464000),
(3411, 'recently_viewed_product', 3189, NULL, 2053, 1750539089),
(3412, 'recently_viewed_product', 3190, NULL, 2054, 1750550400),
(3413, 'recently_viewed_product', 3191, NULL, 2053, 1750558537),
(3417, 'recently_viewed_product', 3195, NULL, 2054, 1750636800),
(3419, 'recently_viewed_product', 3197, NULL, 2060, 1750636800),
(3420, 'recently_viewed_product', 3198, NULL, 2054, 1750636800),
(3422, 'recently_viewed_product', 3200, NULL, 2053, 1750666272),
(3423, 'recently_viewed_product', 3201, NULL, 2053, 1750667048),
(3424, 'recently_viewed_product', 3202, NULL, 2055, 1750636800),
(3426, 'recently_viewed_product', 3204, NULL, 2061, 1750723200),
(3427, 'recently_viewed_product', 3205, NULL, 2054, 1750723200),
(3429, 'recently_viewed_product', 3207, NULL, 2059, 1750723200),
(3430, 'recently_viewed_product', 3208, NULL, 2062, 1750723200),
(3432, 'recently_viewed_product', 3210, NULL, 2059, 1750723200),
(3434, 'recently_viewed_product', 3212, NULL, 2061, 1750723200),
(3437, 'recently_viewed_product', 3215, NULL, 2061, 1750723200),
(3438, 'recently_viewed_product', 3216, NULL, 2054, 1750723200),
(3440, 'recently_viewed_product', 3218, NULL, 2053, 1750774991),
(3441, 'recently_viewed_product', 3219, NULL, 2053, 1750782168),
(3442, 'recently_viewed_product', 3220, NULL, 2058, 1750723200),
(3444, 'recently_viewed_product', 3222, NULL, 2053, 1750812696),
(3448, 'recently_viewed_product', 3226, NULL, 2058, 1750809600),
(3449, 'recently_viewed_product', 3227, NULL, 2053, 1750845188),
(3452, 'recently_viewed_product', 3231, NULL, 2053, 1750858969),
(3454, 'recently_viewed_product', 3233, NULL, 2053, 1750860950),
(3456, 'recently_viewed_product', 3235, NULL, 2053, 1750885685),
(3460, 'recently_viewed_product', 3239, NULL, 2053, 1750913145),
(3464, 'recently_viewed_product', 3243, NULL, 2053, 1750926439),
(3465, 'recently_viewed_product', 3244, NULL, 2061, 1750896000),
(3466, 'recently_viewed_product', 3245, NULL, 2054, 1750966993),
(3467, 'recently_viewed_product', 3246, NULL, 2053, 1750988722),
(3468, 'recently_viewed_product', 3247, NULL, 2054, 1750990068),
(3471, 'recently_viewed_product', 3250, NULL, 2053, 1751030367),
(3473, 'recently_viewed_product', 3252, NULL, 2060, 1751078335),
(3474, 'recently_viewed_product', 3253, NULL, 2053, 1751079936),
(3476, 'recently_viewed_product', 3255, NULL, 2060, 1751103560),
(3479, 'recently_viewed_product', 3258, NULL, 2053, 1751139303),
(3480, 'recently_viewed_product', 3259, NULL, 2060, 1751145438),
(3482, 'recently_viewed_product', 3261, NULL, 2060, 1751164561),
(3483, 'recently_viewed_product', 3263, NULL, 2060, 1751206507),
(3484, 'recently_viewed_product', 3264, NULL, 2053, 1751207697),
(3485, 'recently_viewed_product', 3265, NULL, 2060, 1751248731),
(3486, 'recently_viewed_product', 3267, NULL, 2053, 1751291369),
(3487, 'recently_viewed_product', 3268, NULL, 2060, 1751294425),
(3489, 'recently_viewed_product', 3270, NULL, 2060, 1751342343),
(3490, 'recently_viewed_product', 3272, NULL, 2053, 1751482479),
(3491, 'recently_viewed_product', 3274, NULL, 2060, 1751515174),
(3492, 'recently_viewed_product', 3275, NULL, 2060, 1751528710),
(3494, 'recently_viewed_product', 3277, NULL, 2059, 1751500800),
(3495, 'recently_viewed_product', 3278, NULL, 2054, 1751500800),
(3499, 'recently_viewed_product', 3282, NULL, 2053, 1751632115),
(3500, 'recently_viewed_product', 3285, NULL, 2060, 1751697913),
(3501, 'recently_viewed_product', 3286, NULL, 2061, 1751673600),
(3502, 'recently_viewed_product', 3287, NULL, 2059, 1751673600),
(3504, 'recently_viewed_product', 3289, NULL, 2061, 1751846400),
(3505, 'recently_viewed_product', 3290, NULL, 2060, 1751913650),
(3506, 'recently_viewed_product', 3291, NULL, 2060, 1751947433),
(3508, 'recently_viewed_product', 3293, NULL, 2059, 1751932800),
(3509, 'recently_viewed_product', 3294, NULL, 2053, 1752025964),
(3510, 'recently_viewed_product', 3295, NULL, 2060, 1752027439),
(3511, 'recently_viewed_product', 3296, NULL, 2060, 1752036157),
(3512, 'recently_viewed_product', 3297, NULL, 2054, 1752019200),
(3516, 'recently_viewed_product', 3302, NULL, 2054, 1752019200),
(3517, 'recently_viewed_product', 3303, NULL, 2058, 1752105600),
(3518, 'recently_viewed_product', 3304, NULL, 2055, 1752105600),
(3520, 'recently_viewed_product', 3306, NULL, 2060, 1752445935),
(3522, 'recently_viewed_product', 3308, NULL, 2059, 1752451200),
(3523, 'recently_viewed_product', 3309, NULL, 2062, 1752476557),
(3526, 'recently_viewed_product', 3313, NULL, 2060, 1752520683),
(3527, 'recently_viewed_product', 3314, NULL, 2059, 1752624000),
(3529, 'recently_viewed_product', 3316, NULL, 2054, 1752624000),
(3530, 'recently_viewed_product', 3317, NULL, 2060, 1752698860),
(3531, 'recently_viewed_product', 3318, NULL, 2060, 1752716381),
(3532, 'recently_viewed_product', 3320, NULL, 2061, 1752710400),
(3534, 'recently_viewed_product', 3322, NULL, 2054, 1752710400),
(3536, 'recently_viewed_product', 3326, NULL, 2060, 1752795725),
(3537, 'recently_viewed_product', 3327, NULL, 2053, 1752867053),
(3538, 'recently_viewed_product', 3328, NULL, 2055, 1752867604),
(3540, 'recently_viewed_product', 3330, NULL, 2058, 1752951325),
(3541, 'recently_viewed_product', 3331, NULL, 2058, 1752883200),
(3542, 'recently_viewed_product', 3332, NULL, 2054, 1752883200),
(3543, 'recently_viewed_product', 3333, NULL, 2062, 1752969600),
(3544, 'recently_viewed_product', 3334, NULL, 2053, 1752974936),
(3545, 'recently_viewed_product', 3335, NULL, 2060, 1753043383),
(3546, 'recently_viewed_product', 3336, NULL, 2061, 1753075950),
(3547, 'recently_viewed_product', 3337, NULL, 2061, 1753090301),
(3548, 'recently_viewed_product', 3338, NULL, 2060, 1753091605),
(3549, 'recently_viewed_product', 3339, NULL, 2054, 1753056000),
(3550, 'recently_viewed_product', 3340, NULL, 2059, 1753056000),
(3551, 'recently_viewed_product', 3341, NULL, 2055, 1753118213),
(3552, 'recently_viewed_product', 3342, NULL, 2055, 1753056000),
(3553, 'recently_viewed_product', 3343, NULL, 2053, 1753139782),
(3555, 'recently_viewed_product', 3345, NULL, 2060, 1753172972),
(3557, 'recently_viewed_product', 3347, NULL, 2061, 1753350404),
(3558, 'recently_viewed_product', 3349, NULL, 2061, 1753361373),
(3559, 'recently_viewed_product', 3350, NULL, 2061, 1753364435),
(3560, 'recently_viewed_product', 3351, NULL, 2060, 1753369935),
(3562, 'recently_viewed_product', 3353, NULL, 2061, 1753463977),
(3563, 'recently_viewed_product', 3354, NULL, 2054, 1753401600),
(3564, 'recently_viewed_product', 3355, NULL, 2060, 1753481981),
(3565, 'recently_viewed_product', 3356, NULL, 2060, 1753541937),
(3566, 'recently_viewed_product', 3357, NULL, 2060, 1753703514),
(3567, 'recently_viewed_product', 3358, NULL, 2055, 1753660800),
(3568, 'recently_viewed_product', 3359, NULL, 2061, 1753711806),
(3571, 'recently_viewed_product', 3362, NULL, 2061, 1753747200),
(3573, 'recently_viewed_product', 3364, NULL, 2061, 1753871737),
(3574, 'recently_viewed_product', 3365, NULL, 2053, 1753876146),
(3575, 'recently_viewed_product', 3366, NULL, 2060, 1753886343),
(3578, 'recently_viewed_product', 3369, NULL, 2061, 1753928030),
(3579, 'recently_viewed_product', 3370, NULL, 2059, 1753920000),
(3582, 'recently_viewed_product', 3373, NULL, 2061, 1754017999),
(3584, 'recently_viewed_product', 3374, NULL, 2060, 1754025938),
(3585, 'recently_viewed_product', 3375, NULL, 2055, 1754097403),
(3587, 'recently_viewed_product', 3377, NULL, 2061, 1754146827),
(3588, 'recently_viewed_product', 3378, NULL, 2060, 1754162364),
(3589, 'recently_viewed_product', 3379, NULL, 2060, 1754248106),
(3590, 'recently_viewed_product', 3380, NULL, 2060, 1754291772),
(3591, 'recently_viewed_product', 3381, NULL, 2053, 1754305996),
(3592, 'recently_viewed_product', 3382, NULL, 2061, 1754349297),
(3593, 'recently_viewed_product', 3383, NULL, 2060, 1754417761),
(3594, 'recently_viewed_product', 3384, NULL, 2061, 1754450853),
(3595, 'recently_viewed_product', 3385, NULL, 2061, 1754451012),
(3596, 'recently_viewed_product', 3386, NULL, 2053, 1754490485),
(3598, 'recently_viewed_product', 3388, NULL, 2060, 1754523143),
(3599, 'recently_viewed_product', 3389, NULL, 2060, 1754538263),
(3600, 'recently_viewed_product', 3390, NULL, 2061, 1754544467),
(3601, 'recently_viewed_product', 3392, NULL, 2053, 1754630801),
(3602, 'recently_viewed_product', 3393, NULL, 2061, 1754690218),
(3603, 'recently_viewed_product', 3394, NULL, 2060, 1754703090),
(3604, 'recently_viewed_product', 3395, NULL, 2061, 1754734412),
(3605, 'recently_viewed_product', 3396, NULL, 2053, 1754737025),
(3606, 'recently_viewed_product', 3397, NULL, 2061, 1754759661),
(3607, 'recently_viewed_product', 3398, NULL, 2060, 1754812056),
(3608, 'recently_viewed_product', 3399, NULL, 2053, 1754841214),
(3609, 'recently_viewed_product', 3400, NULL, 2061, 1754843678),
(3610, 'recently_viewed_product', 3401, NULL, 2061, 1754873305),
(3611, 'recently_viewed_product', 3402, NULL, 2053, 1754875207),
(3612, 'recently_viewed_product', 3403, NULL, 2059, 1754870400),
(3613, 'recently_viewed_product', 3404, NULL, 2061, 1754920350),
(3615, 'recently_viewed_product', 3406, NULL, 2060, 1754983732),
(3616, 'recently_viewed_product', 3407, NULL, 2053, 1754987812),
(3617, 'recently_viewed_product', 3408, NULL, 2054, 1754956800),
(3618, 'recently_viewed_product', 3409, NULL, 2053, 1755011233),
(3619, 'recently_viewed_product', 3410, NULL, 2061, 1755011652),
(3620, 'recently_viewed_product', 3411, NULL, 2060, 1755064484),
(3622, 'recently_viewed_product', 3413, NULL, 2060, 1755186578),
(3623, 'recently_viewed_product', 3414, NULL, 2061, 1755197538),
(3624, 'recently_viewed_product', 3415, NULL, 2060, 1755215028),
(3625, 'recently_viewed_product', 3416, NULL, 2061, 1755231438),
(3626, 'recently_viewed_product', 3417, NULL, 2061, 1755277527),
(3627, 'recently_viewed_product', 3418, NULL, 2061, 1755279452),
(3628, 'recently_viewed_product', 3419, NULL, 2061, 1755281379),
(3629, 'recently_viewed_product', 3420, NULL, 2061, 1755283716),
(3630, 'recently_viewed_product', 3421, NULL, 2061, 1755286360),
(3631, 'recently_viewed_product', 3422, NULL, 2061, 1755291220),
(3632, 'recently_viewed_product', 3423, NULL, 2060, 1755320040),
(3633, 'recently_viewed_product', 3424, NULL, 2060, 1755322446),
(3635, 'recently_viewed_product', 3426, NULL, 2060, 1755324720),
(3636, 'recently_viewed_product', 3427, NULL, 2061, 1755326147),
(3637, 'recently_viewed_product', 3428, NULL, 2060, 1755326261),
(3638, 'recently_viewed_product', 3429, NULL, 2061, 1755333841),
(3639, 'recently_viewed_product', 3430, NULL, 2061, 1755336599),
(3640, 'recently_viewed_product', 3431, NULL, 2061, 1755339967),
(3641, 'recently_viewed_product', 3432, NULL, 2061, 1755355359),
(3642, 'recently_viewed_product', 3433, NULL, 2053, 1755358266),
(3645, 'recently_viewed_product', 3435, NULL, 2053, 1755430989),
(3646, 'recently_viewed_product', 3436, NULL, 2061, 1755468739),
(3647, 'recently_viewed_product', 3437, NULL, 2061, 1755487228),
(3648, 'recently_viewed_product', 3438, NULL, 2061, 1755492394),
(3649, 'recently_viewed_product', 3439, NULL, 2061, 1755494795),
(3650, 'recently_viewed_product', 3440, NULL, 2061, 1755510294),
(3651, 'recently_viewed_product', 3441, NULL, 2061, 1755512245),
(3652, 'recently_viewed_product', 3442, NULL, 2061, 1755516228),
(3653, 'recently_viewed_product', 3443, NULL, 2061, 1755519819),
(3654, 'recently_viewed_product', 3444, NULL, 2061, 1755523421),
(3655, 'recently_viewed_product', 3445, NULL, 2061, 1755534325),
(3658, 'recently_viewed_product', 3448, NULL, 2061, 1755643591),
(3659, 'recently_viewed_product', 3449, NULL, 2060, 1755667059),
(3663, 'recently_compared_product', 3450, NULL, 2061, 1755673339),
(3665, 'recently_viewed_product', 3452, NULL, 2060, 1755752152),
(3666, 'recently_viewed_product', 3453, NULL, 2061, 1755763837),
(3667, 'recently_viewed_product', 3454, NULL, 2061, 1755734400),
(3668, 'recently_viewed_product', 3455, NULL, 2058, 1755793433),
(3669, 'recently_viewed_product', 3456, NULL, 2058, 1755831607),
(3671, 'recently_viewed_product', 3457, NULL, 2061, 1755820800),
(3672, 'recently_viewed_product', 3458, NULL, 2060, 1755858826),
(3673, 'recently_viewed_product', 3459, NULL, 2061, 1755905436),
(3674, 'recently_viewed_product', 3460, NULL, 2054, 1755909535),
(3675, 'recently_viewed_product', 3461, NULL, 2053, 1755918606),
(3676, 'recently_viewed_product', 3462, NULL, 2061, 1755956456),
(3677, 'recently_viewed_product', 3463, NULL, 2061, 1755970276),
(3680, 'recently_viewed_product', 3466, NULL, 2061, 1756086550),
(3681, 'recently_viewed_product', 3467, NULL, 2060, 1756097155),
(3683, 'recently_viewed_product', 3469, NULL, 2055, 1756166400),
(3684, 'recently_viewed_product', 3470, NULL, 2061, 1756226076),
(3685, 'recently_viewed_product', 3471, NULL, 2053, 1756228289),
(3686, 'recently_viewed_product', 3472, NULL, 2060, 1756232140),
(3687, 'recently_viewed_product', 3473, NULL, 2062, 1756252800),
(3688, 'recently_viewed_product', 3474, NULL, 2061, 1756280590),
(3689, 'recently_viewed_product', 3475, NULL, 2059, 1756252800),
(3690, 'recently_viewed_product', 3476, NULL, 2058, 1756360646),
(3691, 'recently_viewed_product', 3477, NULL, 2062, 1756364486),
(3694, 'recently_viewed_product', 3480, NULL, 2058, 1756339200),
(3697, 'recently_viewed_product', 3487, NULL, 2054, 1756339200),
(3698, 'recently_viewed_product', 3488, NULL, 2061, 1756434595),
(3699, 'recently_viewed_product', 3489, NULL, 2061, 1756446606),
(3700, 'recently_viewed_product', 3490, NULL, 2061, 1756425600),
(3701, 'recently_viewed_product', 3491, NULL, 2053, 1756458423),
(3702, 'recently_viewed_product', 3492, NULL, 2060, 1756462285),
(3704, 'recently_viewed_product', 3494, NULL, 2053, 1756544915),
(3705, 'recently_viewed_product', 3495, NULL, 2054, 1756562816),
(3706, 'recently_viewed_product', 3496, NULL, 2058, 1756611116),
(3707, 'recently_viewed_product', 3497, NULL, 2053, 1756627484),
(3709, 'recently_viewed_product', 3499, NULL, 2061, 1756635374),
(3710, 'recently_viewed_product', 3500, NULL, 2060, 1756635688),
(3711, 'recently_viewed_product', 3501, NULL, 2060, 1756642829),
(3712, 'recently_viewed_product', 3502, NULL, 2053, 1756656275),
(3713, 'recently_viewed_product', 3503, NULL, 2060, 1756682964),
(3714, 'recently_viewed_product', 3504, NULL, 2061, 1756707438),
(3717, 'recently_viewed_product', 3507, NULL, 2054, 1756728396),
(3718, 'recently_viewed_product', 3508, NULL, 2061, 1756728556),
(3719, 'recently_viewed_product', 3509, NULL, 2053, 1756760347),
(3720, 'recently_viewed_product', 3510, NULL, 2061, 1756771200),
(3721, 'recently_viewed_product', 3511, NULL, 2060, 1756801828),
(3722, 'recently_viewed_product', 3512, NULL, 2053, 1756827097),
(3723, 'recently_viewed_product', 3513, NULL, 2061, 1756850252),
(3724, 'recently_viewed_product', 3515, NULL, 2060, 1756925828),
(3725, 'recently_viewed_product', 3516, NULL, 2061, 1756926878),
(3726, 'recently_viewed_product', 3517, NULL, 2060, 1756935032),
(3730, 'recently_viewed_product', 3522, NULL, 2060, 1757040959),
(3731, 'recently_viewed_product', 3523, NULL, 2061, 1757063592),
(3733, 'recently_viewed_product', 3525, NULL, 2060, 1757123614),
(3734, 'recently_viewed_product', 3526, NULL, 2054, 1757127872),
(3736, 'recently_viewed_product', 3528, NULL, 2061, 1757146596),
(3737, 'recently_viewed_product', 3529, NULL, 2060, 1757169685),
(3739, 'recently_viewed_product', 3531, NULL, 2060, 1757197103),
(3740, 'recently_viewed_product', 3532, NULL, 2061, 1757116800),
(3743, 'recently_viewed_product', 3535, NULL, 2060, 1757219744),
(3745, 'recently_viewed_product', 3539, NULL, 2061, 1757245042),
(3747, 'recently_viewed_product', 3542, NULL, 2061, 1757274185),
(3748, 'recently_viewed_product', 3543, NULL, 2060, 1757274341),
(3750, 'recently_viewed_product', 3545, NULL, 2058, 1757203200),
(3751, 'recently_viewed_product', 3547, NULL, 2061, 1757319329),
(3752, 'recently_viewed_product', 3548, NULL, 2061, 1757334834),
(3753, 'recently_viewed_product', 3549, NULL, 2060, 1757340211),
(3754, 'recently_viewed_product', 3550, NULL, 2060, 1757342049),
(3757, 'recently_viewed_product', 3553, NULL, 2060, 1757414596),
(3758, 'recently_viewed_product', 3554, NULL, 2060, 1757415691),
(3759, 'recently_viewed_product', 3555, NULL, 2061, 1757429833),
(3760, 'recently_viewed_product', 3556, NULL, 2060, 1757447242),
(3762, 'recently_viewed_product', 3558, NULL, 2061, 1757496218),
(3763, 'recently_viewed_product', 3559, NULL, 2061, 1757504534),
(3765, 'recently_viewed_product', 3561, NULL, 2060, 1757548702),
(3767, 'recently_viewed_product', 3563, NULL, 2060, 1757603413),
(3768, 'recently_viewed_product', 3564, NULL, 2061, 1757603822),
(3769, 'recently_viewed_product', 3565, NULL, 2061, 1757548800),
(3771, 'recently_viewed_product', 3567, NULL, 2060, 1757659247),
(3772, 'recently_viewed_product', 3568, NULL, 2060, 1757662061),
(3773, 'recently_viewed_product', 3569, NULL, 2061, 1757663410),
(3775, 'recently_viewed_product', 3571, NULL, 2062, 1757635200),
(3777, 'recently_viewed_product', 3573, NULL, 2061, 1757695886),
(3778, 'recently_viewed_product', 3574, NULL, 2060, 1757696337),
(3779, 'recently_viewed_product', 3575, NULL, 2059, 1757635200),
(3781, 'recently_viewed_product', 3577, NULL, 2060, 1757723921),
(3782, 'recently_viewed_product', 3578, NULL, 2061, 1757761146),
(3783, 'recently_viewed_product', 3579, NULL, 2061, 1757772772),
(3784, 'recently_viewed_product', 3580, NULL, 2054, 1757721600),
(3785, 'recently_viewed_product', 3581, NULL, 2060, 1757785702),
(3787, 'recently_viewed_product', 3583, NULL, 2060, 1757824907),
(3788, 'recently_viewed_product', 3584, NULL, 2061, 1757834922),
(3789, 'recently_viewed_product', 3585, NULL, 2055, 1757808000),
(3792, 'recently_viewed_product', 3588, NULL, 2054, 1757808000),
(3794, 'recently_viewed_product', 3590, NULL, 2061, 1757883470),
(3795, 'recently_viewed_product', 3591, NULL, 2060, 1757883483),
(3797, 'recently_viewed_product', 3593, NULL, 2060, 1757888181),
(3798, 'recently_viewed_product', 3594, NULL, 2059, 1757894400),
(3800, 'recently_viewed_product', 3595, NULL, 2062, 1757907697),
(3801, 'recently_viewed_product', 3596, NULL, 2061, 1757916371),
(3802, 'recently_viewed_product', 3597, NULL, 2060, 1757916556),
(3803, 'recently_viewed_product', 3598, NULL, 2061, 1757894400),
(3804, 'recently_viewed_product', 3599, NULL, 2061, 1757939387),
(3807, 'recently_viewed_product', 3602, NULL, 2061, 1757970886),
(3808, 'recently_viewed_product', 3609, NULL, 2060, 1757980800),
(3809, 'recently_viewed_product', 3610, NULL, 2058, 1757980800),
(3810, 'recently_viewed_product', 3611, NULL, 2060, 1758005703),
(3811, 'recently_viewed_product', 3612, NULL, 2054, 1757980800),
(3812, 'recently_viewed_product', 3613, NULL, 2060, 1758035257),
(3814, 'recently_viewed_product', 3615, NULL, 2061, 1758044816),
(3815, 'recently_viewed_product', 3616, NULL, 2060, 1758045090),
(3817, 'recently_viewed_product', 3617, NULL, 2061, 1758059668),
(3818, 'recently_viewed_product', 3618, NULL, 2061, 1758069453),
(3819, 'recently_viewed_product', 3619, NULL, 2061, 1758069601),
(3821, 'recently_viewed_product', 3621, NULL, 2061, 1758086857),
(3823, 'recently_viewed_product', 3623, NULL, 2060, 1758100483),
(3825, 'recently_viewed_product', 3625, NULL, 2060, 1758124367),
(3826, 'recently_viewed_product', 3626, NULL, 2054, 1758067200),
(3827, 'recently_viewed_product', 3627, NULL, 2062, 1758141702),
(3828, 'recently_viewed_product', 3628, NULL, 2059, 1758067200),
(3830, 'recently_viewed_product', 3630, NULL, 2060, 1758182811),
(3833, 'recently_viewed_product', 3633, NULL, 2061, 1758196586),
(3834, 'recently_viewed_product', 3634, NULL, 2061, 1758153600),
(3836, 'recently_viewed_product', 3637, NULL, 2061, 1758274402),
(3837, 'recently_viewed_product', 3638, NULL, 2061, 1758281085),
(3839, 'recently_viewed_product', 3640, NULL, 2060, 1758313951),
(3841, 'recently_viewed_product', 3648, NULL, 2061, 1758354286),
(3842, 'recently_viewed_product', 3649, NULL, 2060, 1758355742),
(3844, 'recently_viewed_product', 3651, NULL, 2061, 1758412211),
(3845, 'recently_viewed_product', 3652, NULL, 2060, 1758415402),
(3847, 'recently_viewed_product', 3654, NULL, 2060, 1758437719),
(3849, 'recently_viewed_product', 3656, NULL, 2061, 1758488663),
(3850, 'recently_viewed_product', 3657, NULL, 2061, 1758493125),
(3851, 'recently_viewed_product', 3658, NULL, 2060, 1758493377),
(3852, 'recently_viewed_product', 3659, NULL, 2061, 1758495421),
(3853, 'recently_viewed_product', 3660, NULL, 2060, 1758511126),
(3854, 'recently_viewed_product', 3661, NULL, 2054, 1758529032),
(3857, 'recently_viewed_product', 3664, NULL, 2060, 1758563998),
(3858, 'recently_viewed_product', 3665, NULL, 2059, 1758499200),
(3859, 'recently_viewed_product', 3666, NULL, 2060, 1758592302),
(3860, 'recently_viewed_product', 3667, NULL, 2061, 1758597199),
(3865, 'recently_viewed_product', 3683, NULL, 2061, 1758674123),
(3866, 'recently_viewed_product', 3684, NULL, 2060, 1758678004),
(3868, 'recently_viewed_product', 3686, NULL, 2061, 1758688921),
(3870, 'recently_viewed_product', 3688, NULL, 2061, 1758782577),
(3871, 'recently_viewed_product', 3689, NULL, 2055, 1758758400),
(3872, 'recently_viewed_product', 3690, NULL, 2060, 1758788581),
(3873, 'recently_viewed_product', 3691, NULL, 2061, 1758791431),
(3874, 'recently_viewed_product', 3693, NULL, 2061, 1758844715),
(3877, 'recently_viewed_product', 3696, NULL, 2061, 1758888049),
(3879, 'recently_viewed_product', 3698, NULL, 2060, 1758893433),
(3880, 'recently_viewed_product', 3699, NULL, 2060, 1758894971),
(3881, 'recently_viewed_product', 3700, NULL, 2061, 1758921465),
(3882, 'recently_viewed_product', 3701, NULL, 2058, 1758927827),
(3886, 'recently_viewed_product', 3705, NULL, 2060, 1758983343),
(3887, 'recently_viewed_product', 3706, NULL, 2054, 1759009795),
(3888, 'recently_viewed_product', 3707, NULL, 2060, 1759037206),
(3889, 'recently_viewed_product', 3708, NULL, 2060, 1759017600),
(3890, 'recently_viewed_product', 3709, NULL, 2059, 1759017600),
(3891, 'recently_viewed_product', 3710, NULL, 2060, 1759055626),
(3901, 'recently_viewed_product', 3715, NULL, 2054, 1759104000),
(3903, 'recently_viewed_product', 3717, NULL, 2061, 1759137644),
(3904, 'recently_viewed_product', 3718, NULL, 2060, 1759140141),
(3905, 'recently_viewed_product', 3719, NULL, 2061, 1759147083),
(3906, 'recently_viewed_product', 3720, NULL, 2060, 1759156592),
(3907, 'recently_viewed_product', 3721, NULL, 2058, 1759104000),
(3909, 'recently_viewed_product', 3723, NULL, 2060, 1759104000),
(3910, 'recently_viewed_product', 3724, NULL, 2060, 1759172991),
(3911, 'recently_viewed_product', 3725, NULL, 2061, 1759104000),
(3914, 'recently_viewed_product', 3728, NULL, 2061, 1759224677),
(3916, 'recently_viewed_product', 3730, NULL, 2060, 1759233943),
(3917, 'recently_viewed_product', 3731, NULL, 2061, 1759234112),
(3918, 'recently_viewed_product', 3732, NULL, 2060, 1759234719),
(3920, 'recently_viewed_product', 3734, NULL, 2061, 1759190400),
(3921, 'recently_viewed_product', 3735, NULL, 2061, 1759298226),
(3922, 'recently_viewed_product', 3736, NULL, 2061, 1759340015),
(3924, 'recently_viewed_product', 3738, NULL, 2060, 1759355684),
(3925, 'recently_viewed_product', 3739, NULL, 2060, 1759412121),
(3926, 'recently_viewed_product', 3740, NULL, 2061, 1759426959),
(3928, 'recently_viewed_product', 3742, NULL, 2054, 1759481366),
(3929, 'recently_viewed_product', 3743, NULL, 2054, 1759488007),
(3931, 'recently_viewed_product', 3745, NULL, 2060, 1759513266),
(3932, 'recently_viewed_product', 3746, NULL, 2060, 1759546301),
(3933, 'recently_viewed_product', 3747, NULL, 2054, 1759554290),
(3934, 'recently_viewed_product', 3748, NULL, 2054, 1759558951),
(3935, 'recently_viewed_product', 3749, NULL, 2060, 1759637515),
(3937, 'recently_viewed_product', 3751, NULL, 2054, 1759653942),
(3938, 'recently_viewed_product', 3752, NULL, 2060, 1759657000),
(3939, 'recently_viewed_product', 3753, NULL, 2062, 1759663197),
(3940, 'recently_viewed_product', 3754, NULL, 2054, 1759663584),
(3941, 'recently_viewed_product', 3755, NULL, 2062, 1759683561),
(3942, 'recently_viewed_product', 3756, NULL, 2060, 1759740867),
(3943, 'recently_viewed_product', 3757, NULL, 2060, 1759772814),
(3947, 'recently_viewed_product', 3762, NULL, 2060, 1759818573),
(3949, 'recently_viewed_product', 3764, NULL, 2060, 1759922189),
(3952, 'recently_viewed_product', 3767, NULL, 2060, 1759938496),
(3954, 'recently_viewed_product', 3769, NULL, 2054, 1759999710),
(3957, 'recently_viewed_product', 3772, NULL, 2060, 1760048651),
(3958, 'recently_viewed_product', 3773, NULL, 2061, 1759968000),
(3959, 'recently_viewed_product', 3774, NULL, 2062, 1760061563),
(3961, 'recently_viewed_product', 3776, NULL, 2054, 1760068206),
(3962, 'recently_viewed_product', 3777, NULL, 2054, 1760069905),
(3963, 'recently_viewed_product', 3778, NULL, 2060, 1760071648),
(3964, 'recently_viewed_product', 3779, NULL, 2060, 1760123411),
(3965, 'recently_viewed_product', 3780, NULL, 2054, 1760131197),
(3966, 'recently_viewed_product', 3781, NULL, 2054, 1760134879),
(3967, 'recently_viewed_product', 3782, NULL, 2060, 1760175294),
(3968, 'recently_viewed_product', 3783, NULL, 2060, 1760203780),
(3971, 'recently_viewed_product', 3786, NULL, 2060, 1760265130),
(3972, 'recently_viewed_product', 3787, NULL, 2054, 1760265855),
(3974, 'recently_viewed_product', 3789, NULL, 2060, 1760279666),
(3976, 'recently_viewed_product', 3791, NULL, 2061, 1760332852),
(3978, 'recently_viewed_product', 3793, NULL, 2054, 1760352040),
(3979, 'recently_viewed_product', 3794, NULL, 2060, 1760380954),
(3980, 'recently_viewed_product', 3795, NULL, 2060, 1760431074),
(3982, 'recently_viewed_product', 3797, NULL, 2054, 1760482822),
(3983, 'recently_viewed_product', 3798, NULL, 2060, 1760499792),
(3986, 'recently_viewed_product', 3801, NULL, 2060, 1760572434),
(3988, 'recently_viewed_product', 3803, NULL, 2060, 1760590237),
(3991, 'recently_viewed_product', 3806, NULL, 2060, 1760604101),
(3992, 'recently_viewed_product', 3807, NULL, 2062, 1760604720),
(3997, 'recently_viewed_product', 3812, NULL, 2055, 1760572800),
(3998, 'recently_viewed_product', 3813, NULL, 2060, 1760677357),
(4002, 'recently_viewed_product', 3816, NULL, 2061, 1760713626),
(4003, 'recently_viewed_product', 3817, NULL, 2060, 1760714109),
(4005, 'recently_viewed_product', 3819, NULL, 2062, 1760718605),
(4006, 'recently_viewed_product', 3820, NULL, 2059, 1760718754),
(4009, 'recently_viewed_product', 3823, NULL, 2060, 1760776830),
(4010, 'recently_viewed_product', 3824, NULL, 2058, 1760785606),
(4012, 'recently_viewed_product', 3826, NULL, 2054, 1760801496),
(4013, 'recently_viewed_product', 3827, NULL, 2061, 1760803587),
(4015, 'recently_viewed_product', 3829, NULL, 2062, 1760808611),
(4016, 'recently_viewed_product', 3830, NULL, 2059, 1760809510),
(4017, 'recently_viewed_product', 3831, NULL, 2060, 1760810153),
(4019, 'recently_viewed_product', 3833, NULL, 2060, 1760840570),
(4020, 'recently_viewed_product', 3834, NULL, 2059, 1760745600),
(4022, 'recently_viewed_product', 3836, NULL, 2054, 1760864702),
(4023, 'recently_viewed_product', 3837, NULL, 2061, 1760867555),
(4026, 'recently_viewed_product', 3840, NULL, 2060, 1760883645),
(4030, 'recently_viewed_product', 3845, NULL, 2060, 1760942612),
(4031, 'recently_viewed_product', 3846, NULL, 2060, 1760943899),
(4032, 'recently_viewed_product', 3847, NULL, 2058, 1760952345),
(4033, 'recently_viewed_product', 3848, NULL, 2055, 1760958920),
(4035, 'recently_viewed_product', 3850, NULL, 2061, 1760972502),
(4038, 'recently_viewed_product', 3853, NULL, 2062, 1760977735),
(4042, 'recently_viewed_product', 3858, NULL, 2060, 1761014385),
(4043, 'recently_viewed_product', 3859, NULL, 2054, 1761017045),
(4045, 'recently_viewed_product', 3861, NULL, 2058, 1761034416),
(4046, 'recently_viewed_product', 3862, NULL, 2055, 1761004800),
(4048, 'recently_viewed_product', 3864, NULL, 2061, 1761052615),
(4049, 'recently_viewed_product', 3865, NULL, 2054, 1761055595),
(4050, 'recently_viewed_product', 3866, NULL, 2062, 1761057509),
(4051, 'recently_viewed_product', 3867, NULL, 2054, 1761061357),
(4054, 'recently_viewed_product', 3870, NULL, 2060, 1761072542),
(4055, 'recently_viewed_product', 3871, NULL, 2060, 1761082251),
(4056, 'recently_viewed_product', 3872, NULL, 2058, 1761091368),
(4057, 'recently_viewed_product', 3873, NULL, 2060, 1761098421),
(4059, 'recently_viewed_product', 3875, NULL, 2061, 1761108855);
INSERT INTO `catalog_product_frontend_action` (`action_id`, `type_id`, `visitor_id`, `customer_id`, `product_id`, `added_at`) VALUES
(4060, 'recently_viewed_product', 3876, NULL, 2061, 1761091200),
(4061, 'recently_viewed_product', 3877, NULL, 2059, 1761114208),
(4062, 'recently_viewed_product', 3879, NULL, 2062, 1761116168),
(4064, 'recently_viewed_product', 3881, NULL, 2054, 1761126801),
(4065, 'recently_viewed_product', 3882, NULL, 2060, 1761132173),
(4066, 'recently_viewed_product', 3883, NULL, 2054, 1761140460),
(4068, 'recently_viewed_product', 3885, NULL, 2054, 1761168776),
(4069, 'recently_viewed_product', 3886, NULL, 2060, 1761169937),
(4070, 'recently_viewed_product', 3887, NULL, 2058, 1761175699),
(4072, 'recently_viewed_product', 3889, NULL, 2055, 1761184597),
(4073, 'recently_viewed_product', 3890, NULL, 2062, 1761177600),
(4074, 'recently_viewed_product', 3891, NULL, 2054, 1761196091),
(4075, 'recently_viewed_product', 3892, NULL, 2060, 1761197311),
(4078, 'recently_viewed_product', 3895, NULL, 2054, 1761209183),
(4080, 'recently_viewed_product', 3897, NULL, 2054, 1761230293),
(4081, 'recently_viewed_product', 3898, NULL, 2060, 1761233284),
(4083, 'recently_viewed_product', 3900, NULL, 2058, 1761264135),
(4084, 'recently_viewed_product', 3901, NULL, 2055, 1761270037),
(4086, 'recently_viewed_product', 3903, NULL, 2054, 1761282342),
(4087, 'recently_viewed_product', 3904, NULL, 2054, 1761283206),
(4089, 'recently_viewed_product', 3905, NULL, 2062, 1761287323),
(4091, 'recently_viewed_product', 3907, NULL, 2060, 1761305521),
(4092, 'recently_viewed_product', 3908, NULL, 2054, 1761307079),
(4094, 'recently_viewed_product', 3911, NULL, 2060, 1761348604),
(4095, 'recently_viewed_product', 3912, NULL, 2058, 1761350588),
(4096, 'recently_viewed_product', 3913, NULL, 2055, 1761356149),
(4099, 'recently_viewed_product', 3916, NULL, 2054, 1761373848),
(4100, 'recently_viewed_product', 3917, NULL, 2060, 1761375226),
(4102, 'recently_viewed_product', 3919, NULL, 2060, 1761384539),
(4105, 'recently_viewed_product', 3922, NULL, 2054, 1761405743),
(4107, 'recently_viewed_product', 3924, NULL, 2054, 1761428400),
(4108, 'recently_viewed_product', 3925, NULL, 2060, 1761430330),
(4109, 'recently_viewed_product', 3926, NULL, 2058, 1761439336),
(4110, 'recently_viewed_product', 3927, NULL, 2060, 1761442399),
(4112, 'recently_viewed_product', 3929, NULL, 2059, 1761436800),
(4113, 'recently_viewed_product', 3930, NULL, 2061, 1761454242),
(4117, 'recently_viewed_product', 3932, NULL, 2060, 1761469283),
(4119, 'recently_viewed_product', 3934, NULL, 2054, 1761473952),
(4120, 'recently_viewed_product', 3935, NULL, 2060, 1761496741),
(4121, 'recently_viewed_product', 3936, NULL, 2054, 1761503283),
(4122, 'recently_viewed_product', 3937, NULL, 2054, 1761509925),
(4123, 'recently_viewed_product', 3938, NULL, 2058, 1761523815),
(4124, 'recently_viewed_product', 3939, NULL, 2055, 1761529229),
(4126, 'recently_viewed_product', 3941, NULL, 2060, 1761545691),
(4127, 'recently_viewed_product', 3942, NULL, 2054, 1761550511),
(4129, 'recently_viewed_product', 3945, NULL, 2054, 1761574384),
(4133, 'recently_viewed_product', 3951, NULL, 2060, 1761607009),
(4134, 'recently_viewed_product', 3952, NULL, 2058, 1761609699),
(4135, 'recently_viewed_product', 3953, NULL, 2055, 1761615850),
(4137, 'recently_viewed_product', 3955, NULL, 2054, 1761619569),
(4138, 'recently_viewed_product', 3956, NULL, 2060, 1761623903),
(4139, 'recently_viewed_product', 3957, NULL, 2061, 1761627138),
(4140, 'recently_viewed_product', 3958, NULL, 2054, 1761628033),
(4141, 'recently_viewed_product', 3959, NULL, 2054, 1761628834),
(4142, 'recently_viewed_product', 3961, NULL, 2054, 1761682072),
(4143, 'recently_viewed_product', 3963, NULL, 2062, 1761609600),
(4144, 'recently_viewed_product', 3964, NULL, 2054, 1761698614),
(4145, 'recently_viewed_product', 3965, NULL, 2054, 1761703645),
(4147, 'recently_viewed_product', 3984, NULL, 2054, 1761725275),
(4148, 'recently_viewed_product', 4008, NULL, 2062, 1761768433),
(4149, 'recently_viewed_product', 4010, NULL, 2060, 1761776130),
(4150, 'recently_viewed_product', 4014, NULL, 2055, 1761782400),
(4151, 'recently_viewed_product', 4015, NULL, 2054, 1761802442),
(4152, 'recently_viewed_product', 4016, NULL, 2060, 1761802479),
(4153, 'recently_viewed_product', 4017, NULL, 2054, 1761803475),
(4154, 'recently_viewed_product', 4022, NULL, 2054, 1761825079),
(4156, 'recently_viewed_product', 4029, NULL, 2054, 1761855402),
(4157, 'recently_viewed_product', 4031, NULL, 2060, 1761865312),
(4158, 'recently_viewed_product', 4035, NULL, 2060, 1761898217),
(4160, 'recently_viewed_product', 4041, NULL, 2054, 1761938793),
(4161, 'recently_viewed_product', 4044, NULL, 2054, 1761940503),
(4163, 'recently_viewed_product', 4050, NULL, 2060, 1761960952),
(4165, 'recently_viewed_product', 4061, NULL, 2054, 1761999536),
(4170, 'recently_viewed_product', 4067, NULL, 2060, 1762011612),
(4172, 'recently_viewed_product', 4071, NULL, 2054, 1762036463),
(4174, 'recently_viewed_product', 4078, NULL, 2062, 1762074485),
(4176, 'recently_viewed_product', 4081, NULL, 2060, 1762091648),
(4178, 'recently_viewed_product', 4084, NULL, 2054, 1762107033),
(4179, 'recently_viewed_product', 4095, NULL, 2060, 1762159387),
(4180, 'recently_viewed_product', 4096, NULL, 2054, 1762160204),
(4182, 'recently_viewed_product', 4114, NULL, 2054, 1762229106),
(4184, 'recently_viewed_product', 4129, NULL, 2062, 1762279206),
(4185, 'recently_viewed_product', 4130, NULL, 2054, 1762281362),
(4186, 'recently_viewed_product', 4143, NULL, 2054, 1762335313),
(4187, 'recently_viewed_product', 4147, NULL, 2060, 1762343542),
(4189, 'recently_viewed_product', 4153, NULL, 2054, 1762373828),
(4191, 'recently_viewed_product', 4157, NULL, 2060, 1762382544),
(4193, 'recently_viewed_product', 4177, NULL, 2060, 1762471451),
(4194, 'recently_viewed_product', 4182, NULL, 2060, 1762494055),
(4196, 'recently_viewed_product', 4192, NULL, 2054, 1762537768),
(4197, 'recently_viewed_product', 4197, NULL, 2054, 1762553173),
(4198, 'recently_viewed_product', 4198, NULL, 2060, 1762553341),
(4201, 'recently_viewed_product', 4209, NULL, 2054, 1762598874),
(4203, 'recently_viewed_product', 4220, NULL, 2054, 1762642055),
(4204, 'recently_viewed_product', 4221, NULL, 2060, 1762643069),
(4206, 'recently_viewed_product', 4223, NULL, 2054, 1762644820),
(4210, 'recently_viewed_product', 4235, NULL, 2055, 1762687537),
(4211, 'recently_viewed_product', 4236, NULL, 2058, 1762688506),
(4212, 'recently_viewed_product', 4238, NULL, 2054, 1762692734),
(4213, 'recently_viewed_product', 4239, NULL, 2054, 1762694014),
(4214, 'recently_viewed_product', 4241, NULL, 2055, 1762646400),
(4215, 'recently_viewed_product', 4242, NULL, 2054, 1762715279),
(4216, 'recently_viewed_product', 4243, NULL, 2054, 1762716338),
(4217, 'recently_viewed_product', 4248, NULL, 2060, 1762727649),
(4218, 'recently_viewed_product', 4249, NULL, 2054, 1762646400),
(4219, 'recently_viewed_product', 4252, NULL, 2061, 1762646400),
(4220, 'recently_viewed_product', 4256, NULL, 2055, 1762732800),
(4224, 'recently_viewed_product', 4261, NULL, 2054, 1762732800),
(4225, 'recently_viewed_product', 4270, NULL, 2059, 1762786459),
(4226, 'recently_viewed_product', 4271, NULL, 2055, 1762787684),
(4227, 'recently_viewed_product', 4272, NULL, 2055, 1762732800),
(4228, 'recently_viewed_product', 4274, NULL, 2060, 1762799143),
(4230, 'recently_viewed_product', 4276, NULL, 2054, 1762800956),
(4231, 'recently_viewed_product', 4278, NULL, 2060, 1762802946),
(4232, 'recently_viewed_product', 4279, NULL, 2054, 1762732800),
(4233, 'recently_viewed_product', 4281, NULL, 2062, 1762808911),
(4234, 'recently_viewed_product', 4291, NULL, 2058, 1762834045),
(4236, 'recently_viewed_product', 4297, NULL, 2054, 1762819200),
(4237, 'recently_viewed_product', 4303, NULL, 2058, 1762819200),
(4239, 'recently_viewed_product', 4309, NULL, 2058, 1762890051),
(4240, 'recently_viewed_product', 4318, NULL, 2058, 1762905600),
(4242, 'recently_viewed_product', 4323, NULL, 2054, 1762905600),
(4243, 'recently_viewed_product', 4324, NULL, 2054, 1762905600),
(4244, 'recently_viewed_product', 4326, NULL, 2054, 1762927649),
(4248, 'recently_viewed_product', 4335, NULL, 2055, 1762905600),
(4249, 'recently_viewed_product', 4337, NULL, 2059, 1762905600),
(4250, 'recently_viewed_product', 4338, NULL, 2061, 1762905600),
(4251, 'recently_viewed_product', 4339, NULL, 2062, 1762905600),
(4253, 'recently_viewed_product', 4344, NULL, 2054, 1762957754),
(4255, 'recently_viewed_product', 4362, NULL, 2060, 1762982012),
(4259, 'recently_viewed_product', 4371, NULL, 2062, 1763000545),
(4261, 'recently_viewed_product', 4389, NULL, 2054, 1763060245),
(4263, 'recently_viewed_product', 4409, NULL, 2059, 1763078400),
(4268, 'recently_viewed_product', 4416, NULL, 2054, 1763128797),
(4270, 'recently_viewed_product', 4429, NULL, 2062, 1763160849),
(4271, 'recently_viewed_product', 4431, NULL, 2054, 1763165587),
(4272, 'recently_viewed_product', 4434, NULL, 2060, 1763166316),
(4274, 'recently_viewed_product', 4444, NULL, 2060, 1763190081),
(4275, 'recently_viewed_product', 4448, NULL, 2054, 1763202059),
(4278, 'recently_viewed_product', 4457, NULL, 2060, 1763164800),
(4280, 'recently_viewed_product', 4466, NULL, 2054, 1763232304),
(4282, 'recently_viewed_product', 4482, NULL, 2060, 1763270693),
(4284, 'recently_viewed_product', 4502, NULL, 2055, 1763344140),
(4287, 'recently_viewed_product', 4524, NULL, 2054, 1763411006),
(4294, 'recently_viewed_product', 4558, NULL, 2054, 1763424000),
(4295, 'recently_viewed_product', 4560, NULL, 2062, 1763495227),
(4296, 'recently_viewed_product', 4566, NULL, 2058, 1763517869),
(4297, 'recently_viewed_product', 4567, NULL, 2058, 1763517870),
(4298, 'recently_viewed_product', 4568, NULL, 2058, 1763517870),
(4299, 'recently_viewed_product', 4569, NULL, 2058, 1763521468),
(4300, 'recently_viewed_product', 4570, NULL, 2058, 1763521597),
(4301, 'recently_viewed_product', 4571, NULL, 2058, 1763521778),
(4302, 'recently_viewed_product', 4585, NULL, 2058, 1763553761),
(4303, 'recently_viewed_product', 4586, NULL, 2054, 1763556469),
(4304, 'recently_viewed_product', 4592, NULL, 2054, 1763578140),
(4306, 'recently_viewed_product', 4600, NULL, 2060, 1763613682),
(4307, 'recently_viewed_product', 4602, NULL, 2061, 1763596800),
(4308, 'recently_viewed_product', 4606, NULL, 2060, 1763635245),
(4309, 'recently_viewed_product', 4610, NULL, 2062, 1763647215),
(4313, 'recently_viewed_product', 4636, NULL, 2054, 1763748610),
(4314, 'recently_viewed_product', 4639, NULL, 2060, 1763757172),
(4315, 'recently_viewed_product', 4644, NULL, 2055, 1763769600),
(4316, 'recently_viewed_product', 4648, NULL, 2054, 1763800069),
(4317, 'recently_viewed_product', 4659, NULL, 2058, 1763769600),
(4319, 'recently_viewed_product', 4673, NULL, 2054, 1763880893),
(4320, 'recently_viewed_product', 4676, NULL, 2054, 1763856000),
(4321, 'recently_viewed_product', 4723, NULL, 2059, 1764028800),
(4322, 'recently_viewed_product', 4728, NULL, 2060, 1764068710),
(4325, 'recently_viewed_product', 4741, NULL, 2060, 1764114284),
(4326, 'recently_viewed_product', 4744, NULL, 2054, 1764119812),
(4327, 'recently_viewed_product', 4746, NULL, 2060, 1764128865),
(4329, 'recently_viewed_product', 4752, NULL, 2061, 1764115200),
(4330, 'recently_viewed_product', 4759, NULL, 2054, 1764172077),
(4331, 'recently_viewed_product', 4761, NULL, 2054, 1764173197),
(4332, 'recently_viewed_product', 4773, NULL, 2054, 1764219889),
(4333, 'recently_viewed_product', 4777, NULL, 2054, 1764232535),
(4334, 'recently_viewed_product', 4780, NULL, 2058, 1764240345),
(4335, 'recently_viewed_product', 4781, NULL, 2058, 1764240356),
(4338, 'recently_viewed_product', 4792, NULL, 2054, 1764270585),
(4339, 'recently_viewed_product', 4795, NULL, 2060, 1764279151),
(4340, 'recently_viewed_product', 4808, NULL, 2060, 1764310584),
(4343, 'recently_viewed_product', 4813, NULL, 2060, 1764322594),
(4344, 'recently_viewed_product', 4815, NULL, 2054, 1764326974),
(4346, 'recently_viewed_product', 4826, NULL, 2054, 1764361776),
(4347, 'recently_viewed_product', 4829, NULL, 2054, 1764381824),
(4348, 'recently_viewed_product', 4831, NULL, 2060, 1764384748),
(4349, 'recently_viewed_product', 4839, NULL, 2060, 1764418044),
(4351, 'recently_viewed_product', 4860, NULL, 2060, 1764489736),
(4352, 'recently_viewed_product', 4865, NULL, 2060, 1764509888),
(4353, 'recently_viewed_product', 4883, NULL, 2058, 1764547200),
(4355, 'recently_viewed_product', 4886, NULL, 2054, 1764569268),
(4356, 'recently_viewed_product', 4889, NULL, 2060, 1764575632),
(4358, 'recently_viewed_product', 4902, NULL, 2054, 1764619471),
(4360, 'recently_viewed_product', 4905, NULL, 2060, 1764626392),
(4362, 'recently_viewed_product', 4918, NULL, 2060, 1764669086),
(4363, 'recently_viewed_product', 4925, NULL, 2054, 1764688440),
(4364, 'recently_viewed_product', 4933, NULL, 2061, 1764633600),
(4365, 'recently_viewed_product', 4934, NULL, 2060, 1764718936),
(4367, 'recently_viewed_product', 4943, NULL, 2054, 1764739801),
(4368, 'recently_viewed_product', 4951, NULL, 2060, 1764770212),
(4369, 'recently_viewed_product', 4954, NULL, 2054, 1764720000),
(4370, 'recently_viewed_product', 4958, NULL, 2060, 1764788013),
(4372, 'recently_viewed_product', 4964, NULL, 2061, 1764806400),
(4374, 'recently_viewed_product', 5029, NULL, 2054, 1764849514),
(4375, 'recently_viewed_product', 5031, NULL, 2054, 1764851908),
(4376, 'recently_viewed_product', 5033, NULL, 2059, 1764806400),
(4377, 'recently_viewed_product', 5035, NULL, 2055, 1764806400),
(4378, 'recently_viewed_product', 5040, NULL, 2054, 1764879215),
(4379, 'recently_viewed_product', 5043, NULL, 2054, 1764889974),
(4380, 'recently_viewed_product', 5047, NULL, 2060, 1764905425),
(4382, 'recently_viewed_product', 5053, NULL, 2060, 1764925478),
(4385, 'recently_viewed_product', 5059, NULL, 2054, 1764936272),
(4387, 'recently_viewed_product', 5068, NULL, 2054, 1764966769),
(4388, 'recently_viewed_product', 5069, NULL, 2060, 1764966762),
(4389, 'recently_viewed_product', 5072, NULL, 2060, 1764973121),
(4391, 'recently_viewed_product', 5075, NULL, 2054, 1764977836),
(4392, 'recently_viewed_product', 5076, NULL, 2054, 1764979034),
(4395, 'recently_viewed_product', 5088, NULL, 2060, 1765011461),
(4396, 'recently_viewed_product', 5090, NULL, 2054, 1765017035),
(4397, 'recently_viewed_product', 5092, NULL, 2060, 1765021879),
(4401, 'recently_viewed_product', 5099, NULL, 2054, 1765029289),
(4404, 'recently_viewed_product', 5106, NULL, 2060, 1765054564),
(4406, 'recently_viewed_product', 5114, NULL, 2060, 1765078019),
(4407, 'recently_viewed_product', 5117, NULL, 2054, 1765086660),
(4411, 'recently_viewed_product', 5129, NULL, 2060, 1765125504),
(4412, 'recently_viewed_product', 5134, NULL, 2054, 1765143470),
(4413, 'recently_viewed_product', 5136, NULL, 2054, 1765149959),
(4414, 'recently_viewed_product', 5137, NULL, 2060, 1765151431),
(4415, 'recently_viewed_product', 5143, NULL, 2054, 1765165428),
(4417, 'recently_viewed_product', 5146, NULL, 2060, 1765177389),
(4418, 'recently_viewed_product', 5148, NULL, 2054, 1765185301),
(4422, 'recently_viewed_product', 5157, NULL, 2060, 1765210512),
(4424, 'recently_viewed_product', 5165, NULL, 2060, 1765237811),
(4426, 'recently_viewed_product', 5170, NULL, 2054, 1765255083),
(4429, 'recently_viewed_product', 5177, NULL, 2054, 1765269838),
(4430, 'recently_viewed_product', 5179, NULL, 2060, 1765285390),
(4432, 'recently_viewed_product', 5182, NULL, 2059, 1765287038),
(4433, 'recently_viewed_product', 5183, NULL, 2060, 1765287695),
(4435, 'recently_viewed_product', 5190, NULL, 2054, 1765238400),
(4440, 'recently_viewed_product', 5201, NULL, 2054, 1765325627),
(4441, 'recently_viewed_product', 5202, NULL, 2054, 1765328648),
(4442, 'recently_viewed_product', 5205, NULL, 2060, 1765333998),
(4444, 'recently_viewed_product', 5214, NULL, 2061, 1765324800),
(4445, 'recently_viewed_product', 5215, NULL, 2059, 1765324800),
(4446, 'recently_viewed_product', 5217, NULL, 2054, 1765364606),
(4447, 'recently_viewed_product', 5218, NULL, 2060, 1765364728),
(4448, 'recently_viewed_product', 5222, NULL, 2054, 1765372848),
(4451, 'recently_viewed_product', 5231, NULL, 2061, 1765324800),
(4452, 'recently_viewed_product', 5235, NULL, 2060, 1765400746),
(4453, 'recently_viewed_product', 5236, NULL, 2054, 1765404718),
(4456, 'recently_viewed_product', 5242, NULL, 2060, 1765432492),
(4457, 'recently_viewed_product', 5247, NULL, 2054, 1765441209),
(4458, 'recently_viewed_product', 5248, NULL, 2054, 1765442425),
(4460, 'recently_viewed_product', 5250, NULL, 2060, 1765443090),
(4462, 'recently_viewed_product', 5255, NULL, 2054, 1765453518),
(4463, 'recently_viewed_product', 5257, NULL, 2060, 1765464771),
(4465, 'recently_viewed_product', 5260, NULL, 2060, 1765476371),
(4467, 'recently_viewed_product', 5263, NULL, 2054, 1765483482),
(4468, 'recently_viewed_product', 5272, NULL, 2054, 1765506650),
(4470, 'recently_viewed_product', 5274, NULL, 2054, 1765497600),
(4473, 'recently_viewed_product', 5282, NULL, 2060, 1765536211),
(4474, 'recently_viewed_product', 5284, NULL, 2054, 1765540219),
(4476, 'recently_viewed_product', 5286, NULL, 2060, 1765541549),
(4478, 'recently_viewed_product', 5302, NULL, 2060, 1765609244),
(4479, 'recently_viewed_product', 5304, NULL, 2054, 1765611060),
(4482, 'recently_viewed_product', 5324, NULL, 2060, 1765682804),
(4483, 'recently_viewed_product', 5327, NULL, 2054, 1765685493),
(4484, 'recently_viewed_product', 5330, NULL, 2054, 1765709918),
(4486, 'recently_viewed_product', 5336, NULL, 2054, 1765735113),
(4488, 'recently_viewed_product', 5339, NULL, 2060, 1765740563),
(4489, 'recently_viewed_product', 5344, NULL, 2060, 1765758616),
(4490, 'recently_viewed_product', 5349, NULL, 2054, 1765782076),
(4492, 'recently_viewed_product', 5354, NULL, 2060, 1765794963),
(4495, 'recently_viewed_product', 5363, NULL, 2060, 1765827850),
(4496, 'recently_viewed_product', 5369, NULL, 2054, 1765843104),
(4498, 'recently_viewed_product', 5378, NULL, 2060, 1765880732),
(4499, 'recently_viewed_product', 5380, NULL, 2054, 1765886650),
(4500, 'recently_viewed_product', 5381, NULL, 2060, 1765887001),
(4502, 'recently_viewed_product', 5393, NULL, 2054, 1765939201),
(4503, 'recently_viewed_product', 5394, NULL, 2054, 1765939176),
(4504, 'recently_viewed_product', 5395, NULL, 2060, 1765942663),
(4508, 'recently_viewed_product', 5403, NULL, 2054, 1765963874),
(4509, 'recently_viewed_product', 5407, NULL, 2054, 1765992375),
(4511, 'recently_viewed_product', 5410, NULL, 2060, 1766011942),
(4512, 'recently_viewed_product', 5412, NULL, 2060, 1766013299),
(4513, 'recently_viewed_product', 5415, NULL, 2054, 1766020089),
(4514, 'recently_viewed_product', 5418, NULL, 2060, 1766035524),
(4515, 'recently_viewed_product', 5422, NULL, 2054, 1766055245),
(4517, 'recently_viewed_product', 5424, NULL, 2060, 1766060340),
(4518, 'recently_viewed_product', 5428, NULL, 2058, 1766016000),
(4520, 'recently_viewed_product', 5436, NULL, 2061, 1766016000),
(4521, 'recently_viewed_product', 5441, NULL, 2060, 1766115664),
(4522, 'recently_viewed_product', 5444, NULL, 2054, 1766118245),
(4524, 'recently_viewed_product', 5451, NULL, 2060, 1766142486),
(4525, 'recently_viewed_product', 5457, NULL, 2060, 1766163734),
(4526, 'recently_viewed_product', 5462, NULL, 2054, 1766190665),
(4528, 'recently_viewed_product', 5465, NULL, 2054, 1766191744),
(4529, 'recently_viewed_product', 5467, NULL, 2054, 1766188800),
(4530, 'recently_viewed_product', 5472, NULL, 2054, 1766219803),
(4532, 'recently_viewed_product', 5476, NULL, 2060, 1766234463),
(4533, 'recently_viewed_product', 5478, NULL, 2054, 1766188800),
(4534, 'recently_viewed_product', 5480, NULL, 2060, 1766243042),
(4536, 'recently_viewed_product', 5483, NULL, 2054, 1766251831),
(4537, 'recently_viewed_product', 5487, NULL, 2054, 1766262472),
(4539, 'recently_viewed_product', 5492, NULL, 2054, 1766188800),
(4541, 'recently_viewed_product', 5495, NULL, 2054, 1766292877),
(4543, 'recently_viewed_product', 5497, NULL, 2060, 1766296521),
(4544, 'recently_viewed_product', 5499, NULL, 2060, 1766300816),
(4545, 'recently_viewed_product', 5502, NULL, 2054, 1766275200),
(4546, 'recently_viewed_product', 5506, NULL, 2060, 1766337007),
(4547, 'recently_viewed_product', 5509, NULL, 2060, 1766340738),
(4550, 'recently_viewed_product', 5518, NULL, 2054, 1766359523),
(4551, 'recently_viewed_product', 5525, NULL, 2054, 1766390456),
(4552, 'recently_viewed_product', 5528, NULL, 2060, 1766397610),
(4554, 'recently_viewed_product', 5532, NULL, 2054, 1766361600),
(4555, 'recently_viewed_product', 5534, NULL, 2060, 1766416328),
(4557, 'recently_viewed_product', 5537, NULL, 2054, 1766422133),
(4559, 'recently_viewed_product', 5545, NULL, 2062, 1766446414),
(4560, 'recently_viewed_product', 5548, NULL, 2054, 1766464126),
(4561, 'recently_viewed_product', 5549, NULL, 2060, 1766466089),
(4562, 'recently_viewed_product', 5551, NULL, 2060, 1766469956),
(4564, 'recently_viewed_product', 5553, NULL, 2054, 1766478456),
(4565, 'recently_viewed_product', 5556, NULL, 2054, 1766489091),
(4566, 'recently_viewed_product', 5557, NULL, 2058, 1766493849),
(4568, 'recently_viewed_product', 5559, NULL, 2060, 1766503036),
(4570, 'recently_viewed_product', 5567, NULL, 2054, 1766448000),
(4572, 'recently_viewed_product', 5574, NULL, 2060, 1766576488),
(4573, 'recently_viewed_product', 5577, NULL, 2054, 1766580238),
(4574, 'recently_viewed_product', 5578, NULL, 2054, 1766534400),
(4575, 'recently_viewed_product', 5584, NULL, 2060, 1766606691),
(4576, 'recently_viewed_product', 5586, NULL, 2060, 1766619219),
(4578, 'recently_viewed_product', 5589, NULL, 2054, 1766620800),
(4579, 'recently_viewed_product', 5590, NULL, 2054, 1766631036),
(4581, 'recently_viewed_product', 5595, NULL, 2059, 1766620800),
(4582, 'recently_viewed_product', 5597, NULL, 2054, 1766620800),
(4583, 'recently_viewed_product', 5599, NULL, 2054, 1766662080),
(4584, 'recently_viewed_product', 5602, NULL, 2054, 1766673687),
(4586, 'recently_viewed_product', 5610, NULL, 2054, 1766718849),
(4588, 'recently_viewed_product', 5614, NULL, 2060, 1766728196),
(4590, 'recently_viewed_product', 5620, NULL, 2060, 1766743506),
(4591, 'recently_viewed_product', 5626, NULL, 2054, 1766761657),
(4592, 'recently_viewed_product', 5627, NULL, 2054, 1766764610),
(4593, 'recently_viewed_product', 5629, NULL, 2058, 1766707200),
(4594, 'recently_viewed_product', 5631, NULL, 2058, 1766773039),
(4595, 'recently_viewed_product', 5635, NULL, 2054, 1766707200),
(4596, 'recently_viewed_product', 5639, NULL, 2054, 1766803550),
(4597, 'recently_viewed_product', 5643, NULL, 2060, 1766821027),
(4599, 'recently_viewed_product', 5645, NULL, 2054, 1766793600),
(4601, 'recently_viewed_product', 5650, NULL, 2054, 1766838331),
(4602, 'recently_viewed_product', 5654, NULL, 2054, 1766854437),
(4607, 'recently_viewed_product', 5666, NULL, 2060, 1766885413),
(4609, 'recently_viewed_product', 5669, NULL, 2054, 1766880000),
(4611, 'recently_viewed_product', 5671, NULL, 2062, 1766880000),
(4612, 'recently_viewed_product', 5678, NULL, 2060, 1766929683),
(4615, 'recently_viewed_product', 5684, NULL, 2054, 1766943146),
(4618, 'recently_viewed_product', 5691, NULL, 2054, 1766880000),
(4619, 'recently_viewed_product', 5692, NULL, 2060, 1766969386),
(4620, 'recently_viewed_product', 5701, NULL, 2060, 1766998643),
(4621, 'recently_viewed_product', 5702, NULL, 2054, 1766999904),
(4622, 'recently_viewed_product', 5705, NULL, 2060, 1767032806),
(4623, 'recently_viewed_product', 5707, NULL, 2055, 1766966400),
(4624, 'recently_viewed_product', 5708, NULL, 2054, 1767046905),
(4625, 'recently_viewed_product', 5709, NULL, 2060, 1767048475),
(4626, 'recently_viewed_product', 5710, NULL, 2060, 1767048970),
(4628, 'recently_viewed_product', 5713, NULL, 2054, 1767052800),
(4629, 'recently_viewed_product', 5714, NULL, 2054, 1767056964),
(4630, 'recently_viewed_product', 5715, NULL, 2060, 1767058598),
(4633, 'recently_viewed_product', 5724, NULL, 2054, 1767088368),
(4635, 'recently_viewed_product', 5728, NULL, 2054, 1767110077),
(4636, 'recently_viewed_product', 5730, NULL, 2060, 1767052800),
(4637, 'recently_viewed_product', 5731, NULL, 2060, 1767111700),
(4639, 'recently_viewed_product', 5732, NULL, 2054, 1767116099),
(4640, 'recently_viewed_product', 5734, NULL, 2054, 1767121832),
(4641, 'recently_viewed_product', 5735, NULL, 2060, 1767124968),
(4642, 'recently_viewed_product', 5736, NULL, 2060, 1767136913),
(4643, 'recently_viewed_product', 5741, NULL, 2060, 1767173074),
(4644, 'recently_viewed_product', 5745, NULL, 2061, 1767139200),
(4645, 'recently_viewed_product', 5747, NULL, 2054, 1767187106),
(4646, 'recently_viewed_product', 5749, NULL, 2054, 1767139200),
(4647, 'recently_viewed_product', 5750, NULL, 2060, 1767193896),
(4649, 'recently_viewed_product', 5753, NULL, 2059, 1767139200),
(4651, 'recently_viewed_product', 5758, NULL, 2055, 1767239278),
(4652, 'recently_viewed_product', 5759, NULL, 2054, 1767225600),
(4653, 'recently_viewed_product', 5763, NULL, 2055, 1767225600),
(4654, 'recently_viewed_product', 5764, NULL, 2060, 1767225600),
(4655, 'recently_viewed_product', 5765, NULL, 2058, 1767225600),
(4656, 'recently_viewed_product', 5766, NULL, 2053, 1767225600),
(4658, 'recently_viewed_product', 5769, NULL, 2054, 1767225600),
(4662, 'recently_viewed_product', 5784, NULL, 2060, 1767324996),
(4663, 'recently_viewed_product', 5788, NULL, 2054, 1767349862),
(4665, 'recently_viewed_product', 5791, NULL, 2060, 1767357533),
(4666, 'recently_viewed_product', 5793, NULL, 2062, 1767312000),
(4667, 'recently_viewed_product', 5794, NULL, 2054, 1767312000),
(4668, 'recently_viewed_product', 5796, NULL, 2054, 1767362335),
(4670, 'recently_viewed_product', 5800, NULL, 2054, 1767379568),
(4671, 'recently_viewed_product', 5801, NULL, 2062, 1767380028),
(4672, 'recently_viewed_product', 5803, NULL, 2060, 1767381784),
(4674, 'recently_viewed_product', 5810, NULL, 2054, 1767397488),
(4675, 'recently_viewed_product', 5811, NULL, 2054, 1767398854),
(4677, 'recently_viewed_product', 5814, NULL, 2054, 1767398400),
(4678, 'recently_viewed_product', 5818, NULL, 2060, 1767442438),
(4680, 'recently_viewed_product', 5820, NULL, 2054, 1767443815),
(4681, 'recently_viewed_product', 5826, NULL, 2054, 1767398400),
(4682, 'recently_viewed_product', 5831, NULL, 2055, 1767398400),
(4684, 'recently_viewed_product', 5839, NULL, 2054, 1767484800),
(4685, 'recently_viewed_product', 5840, NULL, 2059, 1767484800),
(4686, 'recently_viewed_product', 5841, NULL, 2060, 1767548001),
(4687, 'recently_viewed_product', 5848, NULL, 2055, 1767571587),
(4689, 'recently_viewed_product', 5855, NULL, 2054, 1767571200),
(4690, 'recently_viewed_product', 5857, NULL, 2060, 1767617575),
(4691, 'recently_viewed_product', 5858, NULL, 2054, 1767618466),
(4693, 'recently_viewed_product', 5864, NULL, 2054, 1767649619),
(4694, 'recently_viewed_product', 5865, NULL, 2060, 1767651568),
(4695, 'recently_viewed_product', 5867, NULL, 2054, 1767656268),
(4696, 'recently_viewed_product', 5870, NULL, 2054, 1767657600),
(4698, 'recently_viewed_product', 5873, NULL, 2062, 1767657600),
(4699, 'recently_viewed_product', 5878, NULL, 2061, 1767657600),
(4700, 'recently_viewed_product', 5879, NULL, 2054, 1767723391),
(4702, 'recently_viewed_product', 5886, NULL, 2054, 1767744000),
(4703, 'recently_viewed_product', 5889, NULL, 2054, 1767755136),
(4708, 'recently_viewed_product', 5915, NULL, 2062, 1767876459),
(4710, 'recently_viewed_product', 5919, NULL, 2054, 1767898183),
(4711, 'recently_viewed_product', 5920, NULL, 2060, 1767898786),
(4713, 'recently_viewed_product', 5927, NULL, 2054, 1767932319),
(4714, 'recently_viewed_product', 5931, NULL, 2054, 1767952724),
(4715, 'recently_viewed_product', 5933, NULL, 2060, 1767965263),
(4716, 'recently_viewed_product', 5936, NULL, 2054, 1767982182),
(4719, 'recently_viewed_product', 5942, NULL, 2054, 1767997546),
(4721, 'recently_viewed_product', 5946, NULL, 2060, 1768014977),
(4722, 'recently_viewed_product', 5953, NULL, 2060, 1768039909),
(4725, 'recently_viewed_product', 5963, NULL, 2060, 1768088824),
(4726, 'recently_viewed_product', 5964, NULL, 2061, 1768089600),
(4729, 'recently_viewed_product', 5971, NULL, 2061, 1768124224),
(4730, 'recently_viewed_product', 5975, NULL, 2058, 1768134850),
(4731, 'recently_viewed_product', 5978, NULL, 2054, 1768139803),
(4732, 'recently_viewed_product', 5979, NULL, 2059, 1768141321),
(4733, 'recently_viewed_product', 5980, NULL, 2062, 1768142075),
(4734, 'recently_viewed_product', 5984, NULL, 2061, 1768089600),
(4736, 'recently_viewed_product', 5986, NULL, 2060, 1768164337),
(4737, 'recently_viewed_product', 5992, NULL, 2060, 1768184304),
(4741, 'recently_viewed_product', 5999, NULL, 2054, 1768176000),
(4742, 'recently_viewed_product', 6001, NULL, 2054, 1768210870),
(4743, 'recently_viewed_product', 6005, NULL, 2060, 1768220054),
(4744, 'recently_viewed_product', 6006, NULL, 2054, 1768221005),
(4745, 'recently_viewed_product', 6007, NULL, 2059, 1768176000),
(4748, 'recently_viewed_product', 6014, NULL, 2060, 1768251348),
(4750, 'recently_viewed_product', 6020, NULL, 2054, 1768276378),
(4754, 'recently_viewed_product', 6037, NULL, 2054, 1768327791),
(4757, 'recently_viewed_product', 6038, NULL, 2058, 1768335020),
(4761, 'recently_viewed_product', 6045, NULL, 2054, 1768355877),
(4764, 'recently_viewed_product', 6057, NULL, 2054, 1768404480),
(4771, 'recently_viewed_product', 6070, NULL, 2054, 1768435200),
(4773, 'recently_viewed_product', 6072, NULL, 2054, 1768470016),
(4774, 'recently_viewed_product', 6079, NULL, 2061, 1768497206),
(4777, 'recently_viewed_product', 6088, NULL, 2061, 1768533155),
(4779, 'recently_viewed_product', 6092, NULL, 2061, 1768547953),
(4782, 'recently_viewed_product', 6107, NULL, 2061, 1768619582),
(4785, 'recently_viewed_product', 6112, NULL, 2061, 1768631609),
(4786, 'recently_viewed_product', 6116, NULL, 2061, 1768665384),
(4789, 'recently_viewed_product', 6125, NULL, 2061, 1768684127),
(4791, 'recently_viewed_product', 6133, NULL, 2061, 1768714929),
(4795, 'recently_viewed_product', 6145, NULL, 2061, 1768759530),
(4798, 'recently_viewed_product', 6149, NULL, 2054, 1768766456),
(4800, 'recently_viewed_product', 6156, NULL, 2061, 1768793857),
(4801, 'recently_viewed_product', 6157, NULL, 2061, 1768794835),
(4806, 'recently_viewed_product', 6173, NULL, 2061, 1768845060),
(4811, 'recently_viewed_product', 6185, NULL, 2061, 1768881693),
(4812, 'recently_viewed_product', 6187, NULL, 2061, 1768902384),
(4816, 'recently_viewed_product', 6204, NULL, 2061, 1768960610),
(4817, 'recently_viewed_product', 6205, NULL, 2054, 1768953600),
(4820, 'recently_viewed_product', 6217, NULL, 2061, 1768953600),
(4821, 'recently_viewed_product', 6218, NULL, 2061, 1769016267),
(4829, 'recently_viewed_product', NULL, NULL, 2063, 1769031704),
(4830, 'recently_viewed_product', 6225, NULL, 2061, 1769031907),
(4836, 'recently_viewed_product', NULL, NULL, 2064, 1769035103),
(4837, 'recently_viewed_product', 6226, NULL, 2061, 1769040000),
(4838, 'recently_viewed_product', 6228, NULL, 2054, 1769046542),
(4839, 'recently_viewed_product', 6229, NULL, 2061, 1769047147),
(4840, 'recently_viewed_product', 6234, NULL, 2054, 1769072604),
(4841, 'recently_viewed_product', 6235, NULL, 2059, 1769079237),
(4842, 'recently_viewed_product', 6239, NULL, 2054, 1769084185),
(4843, 'recently_viewed_product', 6242, NULL, 2061, 1769093384),
(4844, 'recently_viewed_product', 6246, NULL, 2064, 1769110103),
(4845, 'recently_viewed_product', 6250, NULL, 2061, 1769125872),
(4846, 'recently_viewed_product', 6251, NULL, 2064, 1769133416),
(4847, 'recently_viewed_product', 6252, NULL, 2061, 1769139556),
(4848, 'recently_viewed_product', 6257, NULL, 2064, 1769157254),
(4849, 'recently_viewed_product', 6258, NULL, 2054, 1769157520),
(4850, 'recently_viewed_product', 6263, NULL, 2054, 1769179948),
(4851, 'recently_viewed_product', 6268, NULL, 2061, 1769206524),
(4852, 'recently_viewed_product', 6269, NULL, 2064, 1769208152),
(4853, 'recently_viewed_product', 6270, NULL, 2054, 1769211208),
(4854, 'recently_viewed_product', 6273, NULL, 2064, 1769212800),
(4855, 'recently_viewed_product', 6274, NULL, 2054, 1769223824),
(4856, 'recently_viewed_product', 6277, NULL, 2064, 1769243170),
(4857, 'recently_viewed_product', 6282, NULL, 2054, 1769271784),
(4858, 'recently_viewed_product', 6284, NULL, 2061, 1769272831),
(4859, 'recently_viewed_product', 6285, NULL, 2064, 1769274207),
(4860, 'recently_viewed_product', 6289, NULL, 2064, 1769286152),
(4861, 'recently_viewed_product', 6294, NULL, 2064, 1769296234),
(4862, 'recently_viewed_product', 6303, NULL, 2061, 1769330907),
(4863, 'recently_viewed_product', 6304, NULL, 2064, 1769335031),
(4864, 'recently_viewed_product', 6306, NULL, 2064, 1769338853),
(4865, 'recently_viewed_product', 6308, NULL, 2054, 1769350465),
(4866, 'recently_viewed_product', 6311, NULL, 2061, 1769361526),
(4867, 'recently_viewed_product', 6317, NULL, 2058, 1769299200),
(4868, 'recently_viewed_product', 6320, NULL, 2054, 1769391580),
(4869, 'recently_viewed_product', 6322, NULL, 2064, 1769395765),
(4870, 'recently_viewed_product', 6323, NULL, 2054, 1769397673),
(4871, 'recently_viewed_product', 6327, NULL, 2061, 1769415394),
(4872, 'recently_viewed_product', 6329, NULL, 2054, 1769385600),
(4873, 'recently_viewed_product', 6332, NULL, 2061, 1769427369),
(4874, 'recently_viewed_product', 6334, NULL, 2054, 1769385600),
(4875, 'recently_viewed_product', 6335, NULL, 2064, 1769428792),
(4876, 'recently_viewed_product', 6336, NULL, 2061, 1769430074),
(4877, 'recently_viewed_product', 6340, NULL, 2064, 1769455944),
(4878, 'recently_viewed_product', 6342, NULL, 2054, 1769468165),
(4879, 'recently_viewed_product', 6346, NULL, 2054, 1769485152),
(4880, 'recently_viewed_product', 6348, NULL, 2054, 1769491228),
(4881, 'recently_viewed_product', 6351, NULL, 2064, 1769472000),
(4882, 'recently_viewed_product', 6354, NULL, 2061, 1769504592),
(4883, 'recently_viewed_product', 6355, NULL, 2061, 1769504851),
(4884, 'recently_viewed_product', 6359, NULL, 2064, 1769514489),
(4885, 'recently_viewed_product', 6362, NULL, 2054, 1769524943),
(4886, 'recently_viewed_product', 6364, NULL, 2064, 1769536311),
(4887, 'recently_viewed_product', 6365, NULL, 2054, 1769541301),
(4888, 'recently_viewed_product', 6368, NULL, 2061, 1769557197),
(4889, 'recently_viewed_product', 6369, NULL, 2061, 1769560130),
(4890, 'recently_viewed_product', 6371, NULL, 2064, 1769570740),
(4891, 'recently_viewed_product', 6372, NULL, 2054, 1769571096),
(4892, 'recently_viewed_product', 6375, NULL, 2064, 1769578517),
(4893, 'recently_viewed_product', 6376, NULL, 2061, 1769578615),
(4894, 'recently_viewed_product', 6381, NULL, 2055, 1769558400),
(4895, 'recently_viewed_product', 6385, NULL, 2054, 1769616798),
(4896, 'recently_viewed_product', 6386, NULL, 2061, 1769618311),
(4897, 'recently_viewed_product', 6388, NULL, 2054, 1769628030),
(4898, 'recently_viewed_product', 6394, NULL, 2061, 1769642033),
(4899, 'recently_viewed_product', 6401, NULL, 2064, 1769644800),
(4900, 'recently_viewed_product', 6403, NULL, 2061, 1769684335),
(4901, 'recently_viewed_product', 6405, NULL, 2054, 1769689194),
(4902, 'recently_viewed_product', 6406, NULL, 2064, 1769690439),
(4903, 'recently_viewed_product', 6407, NULL, 2064, 1769693690),
(4904, 'recently_viewed_product', 6409, NULL, 2061, 1769701139),
(4905, 'recently_viewed_product', 6416, NULL, 2054, 1769738094),
(4906, 'recently_viewed_product', 6425, NULL, 2054, 1769772341),
(4907, 'recently_viewed_product', 6426, NULL, 2064, 1769774670),
(4908, 'recently_viewed_product', 6427, NULL, 2061, 1769775180),
(4909, 'recently_viewed_product', 6430, NULL, 2061, 1769786871),
(4910, 'recently_viewed_product', 6433, NULL, 2064, 1769804949),
(4911, 'recently_viewed_product', 6438, NULL, 2064, 1769829606),
(4912, 'recently_viewed_product', 6441, NULL, 2054, 1769836265),
(4913, 'recently_viewed_product', 6445, NULL, 2061, 1769848228),
(4914, 'recently_viewed_product', 6446, NULL, 2061, 1769849795),
(4915, 'recently_viewed_product', 6449, NULL, 2054, 1769858883),
(4916, 'recently_viewed_product', 6452, NULL, 2061, 1769870331),
(4917, 'recently_viewed_product', 6453, NULL, 2064, 1769873855),
(4918, 'recently_viewed_product', 6454, NULL, 2064, 1769877633),
(4919, 'recently_viewed_product', 6456, NULL, 2061, 1769817600),
(4920, 'recently_viewed_product', 6457, NULL, 2064, 1769884077),
(4921, 'recently_viewed_product', 6458, NULL, 2054, 1769884290),
(4922, 'recently_viewed_product', 6460, NULL, 2054, 1769899693),
(4923, 'recently_viewed_product', 6464, NULL, 2061, 1769904789),
(4924, 'recently_viewed_product', 6467, NULL, 2064, 1769924572),
(4925, 'recently_viewed_product', 6468, NULL, 2054, 1769929064),
(4926, 'recently_viewed_product', 6473, NULL, 2061, 1769940343),
(4927, 'recently_viewed_product', 6475, NULL, 2064, 1769949131),
(4928, 'recently_viewed_product', 6476, NULL, 2054, 1769957735),
(4929, 'recently_viewed_product', 6479, NULL, 2064, 1769960721),
(4930, 'recently_viewed_product', 6480, NULL, 2054, 1769966295),
(4931, 'recently_viewed_product', 6481, NULL, 2061, 1769967082),
(4932, 'recently_viewed_product', 6486, NULL, 2058, 1769904000),
(4933, 'recently_viewed_product', 6489, NULL, 2061, 1769995232),
(4934, 'recently_viewed_product', 6491, NULL, 2064, 1770003626),
(4935, 'recently_viewed_product', 6493, NULL, 2061, 1770008901),
(4936, 'recently_viewed_product', 6494, NULL, 2054, 1770009206),
(4937, 'recently_viewed_product', 6495, NULL, 2064, 1770009631),
(4938, 'recently_viewed_product', 6496, NULL, 2054, 1769990400),
(4939, 'recently_viewed_product', 6500, NULL, 2059, 1769990400),
(4940, 'recently_viewed_product', 6507, NULL, 2064, 1770047205),
(4941, 'recently_viewed_product', 6508, NULL, 2061, 1770052522),
(4942, 'recently_viewed_product', 6511, NULL, 2064, 1770055641),
(4943, 'recently_viewed_product', 6512, NULL, 2054, 1770055683),
(4944, 'recently_viewed_product', 6513, NULL, 2054, 1770058413),
(4945, 'recently_viewed_product', 6515, NULL, 2064, 1770063216),
(4946, 'recently_viewed_product', 6519, NULL, 2054, 1770077910),
(4947, 'recently_viewed_product', 6520, NULL, 2054, 1770076800),
(4948, 'recently_viewed_product', 6524, NULL, 2064, 1770098319),
(4949, 'recently_viewed_product', 6525, NULL, 2054, 1770102472),
(4950, 'recently_viewed_product', 6529, NULL, 2064, 1770076800),
(4951, 'recently_viewed_product', 6532, NULL, 2064, 1770133915),
(4952, 'recently_viewed_product', 6535, NULL, 2064, 1770136610),
(4953, 'recently_viewed_product', 6536, NULL, 2054, 1770138119),
(4954, 'recently_viewed_product', 6537, NULL, 2061, 1770139292),
(4955, 'recently_viewed_product', 6538, NULL, 2064, 1770141429),
(4956, 'recently_viewed_product', 6540, NULL, 2054, 1770151869),
(4957, 'recently_viewed_product', 6541, NULL, 2064, 1770152675),
(4958, 'recently_viewed_product', 6542, NULL, 2061, 1770076800),
(4959, 'recently_viewed_product', 6548, NULL, 2054, 1770163200),
(4960, 'recently_viewed_product', 6549, NULL, 2054, 1770183426),
(4961, 'recently_viewed_product', 6553, NULL, 2060, 1770163200),
(4962, 'recently_viewed_product', 6555, NULL, 2061, 1770196864),
(4963, 'recently_viewed_product', 6557, NULL, 2064, 1770205921),
(4964, 'recently_viewed_product', 6558, NULL, 2054, 1770206096),
(4965, 'recently_viewed_product', 6563, NULL, 2054, 1770163200),
(4966, 'recently_viewed_product', 6564, NULL, 2054, 1770226870),
(4967, 'recently_viewed_product', 6577, NULL, 2054, 1770276064),
(4968, 'recently_viewed_product', 6586, NULL, 2054, 1770303273),
(4969, 'recently_viewed_product', 6595, NULL, 2061, 1770339534),
(4970, 'recently_viewed_product', 6597, NULL, 2064, 1770343702),
(4971, 'recently_viewed_product', 6600, NULL, 2054, 1770356892),
(4972, 'recently_viewed_product', 6607, NULL, 2061, 1770385301),
(4973, 'recently_viewed_product', 6615, NULL, 2064, 1770414670),
(4974, 'recently_viewed_product', 6621, NULL, 2054, 1770434544),
(4975, 'recently_viewed_product', 6626, NULL, 2063, 1770422400),
(4976, 'recently_viewed_product', 6627, NULL, 2061, 1770457532),
(4977, 'recently_viewed_product', 6629, NULL, 2064, 1770458698),
(4978, 'recently_viewed_product', 6631, NULL, 2054, 1770461493),
(4979, 'recently_viewed_product', 6632, NULL, 2061, 1770464998),
(4980, 'recently_viewed_product', 6638, NULL, 2054, 1770496342),
(4981, 'recently_viewed_product', 6644, NULL, 2061, 1770516941),
(4982, 'recently_viewed_product', 6646, NULL, 2064, 1770508800),
(4983, 'recently_viewed_product', 6647, NULL, 2064, 1770525391),
(4984, 'recently_viewed_product', 6650, NULL, 2053, 1770533351),
(4985, 'recently_viewed_product', 6653, NULL, 2064, 1770541218),
(4986, 'recently_viewed_product', 6658, NULL, 2054, 1770568852),
(4987, 'recently_viewed_product', 6659, NULL, 2064, 1770569965),
(4988, 'recently_viewed_product', 6661, NULL, 2054, 1770572951),
(4989, 'recently_viewed_product', 6666, NULL, 2053, 1770587657),
(4990, 'recently_viewed_product', 6668, NULL, 2061, 1770593773),
(4991, 'recently_viewed_product', 6670, NULL, 2064, 1770600262),
(4992, 'recently_viewed_product', 6679, NULL, 2061, 1770646431),
(4993, 'recently_viewed_product', 6680, NULL, 2060, 1770646864),
(4994, 'recently_viewed_product', 6685, NULL, 2064, 1770666486),
(4995, 'recently_viewed_product', 6688, NULL, 2064, 1770670473),
(4996, 'recently_viewed_product', 6690, NULL, 2058, 1770675274),
(4997, 'recently_viewed_product', 6699, NULL, 2060, 1770705893),
(4998, 'recently_viewed_product', 6703, NULL, 2064, 1770715709),
(4999, 'recently_viewed_product', 6705, NULL, 2060, 1770718915),
(5000, 'recently_viewed_product', 6716, NULL, 2064, 1770758706),
(5001, 'recently_viewed_product', 6721, NULL, 2061, 1770775278),
(5002, 'recently_viewed_product', 6725, NULL, 2061, 1770792970),
(5003, 'recently_viewed_product', 6731, NULL, 2061, 1770814946),
(5004, 'recently_viewed_product', 6736, NULL, 2061, 1770826334),
(5005, 'recently_viewed_product', 6739, NULL, 2060, 1770840679),
(5006, 'recently_viewed_product', 6742, NULL, 2061, 1770852574),
(5007, 'recently_viewed_product', 6751, NULL, 2060, 1770885129),
(5008, 'recently_viewed_product', 6754, NULL, 2064, 1770887617),
(5009, 'recently_viewed_product', 6758, NULL, 2064, 1770854400),
(5010, 'recently_viewed_product', 6760, NULL, 2061, 1770904045),
(5011, 'recently_viewed_product', 6761, NULL, 2061, 1770906112),
(5012, 'recently_viewed_product', 6767, NULL, 2064, 1770920259),
(5013, 'recently_viewed_product', 6775, NULL, 2064, 1770951814),
(5014, 'recently_viewed_product', 6783, NULL, 2054, 1770976735),
(5015, 'recently_viewed_product', 6784, NULL, 2060, 1770979687),
(5016, 'recently_viewed_product', 6786, NULL, 2061, 1770981743),
(5017, 'recently_viewed_product', 6792, NULL, 2064, 1771010331),
(5018, 'recently_viewed_product', 6799, NULL, 2061, 1771032663),
(5019, 'recently_viewed_product', 6806, NULL, 2061, 1771027200),
(5020, 'recently_viewed_product', 6810, NULL, 2060, 1771071076),
(5021, 'recently_viewed_product', 6811, NULL, 2060, 1771079797),
(5022, 'recently_viewed_product', 6816, NULL, 2053, 1771096506),
(5023, 'recently_viewed_product', 6817, NULL, 2061, 1771099328),
(5024, 'recently_viewed_product', 6818, NULL, 2061, 1771100796),
(5025, 'recently_viewed_product', 6820, NULL, 2059, 1771027200),
(5026, 'recently_viewed_product', 6824, NULL, 2059, 1771127345),
(5027, 'recently_viewed_product', 6828, NULL, 2061, 1771140729),
(5028, 'recently_viewed_product', 6835, NULL, 2060, 1771164239),
(5029, 'recently_viewed_product', 6837, NULL, 2060, 1771167952),
(5030, 'recently_viewed_product', 6839, NULL, 2061, 1771168493),
(5031, 'recently_viewed_product', 6840, NULL, 2053, 1771168608),
(5032, 'recently_viewed_product', 6844, NULL, 2061, 1771177475),
(5033, 'recently_viewed_product', 6851, NULL, 2063, 1771200000),
(5034, 'recently_viewed_product', 6853, NULL, 2060, 1771213827),
(5035, 'recently_viewed_product', 6855, NULL, 2053, 1771219953),
(5036, 'recently_viewed_product', 6861, NULL, 2060, 1771251823),
(5037, 'recently_viewed_product', 6864, NULL, 2053, 1771253038),
(5038, 'recently_viewed_product', 6866, NULL, 2061, 1771254325),
(5039, 'recently_viewed_product', 6867, NULL, 2060, 1771200000),
(5040, 'recently_viewed_product', 6873, NULL, 2064, 1771200000),
(5041, 'recently_viewed_product', 6874, NULL, 2060, 1771283363),
(5042, 'recently_viewed_product', 6875, NULL, 2061, 1771285917),
(5043, 'recently_viewed_product', 6878, NULL, 2061, 1771296159),
(5044, 'recently_viewed_product', 6881, NULL, 2053, 1771304004),
(5045, 'recently_viewed_product', 6884, NULL, 2060, 1771305804),
(5046, 'recently_viewed_product', 6891, NULL, 2061, 1771338642),
(5047, 'recently_viewed_product', 6892, NULL, 2061, 1771286400),
(5048, 'recently_viewed_product', 6897, NULL, 2060, 1771366733),
(5049, 'recently_viewed_product', 6905, NULL, 2061, 1771407806),
(5050, 'recently_viewed_product', 6906, NULL, 2061, 1771407996),
(5051, 'recently_viewed_product', 6911, NULL, 2060, 1771428458),
(5052, 'recently_viewed_product', 6912, NULL, 2053, 1771429500),
(5053, 'recently_viewed_product', 6915, NULL, 2061, 1771444282),
(5054, 'recently_viewed_product', 6918, NULL, 2060, 1771451657),
(5055, 'recently_viewed_product', 6925, NULL, 2060, 1771487904),
(5056, 'recently_viewed_product', 6928, NULL, 2061, 1771491024),
(5057, 'recently_viewed_product', 6930, NULL, 2060, 1771498665),
(5058, 'recently_viewed_product', 6940, NULL, 2053, 1771541005),
(5059, 'recently_viewed_product', 6942, NULL, 2061, 1771543790),
(5060, 'recently_viewed_product', 6943, NULL, 2060, 1771543898),
(5061, 'recently_viewed_product', 6947, NULL, 2061, 1771558710),
(5062, 'recently_viewed_product', 6950, NULL, 2053, 1771566730),
(5063, 'recently_viewed_product', 6957, NULL, 2060, 1771595678),
(5064, 'recently_viewed_product', 6958, NULL, 2061, 1771596534),
(5065, 'recently_viewed_product', 6959, NULL, 2053, 1771597590),
(5066, 'recently_viewed_product', 6962, NULL, 2064, 1771545600),
(5067, 'recently_viewed_product', 6965, NULL, 2061, 1771622306),
(5068, 'recently_viewed_product', 6971, NULL, 2061, 1771656960),
(5069, 'recently_viewed_product', 6974, NULL, 2053, 1771658440),
(5070, 'recently_viewed_product', 6975, NULL, 2060, 1771660199),
(5071, 'recently_viewed_product', 6976, NULL, 2061, 1771670783),
(5072, 'recently_viewed_product', 6978, NULL, 2053, 1771675399),
(5073, 'recently_viewed_product', 6982, NULL, 2061, 1771693921),
(5074, 'recently_viewed_product', 6990, NULL, 2060, 1771730517),
(5075, 'recently_viewed_product', 6995, NULL, 2060, 1771749217),
(5076, 'recently_viewed_product', 6996, NULL, 2053, 1771749895),
(5077, 'recently_viewed_product', 7008, NULL, 2060, 1771809428),
(5078, 'recently_viewed_product', 7009, NULL, 2060, 1771823898),
(5079, 'recently_viewed_product', 7012, NULL, 2061, 1771828565),
(5080, 'recently_viewed_product', 7013, NULL, 2060, 1771830662),
(5081, 'recently_viewed_product', 7018, NULL, 2053, 1771842735),
(5082, 'recently_viewed_product', 7030, NULL, 2061, 1771910441),
(5083, 'recently_viewed_product', 7034, NULL, 2060, 1771921084),
(5084, 'recently_viewed_product', 7035, NULL, 2053, 1771923399),
(5085, 'recently_viewed_product', 7040, NULL, 2060, 1771958770),
(5086, 'recently_viewed_product', 7041, NULL, 2064, 1771891200),
(5087, 'recently_viewed_product', 7042, NULL, 2053, 1771968357),
(5088, 'recently_viewed_product', 7043, NULL, 2061, 1771968798),
(5089, 'recently_viewed_product', 7050, NULL, 2063, 1771988086),
(5090, 'recently_viewed_product', 7051, NULL, 2061, 1771990108),
(5091, 'recently_viewed_product', 7057, NULL, 2061, 1772029218),
(5092, 'recently_viewed_product', 7059, NULL, 2061, 1772030565),
(5093, 'recently_viewed_product', 7061, NULL, 2063, 1771977600),
(5094, 'recently_viewed_product', 7062, NULL, 2060, 1772041757),
(5095, 'recently_viewed_product', 7063, NULL, 2060, 1772046608),
(5096, 'recently_viewed_product', 7072, NULL, 2061, 1772076987),
(5097, 'recently_viewed_product', 7073, NULL, 2053, 1772077252),
(5098, 'recently_viewed_product', 7074, NULL, 2061, 1772064000),
(5099, 'recently_viewed_product', 7078, NULL, 2060, 1772104079),
(5100, 'recently_viewed_product', 7087, NULL, 2060, 1772149154),
(5101, 'recently_viewed_product', 7088, NULL, 2053, 1772150193),
(5102, 'recently_viewed_product', 7093, NULL, 2061, 1772170065),
(5103, 'recently_viewed_product', 7095, NULL, 2060, 1772171025),
(5104, 'recently_viewed_product', 7100, NULL, 2063, 1772150400),
(5105, 'recently_viewed_product', 7108, NULL, 2060, 1772226297),
(5106, 'recently_viewed_product', 7109, NULL, 2053, 1772230781),
(5107, 'recently_viewed_product', 7111, NULL, 2061, 1772231919),
(5108, 'recently_viewed_product', 7113, NULL, 2053, 1772237566),
(5109, 'recently_viewed_product', 7114, NULL, 2061, 1772238802),
(5110, 'recently_viewed_product', 7115, NULL, 2060, 1772243736),
(5111, 'recently_viewed_product', 7124, NULL, 2061, 1772236800),
(5112, 'recently_viewed_product', 7125, NULL, 2054, 1772278730),
(5113, 'recently_viewed_product', 7126, NULL, 2060, 1772279902),
(5114, 'recently_viewed_product', 7128, NULL, 2061, 1772286474),
(5115, 'recently_viewed_product', 7130, NULL, 2060, 1772290201),
(5116, 'recently_viewed_product', 7140, NULL, 2061, 1772337031),
(5117, 'recently_viewed_product', 7143, NULL, 2053, 1772353566),
(5118, 'recently_viewed_product', 7144, NULL, 2061, 1772356170),
(5119, 'recently_viewed_product', 7145, NULL, 2061, 1772357809),
(5120, 'recently_viewed_product', 7146, NULL, 2060, 1772360212),
(5121, 'recently_viewed_product', 7148, NULL, 2064, 1772323200),
(5122, 'recently_viewed_product', 7153, NULL, 2063, 1772386872),
(5123, 'recently_viewed_product', 7160, NULL, 2061, 1772423555),
(5124, 'recently_viewed_product', 7165, NULL, 2061, 1772451054),
(5125, 'recently_viewed_product', 7169, NULL, 2058, 1772455971),
(5126, 'recently_viewed_product', 7173, NULL, 2053, 1772471589),
(5127, 'recently_viewed_product', 7179, NULL, 2060, 1772516536),
(5128, 'recently_viewed_product', 7182, NULL, 2053, 1772521892),
(5129, 'recently_viewed_product', 7184, NULL, 2060, 1772530800),
(5130, 'recently_viewed_product', 7185, NULL, 2053, 1772532480),
(5131, 'recently_viewed_product', 7187, NULL, 2061, 1772550257),
(5132, 'recently_viewed_product', 7192, NULL, 2063, 1772574799),
(5133, 'recently_viewed_product', 7195, NULL, 2055, 1772575904),
(5134, 'recently_viewed_product', 7200, NULL, 2054, 1772582400),
(5135, 'recently_viewed_product', 7211, NULL, 2060, 1772646079),
(5136, 'recently_viewed_product', 7216, NULL, 2061, 1772667208),
(5137, 'recently_viewed_product', 7219, NULL, 2053, 1772681673),
(5138, 'recently_viewed_product', 7226, NULL, 2060, 1772687817),
(5139, 'recently_viewed_product', 7242, NULL, 2053, 1772729624),
(5140, 'recently_viewed_product', 7247, NULL, 2060, 1772750191),
(5141, 'recently_viewed_product', 7251, NULL, 2053, 1772762786),
(5142, 'recently_viewed_product', 7253, NULL, 2061, 1772763160),
(5143, 'recently_viewed_product', 7258, NULL, 2061, 1772775976),
(5144, 'recently_viewed_product', 7259, NULL, 2061, 1772777771),
(5145, 'recently_viewed_product', 7260, NULL, 2064, 1772755200),
(5146, 'recently_viewed_product', 7261, NULL, 2053, 1772786014),
(5147, 'recently_viewed_product', 7263, NULL, 2060, 1772801205),
(5148, 'recently_viewed_product', 7264, NULL, 2054, 1772755200),
(5149, 'recently_viewed_product', 7266, NULL, 2063, 1772755200),
(5150, 'recently_viewed_product', 7274, NULL, 2061, 1772846453),
(5151, 'recently_viewed_product', 7280, NULL, 2060, 1772873595),
(5152, 'recently_viewed_product', 7732, NULL, 2053, 1772881545);
INSERT INTO `catalog_product_frontend_action` (`action_id`, `type_id`, `visitor_id`, `customer_id`, `product_id`, `added_at`) VALUES
(5153, 'recently_viewed_product', 7733, NULL, 2060, 1772883027),
(5154, 'recently_viewed_product', 7737, NULL, 2061, 1772892909),
(5155, 'recently_viewed_product', 7741, NULL, 2061, 1772923675),
(5156, 'recently_viewed_product', 7743, NULL, 2060, 1772926398),
(5157, 'recently_viewed_product', 7744, NULL, 2053, 1772927323),
(5158, 'recently_viewed_product', 7974, NULL, 2061, 1772961291),
(5159, 'recently_viewed_product', 7975, NULL, 2060, 1772961524),
(5160, 'recently_viewed_product', 7980, NULL, 2060, 1772978911),
(5161, 'recently_viewed_product', 7981, NULL, 2061, 1772979628),
(5162, 'recently_viewed_product', 7982, NULL, 2053, 1772984101),
(5163, 'recently_viewed_product', 7992, NULL, 2061, 1773021907),
(5164, 'recently_viewed_product', 7995, NULL, 2060, 1773027473),
(5165, 'recently_viewed_product', 7997, NULL, 2061, 1773033311),
(5166, 'recently_viewed_product', 8012, NULL, 2061, 1773068831),
(5167, 'recently_viewed_product', 8013, NULL, 2060, 1773071095),
(5168, 'recently_viewed_product', 8014, NULL, 2053, 1773073142),
(5169, 'recently_viewed_product', 8017, NULL, 2055, 1773093188),
(5170, 'recently_viewed_product', 8026, NULL, 2061, 1773100800),
(5172, 'recently_viewed_product', 8031, NULL, 2060, 1773131747),
(5173, 'recently_viewed_product', 8032, NULL, 2053, 1773132183),
(5174, 'recently_viewed_product', 8043, NULL, 2061, 1773153326),
(5175, 'recently_viewed_product', 8046, NULL, 2060, 1773175944),
(5176, 'recently_viewed_product', 8050, NULL, 2060, 1773195057),
(5177, 'recently_viewed_product', 8052, NULL, 2053, 1773198942),
(5178, 'recently_viewed_product', 8053, NULL, 2061, 1773200797),
(5179, 'recently_viewed_product', 8054, NULL, 2061, 1773201017),
(5180, 'recently_viewed_product', 8055, NULL, 2053, 1773203710),
(5181, 'recently_viewed_product', 8056, NULL, 2060, 1773205036),
(5182, 'recently_viewed_product', 8059, NULL, 2061, 1773217957),
(5183, 'recently_viewed_product', 8076, NULL, 2053, 1773270985),
(5184, 'recently_viewed_product', 8084, NULL, 2061, 1773306935),
(5185, 'recently_viewed_product', 8086, NULL, 2060, 1773314485),
(5186, 'recently_viewed_product', 8089, NULL, 2061, 1773324939),
(5187, 'recently_viewed_product', 8091, NULL, 2061, 1773329961),
(5188, 'recently_viewed_product', 8107, NULL, 2060, 1773375800),
(5189, 'recently_viewed_product', 8116, NULL, 2061, 1773393497),
(5190, 'recently_viewed_product', 8119, NULL, 2053, 1773415718),
(5191, 'recently_viewed_product', 8125, NULL, 2060, 1773460206),
(5192, 'recently_viewed_product', 8126, NULL, 2053, 1773460349),
(5193, 'recently_viewed_product', 8129, NULL, 2061, 1773479405),
(5194, 'recently_viewed_product', 8130, NULL, 2053, 1773483086),
(5195, 'recently_viewed_product', 8138, NULL, 2061, 1773498472),
(5196, 'recently_viewed_product', 8139, NULL, 2053, 1773501118),
(5197, 'recently_viewed_product', 8147, NULL, 2061, 1773551242),
(5198, 'recently_viewed_product', 8149, NULL, 2060, 1773554357),
(5199, 'recently_viewed_product', 8151, NULL, 2061, 1773565851),
(5200, 'recently_viewed_product', 8160, NULL, 2053, 1773618751),
(5201, 'recently_viewed_product', 8161, NULL, 2061, 1773619186),
(5202, 'recently_viewed_product', 8162, NULL, 2058, 1773619200),
(5203, 'recently_viewed_product', 8164, NULL, 2060, 1773637452),
(5204, 'recently_viewed_product', 8177, NULL, 2060, 1773683092),
(5205, 'recently_viewed_product', 8178, NULL, 2055, 1773694914),
(5206, 'recently_viewed_product', 8180, NULL, 2061, 1773701747),
(5207, 'recently_viewed_product', 8191, NULL, 2061, 1773738294),
(5208, 'recently_viewed_product', 8192, NULL, 2053, 1773740111),
(5209, 'recently_viewed_product', 8194, NULL, 2060, 1773757331),
(5210, 'recently_viewed_product', 8201, NULL, 2060, 1773788153),
(5211, 'recently_viewed_product', 8205, NULL, 2061, 1773811486),
(5212, 'recently_viewed_product', 8207, NULL, 2060, 1773823243),
(5213, 'recently_viewed_product', 8209, NULL, 2060, 1773826411),
(5214, 'recently_viewed_product', 8212, NULL, 2060, 1773864459),
(5215, 'recently_viewed_product', 8215, NULL, 2053, 1773871274),
(5216, 'recently_viewed_product', 8218, NULL, 2060, 1773888394),
(5217, 'recently_viewed_product', 8225, NULL, 2060, 1773899274),
(5218, 'recently_viewed_product', 8231, NULL, 2061, 1773906733),
(5219, 'recently_viewed_product', 8233, NULL, 2060, 1773920963),
(5220, 'recently_viewed_product', 8234, NULL, 2061, 1773921168),
(5221, 'recently_viewed_product', 8239, NULL, 2061, 1773972715),
(5222, 'recently_viewed_product', 8241, NULL, 2053, 1773985538),
(5223, 'recently_viewed_product', 8242, NULL, 2061, 1773987905),
(5224, 'recently_viewed_product', 8250, NULL, 2053, 1774037256),
(5225, 'recently_viewed_product', 8251, NULL, 2053, 1774037371),
(5226, 'recently_viewed_product', 8252, NULL, 2061, 1774037467),
(5227, 'recently_viewed_product', 8253, NULL, 2061, 1774039151),
(5228, 'recently_viewed_product', 8257, NULL, 2061, 1774070324),
(5229, 'recently_viewed_product', 8273, NULL, 2060, 1774073938),
(5230, 'recently_viewed_product', 8280, NULL, 2060, 1774122922),
(5231, 'recently_viewed_product', 8281, NULL, 2060, 1774124426),
(5232, 'recently_viewed_product', 8282, NULL, 2061, 1774130657),
(5233, 'recently_viewed_product', 8283, NULL, 2053, 1774137560),
(5234, 'recently_viewed_product', 8300, NULL, 2061, 1774154406),
(5235, 'recently_viewed_product', 8301, NULL, 2060, 1774162252),
(5236, 'recently_viewed_product', 8306, NULL, 2061, 1774207445),
(5237, 'recently_viewed_product', 8307, NULL, 2064, 1774137600),
(5238, 'recently_viewed_product', 8308, NULL, 2061, 1774222035),
(5239, 'recently_viewed_product', 8310, NULL, 2060, 1774236967),
(5240, 'recently_viewed_product', 8313, NULL, 2053, 1774246474),
(5241, 'recently_viewed_product', 8314, NULL, 2061, 1774246617),
(5242, 'recently_viewed_product', 8319, NULL, 2061, 1774261836),
(5243, 'recently_viewed_product', 8321, NULL, 2060, 1774262819),
(5244, 'recently_viewed_product', 8333, NULL, 2061, 1774288076),
(5245, 'recently_viewed_product', 8337, NULL, 2061, 1774310195),
(5246, 'recently_viewed_product', 8339, NULL, 2060, 1774312305),
(5247, 'recently_viewed_product', 8342, NULL, 2053, 1774337524),
(5248, 'recently_viewed_product', 8343, NULL, 2060, 1774341984),
(5249, 'recently_viewed_product', 8345, NULL, 2060, 1774362324),
(5250, 'recently_viewed_product', 8347, NULL, 2061, 1774366061),
(5251, 'recently_viewed_product', 8353, NULL, 2061, 1774394883),
(5252, 'recently_viewed_product', 8354, NULL, 2053, 1774397032),
(5253, 'recently_viewed_product', 8355, NULL, 2060, 1774397382),
(5255, 'recently_viewed_product', 8359, NULL, 2061, 1774396800),
(5256, 'recently_viewed_product', 8593, NULL, 2060, 1774439756),
(5257, 'recently_viewed_product', 8594, NULL, 2060, 1774439903),
(5258, 'recently_viewed_product', 8596, NULL, 2053, 1774459862),
(5259, 'recently_viewed_product', 8597, NULL, 2061, 1774465465),
(5260, 'recently_viewed_product', 8603, NULL, 2053, 1774471441),
(5261, 'recently_viewed_product', 8609, NULL, 2064, 1774506522),
(5262, 'recently_viewed_product', 8617, NULL, 2061, 1774567040),
(5263, 'recently_viewed_product', 8619, NULL, 2060, 1774575211),
(5264, 'recently_viewed_product', 8622, NULL, 2061, 1774592124),
(5265, 'recently_viewed_product', 8624, NULL, 2053, 1774609893),
(5266, 'recently_viewed_product', 8627, NULL, 2060, 1774618401),
(5267, 'recently_viewed_product', 8630, NULL, 2064, 1774569600),
(5268, 'recently_viewed_product', 8632, NULL, 2061, 1774643310),
(5269, 'recently_viewed_product', 8651, NULL, 2061, 1774706095),
(5270, 'recently_viewed_product', 8652, NULL, 2060, 1774706624),
(5271, 'recently_viewed_product', 8657, NULL, 2061, 1774731237),
(5272, 'recently_viewed_product', 8659, NULL, 2060, 1774738809),
(5273, 'recently_viewed_product', 8663, NULL, 2060, 1774753440),
(5274, 'recently_viewed_product', 8664, NULL, 2053, 1774761267),
(5275, 'recently_viewed_product', 8666, NULL, 2061, 1774761494),
(5276, 'recently_viewed_product', 8670, NULL, 2060, 1774774586),
(5277, 'recently_viewed_product', 8675, NULL, 2053, 1774790037),
(5278, 'recently_viewed_product', 8676, NULL, 2061, 1774800878),
(5279, 'recently_viewed_product', 8685, NULL, 2061, 1774867232),
(5280, 'recently_viewed_product', 8689, NULL, 2060, 1774889327),
(5281, 'recently_viewed_product', 8691, NULL, 2060, 1774896913),
(5282, 'recently_viewed_product', 8711, NULL, 2054, 1774915200),
(5283, 'recently_viewed_product', 8714, NULL, 2060, 1775011423),
(5284, 'recently_viewed_product', 8715, NULL, 2064, 1775001600),
(5285, 'recently_viewed_product', 8716, NULL, 2054, 1775001600),
(5286, 'recently_viewed_product', 8729, NULL, 2060, 1775122224),
(5287, 'recently_viewed_product', 8730, NULL, 2054, 1775088000),
(5288, 'recently_viewed_product', 8732, NULL, 2060, 1775139269),
(5289, 'recently_viewed_product', 8742, NULL, 2055, 1775088000),
(5290, 'recently_viewed_product', 8753, NULL, 2060, 1775201092),
(5291, 'recently_viewed_product', 8754, NULL, 2059, 1775174400),
(5292, 'recently_viewed_product', 8755, NULL, 2055, 1775174400),
(5293, 'recently_viewed_product', 8771, NULL, 2059, 1775260800),
(5294, 'recently_viewed_product', 8772, NULL, 2059, 1775260800),
(5295, 'recently_viewed_product', 8773, NULL, 2063, 1775260800),
(5296, 'recently_viewed_product', 8775, NULL, 2063, 1775260800),
(5297, 'recently_viewed_product', 8776, NULL, 2055, 1775260800),
(5298, 'recently_viewed_product', 8786, NULL, 2063, 1775260800),
(5299, 'recently_viewed_product', 8787, NULL, 2055, 1775347200),
(5300, 'recently_viewed_product', 8792, NULL, 2064, 1775347200),
(5301, 'recently_viewed_product', 8793, NULL, 2055, 1775347200),
(5302, 'recently_viewed_product', 9036, NULL, 2063, 1775433600),
(5303, 'recently_viewed_product', 9045, NULL, 2060, 1775459016),
(5304, 'recently_viewed_product', 9046, NULL, 2058, 1775463183),
(5305, 'recently_viewed_product', 9047, NULL, 2062, 1775463187),
(5306, 'recently_viewed_product', 9048, NULL, 2060, 1775463423),
(5307, 'recently_viewed_product', 9049, NULL, 2059, 1775433600),
(5308, 'recently_viewed_product', 9050, NULL, 2058, 1775471086),
(5309, 'recently_viewed_product', 9051, NULL, 2062, 1775471328),
(5310, 'recently_viewed_product', 9052, NULL, 2060, 1775471807),
(5311, 'recently_viewed_product', 9056, NULL, 2058, 1775477304),
(5312, 'recently_viewed_product', 9055, NULL, 2062, 1775477304),
(5313, 'recently_viewed_product', 9057, NULL, 2060, 1775477543),
(5314, 'recently_viewed_product', 9065, NULL, 2061, 1775520000),
(5315, 'recently_viewed_product', 9092, NULL, 2063, 1775606400),
(5316, 'recently_viewed_product', 9094, NULL, 2055, 1775606400),
(5317, 'recently_viewed_product', 9109, NULL, 2064, 1775692800),
(5318, 'recently_viewed_product', 9113, NULL, 2054, 1775692800),
(5319, 'recently_viewed_product', 9120, NULL, 2054, 1775779200),
(5320, 'recently_viewed_product', 9130, NULL, 2059, 1775779200),
(5321, 'recently_viewed_product', 9185, NULL, 2064, 1776038400),
(5322, 'recently_viewed_product', 9186, NULL, 2064, 1776038400),
(5323, 'recently_viewed_product', 9188, NULL, 2061, 1776116567),
(5324, 'recently_viewed_product', 9192, NULL, 2063, 1776124800),
(5325, 'recently_viewed_product', 9203, NULL, 2063, 1776124800),
(5326, 'recently_viewed_product', 9204, NULL, 2064, 1776124800),
(5327, 'recently_viewed_product', 9205, NULL, 2054, 1776189802),
(5328, 'recently_viewed_product', 9222, NULL, 2062, 1776211200),
(5329, 'recently_viewed_product', 9230, NULL, 2055, 1776297600),
(5330, 'recently_viewed_product', 9235, NULL, 2064, 1776297600),
(5331, 'recently_viewed_product', 9239, NULL, 2064, 1776403894),
(5332, 'recently_viewed_product', 9242, NULL, 2064, 1776384000),
(5333, 'recently_viewed_product', 9246, NULL, 2058, 1776384000),
(5334, 'recently_viewed_product', 9247, NULL, 2060, 1776384000),
(5335, 'recently_viewed_product', 9255, NULL, 2063, 1776466791),
(5336, 'recently_viewed_product', 9256, NULL, 2055, 1776467169),
(5337, 'recently_viewed_product', 9257, NULL, 2060, 1776384000),
(5338, 'recently_viewed_product', 9259, NULL, 2062, 1776384000),
(5339, 'recently_viewed_product', 9260, NULL, 2058, 1776470400),
(5340, 'recently_viewed_product', 9281, NULL, 2060, 1776538976),
(5341, 'recently_viewed_product', 9282, NULL, 2058, 1776546236),
(5342, 'recently_viewed_product', 9292, NULL, 2064, 1776577497),
(5343, 'recently_viewed_product', 9293, NULL, 2064, 1776577496),
(5344, 'recently_viewed_product', 9296, NULL, 2064, 1776556800),
(5345, 'recently_viewed_product', 9334, NULL, 2061, 1776808518),
(5346, 'recently_viewed_product', 9335, NULL, 2061, 1776729600),
(5347, 'recently_viewed_product', 9381, NULL, 2058, 1776988800),
(5348, 'recently_viewed_product', 9616, NULL, 2064, 1777161600),
(5349, 'recently_viewed_product', 9624, NULL, 2064, 1777161600),
(5350, 'recently_viewed_product', 9777, NULL, 2062, 1777852800),
(5351, 'recently_viewed_product', 9780, NULL, 2064, 1777852800),
(5352, 'recently_viewed_product', 9786, NULL, 2053, 1777940258),
(5353, 'recently_viewed_product', 9789, NULL, 2064, 1777939200),
(5354, 'recently_viewed_product', 9794, NULL, 2060, 1777990411),
(5355, 'recently_viewed_product', 9796, NULL, 2064, 1778000305),
(5356, 'recently_viewed_product', 9798, NULL, 2064, 1777939200),
(5357, 'recently_viewed_product', 9802, NULL, 2060, 1778052258),
(5358, 'recently_viewed_product', 9804, NULL, 2060, 1778070802),
(5359, 'recently_viewed_product', 9805, NULL, 2053, 1778075247),
(5360, 'recently_viewed_product', 9809, NULL, 2053, 1778107179),
(5361, 'recently_viewed_product', 9811, NULL, 2060, 1778111661),
(5362, 'recently_viewed_product', 9828, NULL, 2064, 1778198400),
(5363, 'recently_viewed_product', 9830, NULL, 2053, 1778290654),
(5364, 'recently_viewed_product', 9831, NULL, 2060, 1778292569),
(5365, 'recently_viewed_product', 9832, NULL, 2053, 1778292654),
(5366, 'recently_viewed_product', 9835, NULL, 2060, 1778323842),
(5367, 'recently_viewed_product', 9839, NULL, 2061, 1778366203),
(5368, 'recently_viewed_product', 9842, NULL, 2060, 1778382308),
(5369, 'recently_viewed_product', 9845, NULL, 2060, 1778403584),
(5370, 'recently_viewed_product', 9897, NULL, 2061, 1778453043),
(5371, 'recently_viewed_product', 9898, NULL, 2061, 1778483934),
(5372, 'recently_viewed_product', 9906, NULL, 2053, 1778543724),
(5373, 'recently_viewed_product', 9908, NULL, 2064, 1778544000);

-- --------------------------------------------------------

--
-- Table structure for table `catalog_product_index_eav`
--

CREATE TABLE `catalog_product_index_eav` (
  `entity_id` int(10) UNSIGNED NOT NULL COMMENT 'Entity ID',
  `attribute_id` smallint(5) UNSIGNED NOT NULL COMMENT 'Attribute ID',
  `store_id` smallint(5) UNSIGNED NOT NULL COMMENT 'Store ID',
  `value` int(10) UNSIGNED NOT NULL COMMENT 'Value',
  `source_id` int(10) UNSIGNED NOT NULL DEFAULT 0 COMMENT 'Original entity ID for attribute value'
) ENGINE=InnoDB DEFAULT CHARSET=utf8 COMMENT='Catalog Product EAV Index Table';

--
-- Dumping data for table `catalog_product_index_eav`
--

INSERT INTO `catalog_product_index_eav` (`entity_id`, `attribute_id`, `store_id`, `value`, `source_id`) VALUES
(2053, 93, 1, 5485, 2052),
(2053, 99, 1, 1, 2052),
(2053, 99, 1, 4, 2053),
(2053, 140, 1, 5465, 2053),
(2053, 140, 1, 5577, 2053),
(2053, 140, 1, 5580, 2053),
(2053, 145, 1, 5602, 2052),
(2053, 146, 1, 0, 2053),
(2053, 147, 1, 0, 2053),
(2053, 148, 1, 1, 2053),
(2053, 149, 1, 0, 2053),
(2053, 150, 1, 0, 2053),
(2053, 152, 1, 5532, 2053),
(2053, 152, 1, 5538, 2053),
(2053, 156, 1, 5622, 2053),
(2053, 157, 1, 5632, 2053),
(2053, 157, 1, 5635, 2053),
(2053, 157, 1, 5638, 2053),
(2054, 99, 1, 4, 2054),
(2055, 99, 1, 4, 2055),
(2057, 99, 1, 4, 2057),
(2058, 99, 1, 4, 2058),
(2059, 99, 1, 4, 2059),
(2060, 99, 1, 4, 2060),
(2061, 99, 1, 4, 2061),
(2062, 99, 1, 4, 2062),
(2063, 99, 1, 4, 2063),
(2064, 93, 1, 5476, 2064),
(2064, 99, 1, 4, 2064),
(2064, 145, 1, 5518, 2064),
(2064, 146, 1, 0, 2064),
(2064, 147, 1, 0, 2064),
(2064, 148, 1, 0, 2064),
(2064, 149, 1, 0, 2064),
(2064, 150, 1, 0, 2064);

-- --------------------------------------------------------

--
-- Table structure for table `catalog_product_index_eav_decimal`
--

CREATE TABLE `catalog_product_index_eav_decimal` (
  `entity_id` int(10) UNSIGNED NOT NULL COMMENT 'Entity ID',
  `attribute_id` smallint(5) UNSIGNED NOT NULL COMMENT 'Attribute ID',
  `store_id` smallint(5) UNSIGNED NOT NULL COMMENT 'Store ID',
  `value` decimal(12,4) NOT NULL COMMENT 'Value',
  `source_id` int(10) UNSIGNED NOT NULL DEFAULT 0 COMMENT 'Original entity ID for attribute value'
) ENGINE=InnoDB DEFAULT CHARSET=utf8 COMMENT='Catalog Product EAV Decimal Index Table';

-- --------------------------------------------------------

--
-- Table structure for table `catalog_product_index_eav_decimal_idx`
--

CREATE TABLE `catalog_product_index_eav_decimal_idx` (
  `entity_id` int(10) UNSIGNED NOT NULL COMMENT 'Entity ID',
  `attribute_id` smallint(5) UNSIGNED NOT NULL COMMENT 'Attribute ID',
  `store_id` smallint(5) UNSIGNED NOT NULL COMMENT 'Store ID',
  `value` decimal(12,4) NOT NULL COMMENT 'Value',
  `source_id` int(10) UNSIGNED NOT NULL DEFAULT 0 COMMENT 'Original entity ID for attribute value'
) ENGINE=InnoDB DEFAULT CHARSET=utf8 COMMENT='Catalog Product EAV Decimal Indexer Index Table';

-- --------------------------------------------------------

--
-- Table structure for table `catalog_product_index_eav_decimal_replica`
--

CREATE TABLE `catalog_product_index_eav_decimal_replica` (
  `entity_id` int(10) UNSIGNED NOT NULL COMMENT 'Entity ID',
  `attribute_id` smallint(5) UNSIGNED NOT NULL COMMENT 'Attribute ID',
  `store_id` smallint(5) UNSIGNED NOT NULL COMMENT 'Store ID',
  `value` decimal(12,4) NOT NULL COMMENT 'Value',
  `source_id` int(10) UNSIGNED NOT NULL DEFAULT 0 COMMENT 'Original entity ID for attribute value'
) ENGINE=InnoDB DEFAULT CHARSET=utf8 COMMENT='Catalog Product EAV Decimal Index Table';

-- --------------------------------------------------------

--
-- Table structure for table `catalog_product_index_eav_decimal_tmp`
--

CREATE TABLE `catalog_product_index_eav_decimal_tmp` (
  `entity_id` int(10) UNSIGNED NOT NULL COMMENT 'Entity ID',
  `attribute_id` smallint(5) UNSIGNED NOT NULL COMMENT 'Attribute ID',
  `store_id` smallint(5) UNSIGNED NOT NULL COMMENT 'Store ID',
  `value` decimal(12,4) NOT NULL COMMENT 'Value',
  `source_id` int(10) UNSIGNED NOT NULL DEFAULT 0 COMMENT 'Original entity ID for attribute value'
) ENGINE=InnoDB DEFAULT CHARSET=utf8 COMMENT='Catalog Product EAV Decimal Indexer Temp Table';

-- --------------------------------------------------------

--
-- Table structure for table `catalog_product_index_eav_idx`
--

CREATE TABLE `catalog_product_index_eav_idx` (
  `entity_id` int(10) UNSIGNED NOT NULL COMMENT 'Entity ID',
  `attribute_id` smallint(5) UNSIGNED NOT NULL COMMENT 'Attribute ID',
  `store_id` smallint(5) UNSIGNED NOT NULL COMMENT 'Store ID',
  `value` int(10) UNSIGNED NOT NULL COMMENT 'Value',
  `source_id` int(10) UNSIGNED NOT NULL DEFAULT 0 COMMENT 'Original entity ID for attribute value'
) ENGINE=InnoDB DEFAULT CHARSET=utf8 COMMENT='Catalog Product EAV Indexer Index Table';

-- --------------------------------------------------------

--
-- Table structure for table `catalog_product_index_eav_replica`
--

CREATE TABLE `catalog_product_index_eav_replica` (
  `entity_id` int(10) UNSIGNED NOT NULL COMMENT 'Entity ID',
  `attribute_id` smallint(5) UNSIGNED NOT NULL COMMENT 'Attribute ID',
  `store_id` smallint(5) UNSIGNED NOT NULL COMMENT 'Store ID',
  `value` int(10) UNSIGNED NOT NULL COMMENT 'Value',
  `source_id` int(10) UNSIGNED NOT NULL DEFAULT 0 COMMENT 'Original entity ID for attribute value'
) ENGINE=InnoDB DEFAULT CHARSET=utf8 COMMENT='Catalog Product EAV Index Table';

--
-- Dumping data for table `catalog_product_index_eav_replica`
--

INSERT INTO `catalog_product_index_eav_replica` (`entity_id`, `attribute_id`, `store_id`, `value`, `source_id`) VALUES
(2053, 93, 1, 5485, 2052),
(2053, 99, 1, 1, 2052),
(2053, 99, 1, 4, 2053),
(2053, 140, 1, 5465, 2053),
(2053, 140, 1, 5577, 2053),
(2053, 140, 1, 5580, 2053),
(2053, 145, 1, 5602, 2052),
(2053, 146, 1, 0, 2053),
(2053, 147, 1, 0, 2053),
(2053, 148, 1, 1, 2053),
(2053, 149, 1, 0, 2053),
(2053, 150, 1, 0, 2053),
(2053, 152, 1, 5532, 2053),
(2053, 152, 1, 5538, 2053),
(2053, 156, 1, 5622, 2053),
(2053, 157, 1, 5632, 2053),
(2053, 157, 1, 5635, 2053),
(2053, 157, 1, 5638, 2053),
(2054, 99, 1, 4, 2054),
(2055, 99, 1, 4, 2055),
(2057, 99, 1, 4, 2057),
(2058, 99, 1, 4, 2058),
(2059, 99, 1, 4, 2059),
(2060, 99, 1, 4, 2060),
(2061, 99, 1, 4, 2061),
(2062, 99, 1, 4, 2062),
(2063, 99, 1, 4, 2063),
(2064, 93, 1, 5476, 2064),
(2064, 99, 1, 4, 2064),
(2064, 145, 1, 5518, 2064),
(2064, 146, 1, 0, 2064),
(2064, 147, 1, 0, 2064),
(2064, 148, 1, 0, 2064),
(2064, 149, 1, 0, 2064),
(2064, 150, 1, 0, 2064);

-- --------------------------------------------------------

--
-- Table structure for table `catalog_product_index_eav_tmp`
--

CREATE TABLE `catalog_product_index_eav_tmp` (
  `entity_id` int(10) UNSIGNED NOT NULL COMMENT 'Entity ID',
  `attribute_id` smallint(5) UNSIGNED NOT NULL COMMENT 'Attribute ID',
  `store_id` smallint(5) UNSIGNED NOT NULL COMMENT 'Store ID',
  `value` int(10) UNSIGNED NOT NULL COMMENT 'Value',
  `source_id` int(10) UNSIGNED NOT NULL DEFAULT 0 COMMENT 'Original entity ID for attribute value'
) ENGINE=InnoDB DEFAULT CHARSET=utf8 COMMENT='Catalog Product EAV Indexer Temp Table';

-- --------------------------------------------------------

--
-- Table structure for table `catalog_product_index_price`
--

CREATE TABLE `catalog_product_index_price` (
  `entity_id` int(10) UNSIGNED NOT NULL COMMENT 'Entity ID',
  `customer_group_id` int(10) UNSIGNED NOT NULL COMMENT 'Customer Group ID',
  `website_id` smallint(5) UNSIGNED NOT NULL COMMENT 'Website ID',
  `tax_class_id` smallint(5) UNSIGNED DEFAULT 0 COMMENT 'Tax Class ID',
  `price` decimal(20,6) DEFAULT NULL COMMENT 'Price',
  `final_price` decimal(20,6) DEFAULT NULL COMMENT 'Final Price',
  `min_price` decimal(20,6) DEFAULT NULL COMMENT 'Min Price',
  `max_price` decimal(20,6) DEFAULT NULL COMMENT 'Max Price',
  `tier_price` decimal(20,6) DEFAULT NULL COMMENT 'Tier Price'
) ENGINE=InnoDB DEFAULT CHARSET=utf8 COMMENT='Catalog Product Price Index Table';

--
-- Dumping data for table `catalog_product_index_price`
--

INSERT INTO `catalog_product_index_price` (`entity_id`, `customer_group_id`, `website_id`, `tax_class_id`, `price`, `final_price`, `min_price`, `max_price`, `tier_price`) VALUES
(1776, 0, 1, 2, 39.000000, 39.000000, 39.000000, 39.000000, NULL),
(1776, 1, 1, 2, 39.000000, 39.000000, 39.000000, 39.000000, NULL),
(1776, 2, 1, 2, 39.000000, 39.000000, 39.000000, 39.000000, NULL),
(1776, 3, 1, 2, 39.000000, 39.000000, 39.000000, 39.000000, NULL),
(2052, 0, 1, 2, 45.000000, 45.000000, 45.000000, 45.000000, NULL),
(2052, 1, 1, 2, 45.000000, 45.000000, 45.000000, 45.000000, NULL),
(2052, 2, 1, 2, 45.000000, 45.000000, 45.000000, 45.000000, NULL),
(2052, 3, 1, 2, 45.000000, 45.000000, 45.000000, 45.000000, NULL),
(2053, 0, 1, 2, 45.000000, 45.000000, 45.000000, 45.000000, NULL),
(2053, 1, 1, 2, 45.000000, 45.000000, 45.000000, 45.000000, NULL),
(2053, 2, 1, 2, 45.000000, 45.000000, 45.000000, 45.000000, NULL),
(2053, 3, 1, 2, 45.000000, 45.000000, 45.000000, 45.000000, NULL),
(2054, 0, 1, 2, 32.000000, 32.000000, 32.000000, 32.000000, NULL),
(2054, 1, 1, 2, 32.000000, 32.000000, 32.000000, 32.000000, NULL),
(2054, 2, 1, 2, 32.000000, 32.000000, 32.000000, 32.000000, NULL),
(2054, 3, 1, 2, 32.000000, 32.000000, 32.000000, 32.000000, NULL),
(2055, 0, 1, 2, 321.000000, 321.000000, 321.000000, 321.000000, NULL),
(2055, 1, 1, 2, 321.000000, 321.000000, 321.000000, 321.000000, NULL),
(2055, 2, 1, 2, 321.000000, 321.000000, 321.000000, 321.000000, NULL),
(2055, 3, 1, 2, 321.000000, 321.000000, 321.000000, 321.000000, NULL),
(2058, 0, 1, 2, 321.000000, 321.000000, 321.000000, 321.000000, NULL),
(2058, 1, 1, 2, 321.000000, 321.000000, 321.000000, 321.000000, NULL),
(2058, 2, 1, 2, 321.000000, 321.000000, 321.000000, 321.000000, NULL),
(2058, 3, 1, 2, 321.000000, 321.000000, 321.000000, 321.000000, NULL),
(2059, 0, 1, 2, 422.000000, 422.000000, 422.000000, 422.000000, NULL),
(2059, 1, 1, 2, 422.000000, 422.000000, 422.000000, 422.000000, NULL),
(2059, 2, 1, 2, 422.000000, 422.000000, 422.000000, 422.000000, NULL),
(2059, 3, 1, 2, 422.000000, 422.000000, 422.000000, 422.000000, NULL),
(2060, 0, 1, 2, 421.000000, 421.000000, 421.000000, 421.000000, NULL),
(2060, 1, 1, 2, 421.000000, 421.000000, 421.000000, 421.000000, NULL),
(2060, 2, 1, 2, 421.000000, 421.000000, 421.000000, 421.000000, NULL),
(2060, 3, 1, 2, 421.000000, 421.000000, 421.000000, 421.000000, NULL),
(2061, 0, 1, 2, 54.000000, 54.000000, 54.000000, 54.000000, NULL),
(2061, 1, 1, 2, 54.000000, 54.000000, 54.000000, 54.000000, NULL),
(2061, 2, 1, 2, 54.000000, 54.000000, 54.000000, 54.000000, NULL),
(2061, 3, 1, 2, 54.000000, 54.000000, 54.000000, 54.000000, NULL),
(2062, 0, 1, 2, 234.000000, 234.000000, 234.000000, 234.000000, NULL),
(2062, 1, 1, 2, 234.000000, 234.000000, 234.000000, 234.000000, NULL),
(2062, 2, 1, 2, 234.000000, 234.000000, 234.000000, 234.000000, NULL),
(2062, 3, 1, 2, 234.000000, 234.000000, 234.000000, 234.000000, NULL),
(2063, 0, 1, 2, 643.000000, 643.000000, 643.000000, 643.000000, NULL),
(2063, 1, 1, 2, 643.000000, 643.000000, 643.000000, 643.000000, NULL),
(2063, 2, 1, 2, 643.000000, 643.000000, 643.000000, 643.000000, NULL),
(2063, 3, 1, 2, 643.000000, 643.000000, 643.000000, 643.000000, NULL),
(2064, 0, 1, 2, 200.000000, 111.000000, 111.000000, 111.000000, NULL),
(2064, 1, 1, 2, 200.000000, 111.000000, 111.000000, 111.000000, NULL),
(2064, 2, 1, 2, 200.000000, 111.000000, 111.000000, 111.000000, NULL),
(2064, 3, 1, 2, 200.000000, 111.000000, 111.000000, 111.000000, NULL);

-- --------------------------------------------------------

--
-- Table structure for table `catalog_product_index_price_bundle_idx`
--

CREATE TABLE `catalog_product_index_price_bundle_idx` (
  `entity_id` int(10) UNSIGNED NOT NULL COMMENT 'Entity ID',
  `customer_group_id` int(11) NOT NULL,
  `website_id` smallint(5) UNSIGNED NOT NULL COMMENT 'Website ID',
  `tax_class_id` smallint(5) UNSIGNED DEFAULT 0 COMMENT 'Tax Class ID',
  `price_type` smallint(5) UNSIGNED NOT NULL COMMENT 'Price Type',
  `special_price` decimal(20,6) DEFAULT NULL COMMENT 'Special Price',
  `tier_percent` decimal(20,6) DEFAULT NULL COMMENT 'Tier Percent',
  `orig_price` decimal(20,6) DEFAULT NULL COMMENT 'Orig Price',
  `price` decimal(20,6) DEFAULT NULL COMMENT 'Price',
  `min_price` decimal(20,6) DEFAULT NULL COMMENT 'Min Price',
  `max_price` decimal(20,6) DEFAULT NULL COMMENT 'Max Price',
  `tier_price` decimal(20,6) DEFAULT NULL COMMENT 'Tier Price',
  `base_tier` decimal(20,6) DEFAULT NULL COMMENT 'Base Tier'
) ENGINE=InnoDB DEFAULT CHARSET=utf8 COMMENT='Catalog Product Index Price Bundle Idx';

-- --------------------------------------------------------

--
-- Table structure for table `catalog_product_index_price_bundle_opt_idx`
--

CREATE TABLE `catalog_product_index_price_bundle_opt_idx` (
  `entity_id` int(10) UNSIGNED NOT NULL COMMENT 'Entity ID',
  `customer_group_id` int(11) NOT NULL,
  `website_id` smallint(5) UNSIGNED NOT NULL COMMENT 'Website ID',
  `option_id` int(10) UNSIGNED NOT NULL DEFAULT 0 COMMENT 'Option ID',
  `min_price` decimal(20,6) DEFAULT NULL COMMENT 'Min Price',
  `alt_price` decimal(20,6) DEFAULT NULL COMMENT 'Alt Price',
  `max_price` decimal(20,6) DEFAULT NULL COMMENT 'Max Price',
  `tier_price` decimal(20,6) DEFAULT NULL COMMENT 'Tier Price',
  `alt_tier_price` decimal(20,6) DEFAULT NULL COMMENT 'Alt Tier Price'
) ENGINE=InnoDB DEFAULT CHARSET=utf8 COMMENT='Catalog Product Index Price Bundle Opt Idx';

-- --------------------------------------------------------

--
-- Table structure for table `catalog_product_index_price_bundle_opt_tmp`
--

CREATE TABLE `catalog_product_index_price_bundle_opt_tmp` (
  `entity_id` int(10) UNSIGNED NOT NULL COMMENT 'Entity ID',
  `customer_group_id` int(11) NOT NULL,
  `website_id` smallint(5) UNSIGNED NOT NULL COMMENT 'Website ID',
  `option_id` int(10) UNSIGNED NOT NULL DEFAULT 0 COMMENT 'Option ID',
  `min_price` decimal(20,6) DEFAULT NULL COMMENT 'Min Price',
  `alt_price` decimal(20,6) DEFAULT NULL COMMENT 'Alt Price',
  `max_price` decimal(20,6) DEFAULT NULL COMMENT 'Max Price',
  `tier_price` decimal(20,6) DEFAULT NULL COMMENT 'Tier Price',
  `alt_tier_price` decimal(20,6) DEFAULT NULL COMMENT 'Alt Tier Price'
) ENGINE=InnoDB DEFAULT CHARSET=utf8 COMMENT='Catalog Product Index Price Bundle Opt Tmp';

--
-- Dumping data for table `catalog_product_index_price_bundle_opt_tmp`
--

INSERT INTO `catalog_product_index_price_bundle_opt_tmp` (`entity_id`, `customer_group_id`, `website_id`, `option_id`, `min_price`, `alt_price`, `max_price`, `tier_price`, `alt_tier_price`) VALUES
(53, 0, 1, 1, 23.000000, 23.000000, 32.000000, NULL, NULL),
(53, 0, 1, 2, 5.000000, 5.000000, 5.000000, NULL, NULL),
(53, 0, 1, 3, 14.000000, 14.000000, 21.000000, NULL, NULL),
(53, 0, 1, 4, 19.000000, 19.000000, 19.000000, NULL, NULL),
(53, 1, 1, 1, 23.000000, 23.000000, 32.000000, NULL, NULL),
(53, 1, 1, 2, 5.000000, 5.000000, 5.000000, NULL, NULL),
(53, 1, 1, 3, 14.000000, 14.000000, 21.000000, NULL, NULL),
(53, 1, 1, 4, 19.000000, 19.000000, 19.000000, NULL, NULL),
(53, 2, 1, 1, 23.000000, 23.000000, 32.000000, NULL, NULL),
(53, 2, 1, 2, 5.000000, 5.000000, 5.000000, NULL, NULL),
(53, 2, 1, 3, 14.000000, 14.000000, 21.000000, NULL, NULL),
(53, 2, 1, 4, 19.000000, 19.000000, 19.000000, NULL, NULL),
(53, 3, 1, 1, 23.000000, 23.000000, 32.000000, NULL, NULL),
(53, 3, 1, 2, 5.000000, 5.000000, 5.000000, NULL, NULL),
(53, 3, 1, 3, 14.000000, 14.000000, 21.000000, NULL, NULL),
(53, 3, 1, 4, 19.000000, 19.000000, 19.000000, NULL, NULL);

-- --------------------------------------------------------

--
-- Table structure for table `catalog_product_index_price_bundle_sel_idx`
--

CREATE TABLE `catalog_product_index_price_bundle_sel_idx` (
  `entity_id` int(10) UNSIGNED NOT NULL COMMENT 'Entity ID',
  `customer_group_id` int(11) NOT NULL,
  `website_id` smallint(5) UNSIGNED NOT NULL COMMENT 'Website ID',
  `option_id` int(10) UNSIGNED NOT NULL DEFAULT 0 COMMENT 'Option ID',
  `selection_id` int(10) UNSIGNED NOT NULL DEFAULT 0 COMMENT 'Selection ID',
  `group_type` smallint(5) UNSIGNED DEFAULT 0 COMMENT 'Group Type',
  `is_required` smallint(5) UNSIGNED DEFAULT 0 COMMENT 'Is Required',
  `price` decimal(20,6) DEFAULT NULL COMMENT 'Price',
  `tier_price` decimal(20,6) DEFAULT NULL COMMENT 'Tier Price'
) ENGINE=InnoDB DEFAULT CHARSET=utf8 COMMENT='Catalog Product Index Price Bundle Sel Idx';

-- --------------------------------------------------------

--
-- Table structure for table `catalog_product_index_price_bundle_sel_tmp`
--

CREATE TABLE `catalog_product_index_price_bundle_sel_tmp` (
  `entity_id` int(10) UNSIGNED NOT NULL COMMENT 'Entity ID',
  `customer_group_id` int(11) NOT NULL,
  `website_id` smallint(5) UNSIGNED NOT NULL COMMENT 'Website ID',
  `option_id` int(10) UNSIGNED NOT NULL DEFAULT 0 COMMENT 'Option ID',
  `selection_id` int(10) UNSIGNED NOT NULL DEFAULT 0 COMMENT 'Selection ID',
  `group_type` smallint(5) UNSIGNED DEFAULT 0 COMMENT 'Group Type',
  `is_required` smallint(5) UNSIGNED DEFAULT 0 COMMENT 'Is Required',
  `price` decimal(20,6) DEFAULT NULL COMMENT 'Price',
  `tier_price` decimal(20,6) DEFAULT NULL COMMENT 'Tier Price'
) ENGINE=InnoDB DEFAULT CHARSET=utf8 COMMENT='Catalog Product Index Price Bundle Sel Tmp';

--
-- Dumping data for table `catalog_product_index_price_bundle_sel_tmp`
--

INSERT INTO `catalog_product_index_price_bundle_sel_tmp` (`entity_id`, `customer_group_id`, `website_id`, `option_id`, `selection_id`, `group_type`, `is_required`, `price`, `tier_price`) VALUES
(53, 0, 1, 1, 1, 0, 1, 23.000000, NULL),
(53, 0, 1, 1, 2, 0, 1, 27.000000, NULL),
(53, 0, 1, 1, 3, 0, 1, 32.000000, NULL),
(53, 0, 1, 2, 4, 0, 1, 5.000000, NULL),
(53, 0, 1, 3, 5, 0, 1, 14.000000, NULL),
(53, 0, 1, 3, 6, 0, 1, 17.000000, NULL),
(53, 0, 1, 3, 7, 0, 1, 21.000000, NULL),
(53, 0, 1, 4, 8, 0, 1, 19.000000, NULL),
(53, 1, 1, 1, 1, 0, 1, 23.000000, NULL),
(53, 1, 1, 1, 2, 0, 1, 27.000000, NULL),
(53, 1, 1, 1, 3, 0, 1, 32.000000, NULL),
(53, 1, 1, 2, 4, 0, 1, 5.000000, NULL),
(53, 1, 1, 3, 5, 0, 1, 14.000000, NULL),
(53, 1, 1, 3, 6, 0, 1, 17.000000, NULL),
(53, 1, 1, 3, 7, 0, 1, 21.000000, NULL),
(53, 1, 1, 4, 8, 0, 1, 19.000000, NULL),
(53, 2, 1, 1, 1, 0, 1, 23.000000, NULL),
(53, 2, 1, 1, 2, 0, 1, 27.000000, NULL),
(53, 2, 1, 1, 3, 0, 1, 32.000000, NULL),
(53, 2, 1, 2, 4, 0, 1, 5.000000, NULL),
(53, 2, 1, 3, 5, 0, 1, 14.000000, NULL),
(53, 2, 1, 3, 6, 0, 1, 17.000000, NULL),
(53, 2, 1, 3, 7, 0, 1, 21.000000, NULL),
(53, 2, 1, 4, 8, 0, 1, 19.000000, NULL),
(53, 3, 1, 1, 1, 0, 1, 23.000000, NULL),
(53, 3, 1, 1, 2, 0, 1, 27.000000, NULL),
(53, 3, 1, 1, 3, 0, 1, 32.000000, NULL),
(53, 3, 1, 2, 4, 0, 1, 5.000000, NULL),
(53, 3, 1, 3, 5, 0, 1, 14.000000, NULL),
(53, 3, 1, 3, 6, 0, 1, 17.000000, NULL),
(53, 3, 1, 3, 7, 0, 1, 21.000000, NULL),
(53, 3, 1, 4, 8, 0, 1, 19.000000, NULL);

-- --------------------------------------------------------

--
-- Table structure for table `catalog_product_index_price_bundle_tmp`
--

CREATE TABLE `catalog_product_index_price_bundle_tmp` (
  `entity_id` int(10) UNSIGNED NOT NULL COMMENT 'Entity ID',
  `customer_group_id` int(11) NOT NULL,
  `website_id` smallint(5) UNSIGNED NOT NULL COMMENT 'Website ID',
  `tax_class_id` smallint(5) UNSIGNED DEFAULT 0 COMMENT 'Tax Class ID',
  `price_type` smallint(5) UNSIGNED NOT NULL COMMENT 'Price Type',
  `special_price` decimal(20,6) DEFAULT NULL COMMENT 'Special Price',
  `tier_percent` decimal(20,6) DEFAULT NULL COMMENT 'Tier Percent',
  `orig_price` decimal(20,6) DEFAULT NULL COMMENT 'Orig Price',
  `price` decimal(20,6) DEFAULT NULL COMMENT 'Price',
  `min_price` decimal(20,6) DEFAULT NULL COMMENT 'Min Price',
  `max_price` decimal(20,6) DEFAULT NULL COMMENT 'Max Price',
  `tier_price` decimal(20,6) DEFAULT NULL COMMENT 'Tier Price',
  `base_tier` decimal(20,6) DEFAULT NULL COMMENT 'Base Tier'
) ENGINE=InnoDB DEFAULT CHARSET=utf8 COMMENT='Catalog Product Index Price Bundle Tmp';

--
-- Dumping data for table `catalog_product_index_price_bundle_tmp`
--

INSERT INTO `catalog_product_index_price_bundle_tmp` (`entity_id`, `customer_group_id`, `website_id`, `tax_class_id`, `price_type`, `special_price`, `tier_percent`, `orig_price`, `price`, `min_price`, `max_price`, `tier_price`, `base_tier`) VALUES
(53, 0, 1, 0, 0, 0.000000, NULL, 0.000000, 0.000000, 0.000000, 0.000000, NULL, NULL),
(53, 1, 1, 0, 0, 0.000000, NULL, 0.000000, 0.000000, 0.000000, 0.000000, NULL, NULL),
(53, 2, 1, 0, 0, 0.000000, NULL, 0.000000, 0.000000, 0.000000, 0.000000, NULL, NULL),
(53, 3, 1, 0, 0, 0.000000, NULL, 0.000000, 0.000000, 0.000000, 0.000000, NULL, NULL);

-- --------------------------------------------------------

--
-- Table structure for table `catalog_product_index_price_cfg_opt_agr_idx`
--

CREATE TABLE `catalog_product_index_price_cfg_opt_agr_idx` (
  `parent_id` int(10) UNSIGNED NOT NULL COMMENT 'Parent ID',
  `child_id` int(10) UNSIGNED NOT NULL COMMENT 'Child ID',
  `customer_group_id` int(10) UNSIGNED NOT NULL DEFAULT 0 COMMENT 'Customer Group ID',
  `website_id` smallint(5) UNSIGNED NOT NULL COMMENT 'Website ID',
  `price` decimal(20,6) DEFAULT NULL COMMENT 'Price',
  `tier_price` decimal(20,6) DEFAULT NULL COMMENT 'Tier Price'
) ENGINE=InnoDB DEFAULT CHARSET=utf8 COMMENT='Catalog Product Price Indexer Config Option Aggregate Index Table';

-- --------------------------------------------------------

--
-- Table structure for table `catalog_product_index_price_cfg_opt_agr_tmp`
--

CREATE TABLE `catalog_product_index_price_cfg_opt_agr_tmp` (
  `parent_id` int(10) UNSIGNED NOT NULL COMMENT 'Parent ID',
  `child_id` int(10) UNSIGNED NOT NULL COMMENT 'Child ID',
  `customer_group_id` int(10) UNSIGNED NOT NULL DEFAULT 0 COMMENT 'Customer Group ID',
  `website_id` smallint(5) UNSIGNED NOT NULL COMMENT 'Website ID',
  `price` decimal(20,6) DEFAULT NULL COMMENT 'Price',
  `tier_price` decimal(20,6) DEFAULT NULL COMMENT 'Tier Price'
) ENGINE=InnoDB DEFAULT CHARSET=utf8 COMMENT='Catalog Product Price Indexer Config Option Aggregate Temp Table';

-- --------------------------------------------------------

--
-- Table structure for table `catalog_product_index_price_cfg_opt_idx`
--

CREATE TABLE `catalog_product_index_price_cfg_opt_idx` (
  `entity_id` int(10) UNSIGNED NOT NULL COMMENT 'Entity ID',
  `customer_group_id` int(10) UNSIGNED NOT NULL DEFAULT 0 COMMENT 'Customer Group ID',
  `website_id` smallint(5) UNSIGNED NOT NULL COMMENT 'Website ID',
  `min_price` decimal(20,6) DEFAULT NULL COMMENT 'Min Price',
  `max_price` decimal(20,6) DEFAULT NULL COMMENT 'Max Price',
  `tier_price` decimal(20,6) DEFAULT NULL COMMENT 'Tier Price'
) ENGINE=InnoDB DEFAULT CHARSET=utf8 COMMENT='Catalog Product Price Indexer Config Option Index Table';

-- --------------------------------------------------------

--
-- Table structure for table `catalog_product_index_price_cfg_opt_tmp`
--

CREATE TABLE `catalog_product_index_price_cfg_opt_tmp` (
  `entity_id` int(10) UNSIGNED NOT NULL COMMENT 'Entity ID',
  `customer_group_id` int(10) UNSIGNED NOT NULL DEFAULT 0 COMMENT 'Customer Group ID',
  `website_id` smallint(5) UNSIGNED NOT NULL COMMENT 'Website ID',
  `min_price` decimal(20,6) DEFAULT NULL COMMENT 'Min Price',
  `max_price` decimal(20,6) DEFAULT NULL COMMENT 'Max Price',
  `tier_price` decimal(20,6) DEFAULT NULL COMMENT 'Tier Price'
) ENGINE=InnoDB DEFAULT CHARSET=utf8 COMMENT='Catalog Product Price Indexer Config Option Temp Table';

-- --------------------------------------------------------

--
-- Table structure for table `catalog_product_index_price_downlod_idx`
--

CREATE TABLE `catalog_product_index_price_downlod_idx` (
  `entity_id` int(10) UNSIGNED NOT NULL COMMENT 'Entity ID',
  `customer_group_id` int(11) NOT NULL,
  `website_id` smallint(5) UNSIGNED NOT NULL COMMENT 'Website ID',
  `min_price` decimal(20,6) NOT NULL DEFAULT 0.000000 COMMENT 'Minimum price',
  `max_price` decimal(20,6) NOT NULL DEFAULT 0.000000 COMMENT 'Maximum price'
) ENGINE=InnoDB DEFAULT CHARSET=utf8 COMMENT='Indexer Table for price of downloadable products';

-- --------------------------------------------------------

--
-- Table structure for table `catalog_product_index_price_downlod_tmp`
--

CREATE TABLE `catalog_product_index_price_downlod_tmp` (
  `entity_id` int(10) UNSIGNED NOT NULL COMMENT 'Entity ID',
  `customer_group_id` int(11) NOT NULL,
  `website_id` smallint(5) UNSIGNED NOT NULL COMMENT 'Website ID',
  `min_price` decimal(20,6) NOT NULL DEFAULT 0.000000 COMMENT 'Minimum price',
  `max_price` decimal(20,6) NOT NULL DEFAULT 0.000000 COMMENT 'Maximum price'
) ENGINE=InnoDB DEFAULT CHARSET=utf8 COMMENT='Temporary Indexer Table for price of downloadable products';

-- --------------------------------------------------------

--
-- Table structure for table `catalog_product_index_price_final_idx`
--

CREATE TABLE `catalog_product_index_price_final_idx` (
  `entity_id` int(10) UNSIGNED NOT NULL COMMENT 'Entity ID',
  `customer_group_id` int(10) UNSIGNED NOT NULL DEFAULT 0 COMMENT 'Customer Group ID',
  `website_id` smallint(5) UNSIGNED NOT NULL COMMENT 'Website ID',
  `tax_class_id` smallint(5) UNSIGNED DEFAULT 0 COMMENT 'Tax Class ID',
  `orig_price` decimal(20,6) DEFAULT NULL COMMENT 'Original Price',
  `price` decimal(20,6) DEFAULT NULL COMMENT 'Price',
  `min_price` decimal(20,6) DEFAULT NULL COMMENT 'Min Price',
  `max_price` decimal(20,6) DEFAULT NULL COMMENT 'Max Price',
  `tier_price` decimal(20,6) DEFAULT NULL COMMENT 'Tier Price',
  `base_tier` decimal(20,6) DEFAULT NULL COMMENT 'Base Tier'
) ENGINE=InnoDB DEFAULT CHARSET=utf8 COMMENT='Catalog Product Price Indexer Final Index Table';

-- --------------------------------------------------------

--
-- Table structure for table `catalog_product_index_price_final_tmp`
--

CREATE TABLE `catalog_product_index_price_final_tmp` (
  `entity_id` int(10) UNSIGNED NOT NULL COMMENT 'Entity ID',
  `customer_group_id` int(10) UNSIGNED NOT NULL DEFAULT 0 COMMENT 'Customer Group ID',
  `website_id` smallint(5) UNSIGNED NOT NULL COMMENT 'Website ID',
  `tax_class_id` smallint(5) UNSIGNED DEFAULT 0 COMMENT 'Tax Class ID',
  `orig_price` decimal(20,6) DEFAULT NULL COMMENT 'Original Price',
  `price` decimal(20,6) DEFAULT NULL COMMENT 'Price',
  `min_price` decimal(20,6) DEFAULT NULL COMMENT 'Min Price',
  `max_price` decimal(20,6) DEFAULT NULL COMMENT 'Max Price',
  `tier_price` decimal(20,6) DEFAULT NULL COMMENT 'Tier Price',
  `base_tier` decimal(20,6) DEFAULT NULL COMMENT 'Base Tier'
) ENGINE=InnoDB DEFAULT CHARSET=utf8 COMMENT='Catalog Product Price Indexer Final Temp Table';

-- --------------------------------------------------------

--
-- Table structure for table `catalog_product_index_price_idx`
--

CREATE TABLE `catalog_product_index_price_idx` (
  `entity_id` int(10) UNSIGNED NOT NULL COMMENT 'Entity ID',
  `customer_group_id` int(10) UNSIGNED NOT NULL DEFAULT 0 COMMENT 'Customer Group ID',
  `website_id` smallint(5) UNSIGNED NOT NULL COMMENT 'Website ID',
  `tax_class_id` smallint(5) UNSIGNED DEFAULT 0 COMMENT 'Tax Class ID',
  `price` decimal(20,6) DEFAULT NULL COMMENT 'Price',
  `final_price` decimal(20,6) DEFAULT NULL COMMENT 'Final Price',
  `min_price` decimal(20,6) DEFAULT NULL COMMENT 'Min Price',
  `max_price` decimal(20,6) DEFAULT NULL COMMENT 'Max Price',
  `tier_price` decimal(20,6) DEFAULT NULL COMMENT 'Tier Price'
) ENGINE=InnoDB DEFAULT CHARSET=utf8 COMMENT='Catalog Product Price Indexer Index Table';

-- --------------------------------------------------------

--
-- Table structure for table `catalog_product_index_price_opt_agr_idx`
--

CREATE TABLE `catalog_product_index_price_opt_agr_idx` (
  `entity_id` int(10) UNSIGNED NOT NULL COMMENT 'Entity ID',
  `customer_group_id` int(10) UNSIGNED NOT NULL DEFAULT 0 COMMENT 'Customer Group ID',
  `website_id` smallint(5) UNSIGNED NOT NULL COMMENT 'Website ID',
  `option_id` int(10) UNSIGNED NOT NULL DEFAULT 0 COMMENT 'Option ID',
  `min_price` decimal(20,6) DEFAULT NULL COMMENT 'Min Price',
  `max_price` decimal(20,6) DEFAULT NULL COMMENT 'Max Price',
  `tier_price` decimal(20,6) DEFAULT NULL COMMENT 'Tier Price'
) ENGINE=InnoDB DEFAULT CHARSET=utf8 COMMENT='Catalog Product Price Indexer Option Aggregate Index Table';

-- --------------------------------------------------------

--
-- Table structure for table `catalog_product_index_price_opt_agr_tmp`
--

CREATE TABLE `catalog_product_index_price_opt_agr_tmp` (
  `entity_id` int(10) UNSIGNED NOT NULL COMMENT 'Entity ID',
  `customer_group_id` int(10) UNSIGNED NOT NULL DEFAULT 0 COMMENT 'Customer Group ID',
  `website_id` smallint(5) UNSIGNED NOT NULL COMMENT 'Website ID',
  `option_id` int(10) UNSIGNED NOT NULL DEFAULT 0 COMMENT 'Option ID',
  `min_price` decimal(20,6) DEFAULT NULL COMMENT 'Min Price',
  `max_price` decimal(20,6) DEFAULT NULL COMMENT 'Max Price',
  `tier_price` decimal(20,6) DEFAULT NULL COMMENT 'Tier Price'
) ENGINE=InnoDB DEFAULT CHARSET=utf8 COMMENT='Catalog Product Price Indexer Option Aggregate Temp Table';

-- --------------------------------------------------------

--
-- Table structure for table `catalog_product_index_price_opt_idx`
--

CREATE TABLE `catalog_product_index_price_opt_idx` (
  `entity_id` int(10) UNSIGNED NOT NULL COMMENT 'Entity ID',
  `customer_group_id` int(10) UNSIGNED NOT NULL DEFAULT 0 COMMENT 'Customer Group ID',
  `website_id` smallint(5) UNSIGNED NOT NULL COMMENT 'Website ID',
  `min_price` decimal(20,6) DEFAULT NULL COMMENT 'Min Price',
  `max_price` decimal(20,6) DEFAULT NULL COMMENT 'Max Price',
  `tier_price` decimal(20,6) DEFAULT NULL COMMENT 'Tier Price'
) ENGINE=InnoDB DEFAULT CHARSET=utf8 COMMENT='Catalog Product Price Indexer Option Index Table';

-- --------------------------------------------------------

--
-- Table structure for table `catalog_product_index_price_opt_tmp`
--

CREATE TABLE `catalog_product_index_price_opt_tmp` (
  `entity_id` int(10) UNSIGNED NOT NULL COMMENT 'Entity ID',
  `customer_group_id` int(10) UNSIGNED NOT NULL DEFAULT 0 COMMENT 'Customer Group ID',
  `website_id` smallint(5) UNSIGNED NOT NULL COMMENT 'Website ID',
  `min_price` decimal(20,6) DEFAULT NULL COMMENT 'Min Price',
  `max_price` decimal(20,6) DEFAULT NULL COMMENT 'Max Price',
  `tier_price` decimal(20,6) DEFAULT NULL COMMENT 'Tier Price'
) ENGINE=InnoDB DEFAULT CHARSET=utf8 COMMENT='Catalog Product Price Indexer Option Temp Table';

-- --------------------------------------------------------

--
-- Table structure for table `catalog_product_index_price_replica`
--

CREATE TABLE `catalog_product_index_price_replica` (
  `entity_id` int(10) UNSIGNED NOT NULL COMMENT 'Entity ID',
  `customer_group_id` int(10) UNSIGNED NOT NULL COMMENT 'Customer Group ID',
  `website_id` smallint(5) UNSIGNED NOT NULL COMMENT 'Website ID',
  `tax_class_id` smallint(5) UNSIGNED DEFAULT 0 COMMENT 'Tax Class ID',
  `price` decimal(20,6) DEFAULT NULL COMMENT 'Price',
  `final_price` decimal(20,6) DEFAULT NULL COMMENT 'Final Price',
  `min_price` decimal(20,6) DEFAULT NULL COMMENT 'Min Price',
  `max_price` decimal(20,6) DEFAULT NULL COMMENT 'Max Price',
  `tier_price` decimal(20,6) DEFAULT NULL COMMENT 'Tier Price'
) ENGINE=InnoDB DEFAULT CHARSET=utf8 COMMENT='Catalog Product Price Index Table';

--
-- Dumping data for table `catalog_product_index_price_replica`
--

INSERT INTO `catalog_product_index_price_replica` (`entity_id`, `customer_group_id`, `website_id`, `tax_class_id`, `price`, `final_price`, `min_price`, `max_price`, `tier_price`) VALUES
(1776, 0, 1, 2, 39.000000, 39.000000, 39.000000, 39.000000, NULL),
(1776, 1, 1, 2, 39.000000, 39.000000, 39.000000, 39.000000, NULL),
(1776, 2, 1, 2, 39.000000, 39.000000, 39.000000, 39.000000, NULL),
(1776, 3, 1, 2, 39.000000, 39.000000, 39.000000, 39.000000, NULL),
(2052, 0, 1, 2, 45.000000, 45.000000, 45.000000, 45.000000, NULL),
(2052, 1, 1, 2, 45.000000, 45.000000, 45.000000, 45.000000, NULL),
(2052, 2, 1, 2, 45.000000, 45.000000, 45.000000, 45.000000, NULL),
(2052, 3, 1, 2, 45.000000, 45.000000, 45.000000, 45.000000, NULL),
(2053, 0, 1, 2, 45.000000, 45.000000, 45.000000, 45.000000, NULL),
(2053, 1, 1, 2, 45.000000, 45.000000, 45.000000, 45.000000, NULL),
(2053, 2, 1, 2, 45.000000, 45.000000, 45.000000, 45.000000, NULL),
(2053, 3, 1, 2, 45.000000, 45.000000, 45.000000, 45.000000, NULL),
(2054, 0, 1, 2, 32.000000, 32.000000, 32.000000, 32.000000, NULL),
(2054, 1, 1, 2, 32.000000, 32.000000, 32.000000, 32.000000, NULL),
(2054, 2, 1, 2, 32.000000, 32.000000, 32.000000, 32.000000, NULL),
(2054, 3, 1, 2, 32.000000, 32.000000, 32.000000, 32.000000, NULL),
(2055, 0, 1, 2, 321.000000, 321.000000, 321.000000, 321.000000, NULL),
(2055, 1, 1, 2, 321.000000, 321.000000, 321.000000, 321.000000, NULL),
(2055, 2, 1, 2, 321.000000, 321.000000, 321.000000, 321.000000, NULL),
(2055, 3, 1, 2, 321.000000, 321.000000, 321.000000, 321.000000, NULL),
(2058, 0, 1, 2, 321.000000, 321.000000, 321.000000, 321.000000, NULL),
(2058, 1, 1, 2, 321.000000, 321.000000, 321.000000, 321.000000, NULL),
(2058, 2, 1, 2, 321.000000, 321.000000, 321.000000, 321.000000, NULL),
(2058, 3, 1, 2, 321.000000, 321.000000, 321.000000, 321.000000, NULL),
(2059, 0, 1, 2, 422.000000, 422.000000, 422.000000, 422.000000, NULL),
(2059, 1, 1, 2, 422.000000, 422.000000, 422.000000, 422.000000, NULL),
(2059, 2, 1, 2, 422.000000, 422.000000, 422.000000, 422.000000, NULL),
(2059, 3, 1, 2, 422.000000, 422.000000, 422.000000, 422.000000, NULL),
(2060, 0, 1, 2, 421.000000, 421.000000, 421.000000, 421.000000, NULL),
(2060, 1, 1, 2, 421.000000, 421.000000, 421.000000, 421.000000, NULL),
(2060, 2, 1, 2, 421.000000, 421.000000, 421.000000, 421.000000, NULL),
(2060, 3, 1, 2, 421.000000, 421.000000, 421.000000, 421.000000, NULL),
(2061, 0, 1, 2, 54.000000, 54.000000, 54.000000, 54.000000, NULL),
(2061, 1, 1, 2, 54.000000, 54.000000, 54.000000, 54.000000, NULL),
(2061, 2, 1, 2, 54.000000, 54.000000, 54.000000, 54.000000, NULL),
(2061, 3, 1, 2, 54.000000, 54.000000, 54.000000, 54.000000, NULL),
(2062, 0, 1, 2, 234.000000, 234.000000, 234.000000, 234.000000, NULL),
(2062, 1, 1, 2, 234.000000, 234.000000, 234.000000, 234.000000, NULL),
(2062, 2, 1, 2, 234.000000, 234.000000, 234.000000, 234.000000, NULL),
(2062, 3, 1, 2, 234.000000, 234.000000, 234.000000, 234.000000, NULL),
(2063, 0, 1, 2, 643.000000, 643.000000, 643.000000, 643.000000, NULL),
(2063, 1, 1, 2, 643.000000, 643.000000, 643.000000, 643.000000, NULL),
(2063, 2, 1, 2, 643.000000, 643.000000, 643.000000, 643.000000, NULL),
(2063, 3, 1, 2, 643.000000, 643.000000, 643.000000, 643.000000, NULL),
(2064, 0, 1, 2, 200.000000, 111.000000, 111.000000, 111.000000, NULL),
(2064, 1, 1, 2, 200.000000, 111.000000, 111.000000, 111.000000, NULL),
(2064, 2, 1, 2, 200.000000, 111.000000, 111.000000, 111.000000, NULL),
(2064, 3, 1, 2, 200.000000, 111.000000, 111.000000, 111.000000, NULL);

-- --------------------------------------------------------

--
-- Table structure for table `catalog_product_index_price_tmp`
--

CREATE TABLE `catalog_product_index_price_tmp` (
  `entity_id` int(10) UNSIGNED NOT NULL COMMENT 'Entity ID',
  `customer_group_id` int(10) UNSIGNED NOT NULL DEFAULT 0 COMMENT 'Customer Group ID',
  `website_id` smallint(5) UNSIGNED NOT NULL COMMENT 'Website ID',
  `tax_class_id` smallint(5) UNSIGNED DEFAULT 0 COMMENT 'Tax Class ID',
  `price` decimal(20,6) DEFAULT NULL COMMENT 'Price',
  `final_price` decimal(20,6) DEFAULT NULL COMMENT 'Final Price',
  `min_price` decimal(20,6) DEFAULT NULL COMMENT 'Min Price',
  `max_price` decimal(20,6) DEFAULT NULL COMMENT 'Max Price',
  `tier_price` decimal(20,6) DEFAULT NULL COMMENT 'Tier Price'
) ENGINE=InnoDB DEFAULT CHARSET=utf8 COMMENT='Catalog Product Price Indexer Temp Table';

-- --------------------------------------------------------

--
-- Table structure for table `catalog_product_index_tier_price`
--

CREATE TABLE `catalog_product_index_tier_price` (
  `entity_id` int(10) UNSIGNED NOT NULL COMMENT 'Entity ID',
  `customer_group_id` int(10) UNSIGNED NOT NULL COMMENT 'Customer Group ID',
  `website_id` smallint(5) UNSIGNED NOT NULL COMMENT 'Website ID',
  `min_price` decimal(20,6) DEFAULT NULL COMMENT 'Min Price'
) ENGINE=InnoDB DEFAULT CHARSET=utf8 COMMENT='Catalog Product Tier Price Index Table';

-- --------------------------------------------------------

--
-- Table structure for table `catalog_product_index_website`
--

CREATE TABLE `catalog_product_index_website` (
  `website_id` smallint(5) UNSIGNED NOT NULL COMMENT 'Website ID',
  `default_store_id` smallint(5) UNSIGNED NOT NULL COMMENT 'Default store ID for website',
  `website_date` date DEFAULT NULL COMMENT 'Website Date',
  `rate` float DEFAULT 1 COMMENT 'Rate'
) ENGINE=InnoDB DEFAULT CHARSET=utf8 COMMENT='Catalog Product Website Index Table';

--
-- Dumping data for table `catalog_product_index_website`
--

INSERT INTO `catalog_product_index_website` (`website_id`, `default_store_id`, `website_date`, `rate`) VALUES
(1, 1, '2021-06-15', 1);

-- --------------------------------------------------------

--
-- Table structure for table `catalog_product_link`
--

CREATE TABLE `catalog_product_link` (
  `link_id` int(10) UNSIGNED NOT NULL COMMENT 'Link ID',
  `product_id` int(10) UNSIGNED NOT NULL DEFAULT 0 COMMENT 'Product ID',
  `linked_product_id` int(10) UNSIGNED NOT NULL DEFAULT 0 COMMENT 'Linked Product ID',
  `link_type_id` smallint(5) UNSIGNED NOT NULL DEFAULT 0 COMMENT 'Link Type ID'
) ENGINE=InnoDB DEFAULT CHARSET=utf8 COMMENT='Catalog Product To Product Linkage Table';

--
-- Dumping data for table `catalog_product_link`
--

INSERT INTO `catalog_product_link` (`link_id`, `product_id`, `linked_product_id`, `link_type_id`) VALUES
(1, 2064, 2057, 1),
(2, 2064, 2058, 1),
(3, 2064, 2059, 1),
(4, 2064, 2060, 1),
(5, 2064, 2061, 1),
(6, 2064, 2062, 1),
(7, 2064, 2063, 1);

-- --------------------------------------------------------

--
-- Table structure for table `catalog_product_link_attribute`
--

CREATE TABLE `catalog_product_link_attribute` (
  `product_link_attribute_id` smallint(5) UNSIGNED NOT NULL COMMENT 'Product Link Attribute ID',
  `link_type_id` smallint(5) UNSIGNED NOT NULL DEFAULT 0 COMMENT 'Link Type ID',
  `product_link_attribute_code` varchar(32) DEFAULT NULL COMMENT 'Product Link Attribute Code',
  `data_type` varchar(32) DEFAULT NULL COMMENT 'Data Type'
) ENGINE=InnoDB DEFAULT CHARSET=utf8 COMMENT='Catalog Product Link Attribute Table';

--
-- Dumping data for table `catalog_product_link_attribute`
--

INSERT INTO `catalog_product_link_attribute` (`product_link_attribute_id`, `link_type_id`, `product_link_attribute_code`, `data_type`) VALUES
(1, 1, 'position', 'int'),
(2, 4, 'position', 'int'),
(3, 5, 'position', 'int'),
(4, 3, 'position', 'int'),
(5, 3, 'qty', 'decimal');

-- --------------------------------------------------------

--
-- Table structure for table `catalog_product_link_attribute_decimal`
--

CREATE TABLE `catalog_product_link_attribute_decimal` (
  `value_id` int(10) UNSIGNED NOT NULL COMMENT 'Value ID',
  `product_link_attribute_id` smallint(5) UNSIGNED DEFAULT NULL COMMENT 'Product Link Attribute ID',
  `link_id` int(10) UNSIGNED NOT NULL COMMENT 'Link ID',
  `value` decimal(20,6) NOT NULL DEFAULT 0.000000 COMMENT 'Value'
) ENGINE=InnoDB DEFAULT CHARSET=utf8 COMMENT='Catalog Product Link Decimal Attribute Table';

-- --------------------------------------------------------

--
-- Table structure for table `catalog_product_link_attribute_int`
--

CREATE TABLE `catalog_product_link_attribute_int` (
  `value_id` int(10) UNSIGNED NOT NULL COMMENT 'Value ID',
  `product_link_attribute_id` smallint(5) UNSIGNED DEFAULT NULL COMMENT 'Product Link Attribute ID',
  `link_id` int(10) UNSIGNED NOT NULL COMMENT 'Link ID',
  `value` int(11) NOT NULL DEFAULT 0 COMMENT 'Value'
) ENGINE=InnoDB DEFAULT CHARSET=utf8 COMMENT='Catalog Product Link Integer Attribute Table';

--
-- Dumping data for table `catalog_product_link_attribute_int`
--

INSERT INTO `catalog_product_link_attribute_int` (`value_id`, `product_link_attribute_id`, `link_id`, `value`) VALUES
(1, 1, 1, 1),
(2, 1, 2, 2),
(3, 1, 3, 3),
(4, 1, 4, 4),
(5, 1, 5, 5),
(6, 1, 6, 6),
(7, 1, 7, 7);

-- --------------------------------------------------------

--
-- Table structure for table `catalog_product_link_attribute_varchar`
--

CREATE TABLE `catalog_product_link_attribute_varchar` (
  `value_id` int(10) UNSIGNED NOT NULL COMMENT 'Value ID',
  `product_link_attribute_id` smallint(5) UNSIGNED NOT NULL DEFAULT 0 COMMENT 'Product Link Attribute ID',
  `link_id` int(10) UNSIGNED NOT NULL COMMENT 'Link ID',
  `value` varchar(255) DEFAULT NULL COMMENT 'Value'
) ENGINE=InnoDB DEFAULT CHARSET=utf8 COMMENT='Catalog Product Link Varchar Attribute Table';

-- --------------------------------------------------------

--
-- Table structure for table `catalog_product_link_type`
--

CREATE TABLE `catalog_product_link_type` (
  `link_type_id` smallint(5) UNSIGNED NOT NULL COMMENT 'Link Type ID',
  `code` varchar(32) DEFAULT NULL COMMENT 'Code'
) ENGINE=InnoDB DEFAULT CHARSET=utf8 COMMENT='Catalog Product Link Type Table';

--
-- Dumping data for table `catalog_product_link_type`
--

INSERT INTO `catalog_product_link_type` (`link_type_id`, `code`) VALUES
(1, 'relation'),
(3, 'super'),
(4, 'up_sell'),
(5, 'cross_sell');

-- --------------------------------------------------------

--
-- Table structure for table `catalog_product_option`
--

CREATE TABLE `catalog_product_option` (
  `option_id` int(10) UNSIGNED NOT NULL COMMENT 'Option ID',
  `product_id` int(10) UNSIGNED NOT NULL DEFAULT 0 COMMENT 'Product ID',
  `type` varchar(50) DEFAULT NULL COMMENT 'Type',
  `is_require` smallint(6) NOT NULL DEFAULT 1 COMMENT 'Is Required',
  `sku` varchar(64) DEFAULT NULL COMMENT 'SKU',
  `max_characters` int(10) UNSIGNED DEFAULT NULL COMMENT 'Max Characters',
  `file_extension` varchar(50) DEFAULT NULL COMMENT 'File Extension',
  `image_size_x` smallint(5) UNSIGNED DEFAULT NULL COMMENT 'Image Size X',
  `image_size_y` smallint(5) UNSIGNED DEFAULT NULL COMMENT 'Image Size Y',
  `sort_order` int(10) UNSIGNED NOT NULL DEFAULT 0 COMMENT 'Sort Order'
) ENGINE=InnoDB DEFAULT CHARSET=utf8 COMMENT='Catalog Product Option Table';

-- --------------------------------------------------------

--
-- Table structure for table `catalog_product_option_price`
--

CREATE TABLE `catalog_product_option_price` (
  `option_price_id` int(10) UNSIGNED NOT NULL COMMENT 'Option Price ID',
  `option_id` int(10) UNSIGNED NOT NULL DEFAULT 0 COMMENT 'Option ID',
  `store_id` smallint(5) UNSIGNED NOT NULL DEFAULT 0 COMMENT 'Store ID',
  `price` decimal(20,6) NOT NULL DEFAULT 0.000000 COMMENT 'Price',
  `price_type` varchar(7) NOT NULL DEFAULT 'fixed' COMMENT 'Price Type'
) ENGINE=InnoDB DEFAULT CHARSET=utf8 COMMENT='Catalog Product Option Price Table';

-- --------------------------------------------------------

--
-- Table structure for table `catalog_product_option_title`
--

CREATE TABLE `catalog_product_option_title` (
  `option_title_id` int(10) UNSIGNED NOT NULL COMMENT 'Option Title ID',
  `option_id` int(10) UNSIGNED NOT NULL DEFAULT 0 COMMENT 'Option ID',
  `store_id` smallint(5) UNSIGNED NOT NULL DEFAULT 0 COMMENT 'Store ID',
  `title` varchar(255) DEFAULT NULL COMMENT 'Title'
) ENGINE=InnoDB DEFAULT CHARSET=utf8 COMMENT='Catalog Product Option Title Table';

-- --------------------------------------------------------

--
-- Table structure for table `catalog_product_option_type_price`
--

CREATE TABLE `catalog_product_option_type_price` (
  `option_type_price_id` int(10) UNSIGNED NOT NULL COMMENT 'Option Type Price ID',
  `option_type_id` int(10) UNSIGNED NOT NULL DEFAULT 0 COMMENT 'Option Type ID',
  `store_id` smallint(5) UNSIGNED NOT NULL DEFAULT 0 COMMENT 'Store ID',
  `price` decimal(20,6) NOT NULL DEFAULT 0.000000 COMMENT 'Price',
  `price_type` varchar(7) NOT NULL DEFAULT 'fixed' COMMENT 'Price Type'
) ENGINE=InnoDB DEFAULT CHARSET=utf8 COMMENT='Catalog Product Option Type Price Table';

-- --------------------------------------------------------

--
-- Table structure for table `catalog_product_option_type_title`
--

CREATE TABLE `catalog_product_option_type_title` (
  `option_type_title_id` int(10) UNSIGNED NOT NULL COMMENT 'Option Type Title ID',
  `option_type_id` int(10) UNSIGNED NOT NULL DEFAULT 0 COMMENT 'Option Type ID',
  `store_id` smallint(5) UNSIGNED NOT NULL DEFAULT 0 COMMENT 'Store ID',
  `title` varchar(255) DEFAULT NULL COMMENT 'Title'
) ENGINE=InnoDB DEFAULT CHARSET=utf8 COMMENT='Catalog Product Option Type Title Table';

-- --------------------------------------------------------

--
-- Table structure for table `catalog_product_option_type_value`
--

CREATE TABLE `catalog_product_option_type_value` (
  `option_type_id` int(10) UNSIGNED NOT NULL COMMENT 'Option Type ID',
  `option_id` int(10) UNSIGNED NOT NULL DEFAULT 0 COMMENT 'Option ID',
  `sku` varchar(64) DEFAULT NULL COMMENT 'SKU',
  `sort_order` int(10) UNSIGNED NOT NULL DEFAULT 0 COMMENT 'Sort Order'
) ENGINE=InnoDB DEFAULT CHARSET=utf8 COMMENT='Catalog Product Option Type Value Table';

-- --------------------------------------------------------

--
-- Table structure for table `catalog_product_relation`
--

CREATE TABLE `catalog_product_relation` (
  `parent_id` int(10) UNSIGNED NOT NULL COMMENT 'Parent ID',
  `child_id` int(10) UNSIGNED NOT NULL COMMENT 'Child ID'
) ENGINE=InnoDB DEFAULT CHARSET=utf8 COMMENT='Catalog Product Relation Table';

--
-- Dumping data for table `catalog_product_relation`
--

INSERT INTO `catalog_product_relation` (`parent_id`, `child_id`) VALUES
(2053, 2052);

-- --------------------------------------------------------

--
-- Table structure for table `catalog_product_super_attribute`
--

CREATE TABLE `catalog_product_super_attribute` (
  `product_super_attribute_id` int(10) UNSIGNED NOT NULL COMMENT 'Product Super Attribute ID',
  `product_id` int(10) UNSIGNED NOT NULL DEFAULT 0 COMMENT 'Product ID',
  `attribute_id` smallint(5) UNSIGNED NOT NULL DEFAULT 0 COMMENT 'Attribute ID',
  `position` smallint(5) UNSIGNED NOT NULL DEFAULT 0 COMMENT 'Position'
) ENGINE=InnoDB DEFAULT CHARSET=utf8 COMMENT='Catalog Product Super Attribute Table';

--
-- Dumping data for table `catalog_product_super_attribute`
--

INSERT INTO `catalog_product_super_attribute` (`product_super_attribute_id`, `product_id`, `attribute_id`, `position`) VALUES
(294, 2053, 145, 0),
(295, 2053, 93, 1);

-- --------------------------------------------------------

--
-- Table structure for table `catalog_product_super_attribute_label`
--

CREATE TABLE `catalog_product_super_attribute_label` (
  `value_id` int(10) UNSIGNED NOT NULL COMMENT 'Value ID',
  `product_super_attribute_id` int(10) UNSIGNED NOT NULL DEFAULT 0 COMMENT 'Product Super Attribute ID',
  `store_id` smallint(5) UNSIGNED NOT NULL DEFAULT 0 COMMENT 'Store ID',
  `use_default` smallint(5) UNSIGNED DEFAULT 0 COMMENT 'Use Default Value',
  `value` varchar(255) DEFAULT NULL COMMENT 'Value'
) ENGINE=InnoDB DEFAULT CHARSET=utf8 COMMENT='Catalog Product Super Attribute Label Table';

--
-- Dumping data for table `catalog_product_super_attribute_label`
--

INSERT INTO `catalog_product_super_attribute_label` (`value_id`, `product_super_attribute_id`, `store_id`, `use_default`, `value`) VALUES
(293, 294, 0, 0, 'Size'),
(294, 295, 0, 0, 'Color');

-- --------------------------------------------------------

--
-- Table structure for table `catalog_product_super_link`
--

CREATE TABLE `catalog_product_super_link` (
  `link_id` int(10) UNSIGNED NOT NULL COMMENT 'Link ID',
  `product_id` int(10) UNSIGNED NOT NULL DEFAULT 0 COMMENT 'Product ID',
  `parent_id` int(10) UNSIGNED NOT NULL DEFAULT 0 COMMENT 'Parent ID'
) ENGINE=InnoDB DEFAULT CHARSET=utf8 COMMENT='Catalog Product Super Link Table';

--
-- Dumping data for table `catalog_product_super_link`
--

INSERT INTO `catalog_product_super_link` (`link_id`, `product_id`, `parent_id`) VALUES
(2099, 2052, 2053);

-- --------------------------------------------------------

--
-- Table structure for table `catalog_product_website`
--

CREATE TABLE `catalog_product_website` (
  `product_id` int(10) UNSIGNED NOT NULL COMMENT 'Product ID',
  `website_id` smallint(5) UNSIGNED NOT NULL COMMENT 'Website ID'
) ENGINE=InnoDB DEFAULT CHARSET=utf8 COMMENT='Catalog Product To Website Linkage Table';

--
-- Dumping data for table `catalog_product_website`
--

INSERT INTO `catalog_product_website` (`product_id`, `website_id`) VALUES
(1776, 1),
(2052, 1),
(2053, 1),
(2054, 1),
(2055, 1),
(2057, 1),
(2058, 1),
(2059, 1),
(2060, 1),
(2061, 1),
(2062, 1),
(2063, 1),
(2064, 1);

--
-- Triggers `catalog_product_website`
--
DELIMITER $$
CREATE TRIGGER `trg_catalog_product_website_after_delete` AFTER DELETE ON `catalog_product_website` FOR EACH ROW BEGIN
INSERT IGNORE INTO `scconnector_google_remove_cl` (`entity_id`) VALUES (OLD.`product_id`);
END
$$
DELIMITER ;
DELIMITER $$
CREATE TRIGGER `trg_catalog_product_website_after_insert` AFTER INSERT ON `catalog_product_website` FOR EACH ROW BEGIN
INSERT IGNORE INTO `scconnector_google_remove_cl` (`entity_id`) VALUES (NEW.`product_id`);
END
$$
DELIMITER ;
DELIMITER $$
CREATE TRIGGER `trg_catalog_product_website_after_update` AFTER UPDATE ON `catalog_product_website` FOR EACH ROW BEGIN
IF (NOT(NEW.`product_id` <=> OLD.`product_id`) OR NOT(NEW.`website_id` <=> OLD.`website_id`)) THEN INSERT IGNORE INTO `scconnector_google_remove_cl` (`entity_id`) VALUES (NEW.`product_id`); END IF;
END
$$
DELIMITER ;

-- --------------------------------------------------------

--
-- Table structure for table `catalog_url_rewrite_product_category`
--

CREATE TABLE `catalog_url_rewrite_product_category` (
  `url_rewrite_id` int(10) UNSIGNED NOT NULL COMMENT 'url_rewrite_id',
  `category_id` int(10) UNSIGNED NOT NULL COMMENT 'category_id',
  `product_id` int(10) UNSIGNED NOT NULL COMMENT 'product_id'
) ENGINE=InnoDB DEFAULT CHARSET=utf8 COMMENT='url_rewrite_relation';

--
-- Dumping data for table `catalog_url_rewrite_product_category`
--

INSERT INTO `catalog_url_rewrite_product_category` (`url_rewrite_id`, `category_id`, `product_id`) VALUES
(854, 8, 2054),
(853, 6, 2054),
(856, 4, 2055),
(857, 43, 2055),
(865, 4, 2057),
(866, 6, 2057),
(869, 43, 2057),
(874, 4, 2058),
(876, 6, 2058),
(875, 43, 2058),
(883, 6, 2059),
(882, 43, 2059),
(886, 46, 2060),
(901, 46, 2061),
(900, 4, 2061),
(902, 6, 2061),
(906, 46, 2062),
(908, 46, 2063),
(912, 46, 2064),
(911, 4, 2064);

-- --------------------------------------------------------

--
-- Table structure for table `checkout_agreement`
--

CREATE TABLE `checkout_agreement` (
  `agreement_id` int(10) UNSIGNED NOT NULL COMMENT 'Agreement ID',
  `name` varchar(255) DEFAULT NULL COMMENT 'Name',
  `content` text DEFAULT NULL COMMENT 'Content',
  `content_height` varchar(25) DEFAULT NULL COMMENT 'Content Height',
  `checkbox_text` text DEFAULT NULL COMMENT 'Checkbox Text',
  `is_active` smallint(6) NOT NULL DEFAULT 0 COMMENT 'Is Active',
  `is_html` smallint(6) NOT NULL DEFAULT 0 COMMENT 'Is Html',
  `mode` smallint(6) NOT NULL DEFAULT 0 COMMENT 'Applied mode'
) ENGINE=InnoDB DEFAULT CHARSET=utf8 COMMENT='Checkout Agreement';

--
-- Dumping data for table `checkout_agreement`
--

INSERT INTO `checkout_agreement` (`agreement_id`, `name`, `content`, `content_height`, `checkbox_text`, `is_active`, `is_html`, `mode`) VALUES
(1, 'Terms and Conditions', 'OVERVIEW\r\nThis website is operated by bismoy Deal. Throughout the site, the terms “we”, “us” and “our” refer to bismoy Deal. bismoy Deal offers this website, including all information, tools and services available from this site to you, the user, conditioned upon your acceptance of all terms, conditions, policies and notices stated here.\r\n\r\nBy visiting our site and/ or purchasing something from us, you engage in our “Service” and agree to be bound by the following terms and conditions (“Terms of Service”, “Terms”), including those additional terms and conditions and policies referenced herein and/or available by hyperlink. These Terms of Service apply to all users of the site, including without limitation users who are browsers, vendors, customers, merchants, and/ or contributors of content.\r\n\r\nPlease read these Terms of Service carefully before accessing or using our website. By accessing or using any part of the site, you agree to be bound by these Terms of Service. If you do not agree to all the terms and conditions of this agreement, then you may not access the website or use any services. If these Terms of Service are considered an offer, acceptance is expressly limited to these Terms of Service.\r\n\r\nAny new features or tools which are added to the current store shall also be subject to the Terms of Service. You can review the most current version of the Terms of Service at any time on this page. We reserve the right to update, change or replace any part of these Terms of Service by posting updates and/or changes to our website. It is your responsibility to check this page periodically for changes. Your continued use of or access to the website following the posting of any changes constitutes acceptance of those changes.\r\n\r\nSECTION 1 - ONLINE STORE TERMS\r\nBy agreeing to these Terms of Service, you represent that you are at least the age of majority in your state or province of residence, or that you are the age of majority in your state or province of residence and you have given us your consent to allow any of your minor dependents to use this site.\r\n\r\nYou may not use our products for any illegal or unauthorized purpose nor may you, in the use of the Service, violate any laws in your jurisdiction (including but not limited to copyright laws).\r\n\r\nYou must not transmit any worms or viruses or any code of a destructive nature.\r\n\r\nA breach or violation of any of the Terms will result in an immediate termination of your Services.\r\n\r\n\r\nSECTION 2 - GENERAL CONDITIONS\r\nWe reserve the right to refuse service to anyone for any reason at any time.\r\n\r\nYou understand that your content (not including credit card information), may be transferred unencrypted and involve (a) transmissions over various networks; and (b) changes to conform and adapt to technical requirements of connecting networks or devices. Credit card information is always encrypted during transfer over networks.\r\n\r\nYou agree not to reproduce, duplicate, copy, sell, resell or exploit any portion of the Service, use of the Service, or access to the Service or any contact on the website through which the service is provided, without express written permission by us.\r\n\r\nThe headings used in this agreement are included for convenience only and will not limit or otherwise affect these Terms.\r\n\r\n\r\nSECTION 3 - ACCURACY, COMPLETENESS AND TIMELINESS OF INFORMATION\r\nWe are not responsible if information made available on this site is not accurate, complete or current. The material on this site is provided for general information only and should not be relied upon or used as the sole basis for making decisions without consulting primary, more accurate, more complete or more timely sources of information. Any reliance on the material on this site is at your own risk.\r\n\r\nThis site may contain certain historical information. Historical information, necessarily, is not current and is provided for your reference only. We reserve the right to modify the contents of this site at any time, but we have no obligation to update any information on our site. You agree that it is your responsibility to monitor changes to our site.\r\n\r\n\r\nSECTION 4 - MODIFICATIONS TO THE SERVICE AND PRICES\r\nPrices for our products are subject to change without notice.\r\n\r\nWe reserve the right at any time to modify or discontinue the Service (or any part or content thereof) without notice at any time.\r\n\r\nWe shall not be liable to you or to any third-party for any modification, price change, suspension or discontinuance of the Service.\r\n\r\n\r\nSECTION 5 - PRODUCTS OR SERVICES (if applicable)\r\nCertain products or services may be available exclusively online through the website. These products or services may have limited quantities and are subject to return or exchange only according to our Return Policy.\r\n\r\nWe have made every effort to display as accurately as possible the colors and images of our products that appear at the store. We cannot guarantee that your computer monitor\'s display of any color will be accurate.\r\n\r\nWe reserve the right, but are not obligated, to limit the sales of our products or Services to any person, geographic region or jurisdiction. We may exercise this right on a case-by-case basis. We reserve the right to limit the quantities of any products or services that we offer. All descriptions of products or product pricing are subject to change at anytime without notice, at the sole discretion of us. We reserve the right to discontinue any product at any time. Any offer for any product or service made on this site is void where prohibited.\r\n\r\nWe do not warrant that the quality of any products, services, information, or other material purchased or obtained by you will meet your expectations, or that any errors in the Service will be corrected.\r\n\r\n\r\nSECTION 6 - ACCURACY OF BILLING AND ACCOUNT INFORMATION\r\nWe reserve the right to refuse any order you place with us. We may, in our sole discretion, limit or cancel quantities purchased per person, per household or per order. These restrictions may include orders placed by or under the same customer account, the same credit card, and/or orders that use the same billing and/or shipping address. In the event that we make a change to or cancel an order, we may attempt to notify you by contacting the e-mail and/or billing address/phone number provided at the time the order was made. We reserve the right to limit or prohibit orders that, in our sole judgment, appear to be placed by dealers, resellers or distributors.\r\n\r\nYou agree to provide current, complete and accurate purchase and account information for all purchases made at our store. You agree to promptly update your account and other information, including your email address and credit card numbers and expiration dates, so that we can complete your transactions and contact you as needed.\r\n\r\nFor more detail, please review our Returns Policy.\r\n\r\n\r\nSECTION 7 - OPTIONAL TOOLS\r\nWe may provide you with access to third-party tools over which we neither monitor nor have any control nor input.\r\n\r\nYou acknowledge and agree that we provide access to such tools ”as is” and “as available” without any warranties, representations or conditions of any kind and without any endorsement. We shall have no liability whatsoever arising from or relating to your use of optional third-party tools.\r\n\r\nAny use by you of optional tools offered through the site is entirely at your own risk and discretion and you should ensure that you are familiar with and approve of the terms on which tools are provided by the relevant third-party provider(s).\r\n\r\nWe may also, in the future, offer new services and/or features through the website (including, the release of new tools and resources). Such new features and/or services shall also be subject to these Terms of Service.\r\n\r\n\r\nSECTION 8 - THIRD-PARTY LINKS\r\nCertain content, products and services available via our Service may include materials from third-parties.\r\n\r\nThird-party links on this site may direct you to third-party websites that are not affiliated with us. We are not responsible for examining or evaluating the content or accuracy and we do not warrant and will not have any liability or responsibility for any third-party materials or websites, or for any other materials, products, or services of third-parties.\r\n\r\nWe are not liable for any harm or damages related to the purchase or use of goods, services, resources, content, or any other transactions made in connection with any third-party websites. Please review carefully the third-party\'s policies and practices and make sure you understand them before you engage in any transaction. Complaints, claims, concerns, or questions regarding third-party products should be directed to the third-party.\r\n\r\n\r\nSECTION 9 - USER COMMENTS, FEEDBACK AND OTHER SUBMISSIONS\r\nIf, at our request, you send certain specific submissions (for example contest entries) or without a request from us you send creative ideas, suggestions, proposals, plans, or other materials, whether online, by email, by postal mail, or otherwise (collectively, \'comments\'), you agree that we may, at any time, without restriction, edit, copy, publish, distribute, translate and otherwise use in any medium any comments that you forward to us. We are and shall be under no obligation (1) to maintain any comments in confidence; (2) to pay compensation for any comments; or (3) to respond to any comments.\r\n\r\nWe may, but have no obligation to, monitor, edit or remove content that we determine in our sole discretion are unlawful, offensive, threatening, libelous, defamatory, pornographic, obscene or otherwise objectionable or violates any party’s intellectual property or these Terms of Service.\r\n\r\nYou agree that your comments will not violate any right of any third-party, including copyright, trademark, privacy, personality or other personal or proprietary right. You further agree that your comments will not contain libelous or otherwise unlawful, abusive or obscene material, or contain any computer virus or other malware that could in any way affect the operation of the Service or any related website. You may not use a false e-mail address, pretend to be someone other than yourself, or otherwise mislead us or third-parties as to the origin of any comments. You are solely responsible for any comments you make and their accuracy. We take no responsibility and assume no liability for any comments posted by you or any third-party.\r\n\r\n\r\nSECTION 10 - PERSONAL INFORMATION\r\nYour submission of personal information through the store is governed by our Privacy Policy. To view our Privacy Policy.\r\n\r\n\r\nSECTION 11 - ERRORS, INACCURACIES AND OMISSIONS\r\nOccasionally there may be information on our site or in the Service that contains typographical errors, inaccuracies or omissions that may relate to product descriptions, pricing, promotions, offers, product shipping charges, transit times and availability. We reserve the right to correct any errors, inaccuracies or omissions, and to change or update information or cancel orders if any information in the Service or on any related website is inaccurate at any time without prior notice (including after you have submitted your order).\r\n\r\nWe undertake no obligation to update, amend or clarify information in the Service or on any related website, including without limitation, pricing information, except as required by law. No specified update or refresh date applied in the Service or on any related website, should be taken to indicate that all information in the Service or on any related website has been modified or updated.\r\n\r\nSECTION 12 - PROHIBITED USES\r\nIn addition to other prohibitions as set forth in the Terms of Service, you are prohibited from using the site or its content: (a) for any unlawful purpose; (b) to solicit others to perform or participate in any unlawful acts; (c) to violate any international, federal, provincial or state regulations, rules, laws, or local ordinances; (d) to infringe upon or violate our intellectual property rights or the intellectual property rights of others; (e) to harass, abuse, insult, harm, defame, slander, disparage, intimidate, or discriminate based on gender, sexual orientation, religion, ethnicity, race, age, national origin, or disability; (f) to submit false or misleading information; (g) to upload or transmit viruses or any other type of malicious code that will or may be used in any way that will affect the functionality or operation of the Service or of any related website, other websites, or the Internet; (h) to collect or track the personal information of others; (i) to spam, phish, pharm, pretext, spider, crawl, or scrape; (j) for any obscene or immoral purpose; or (k) to interfere with or circumvent the security features of the Service or any related website, other websites, or the Internet. We reserve the right to terminate your use of the Service or any related website for violating any of the prohibited uses.\r\n\r\n\r\nSECTION 13 - DISCLAIMER OF WARRANTIES; LIMITATION OF LIABILITY\r\nWe do not guarantee, represent or warrant that your use of our service will be uninterrupted, timely, secure or error-free.\r\n\r\nWe do not warrant that the results that may be obtained from the use of the service will be accurate or reliable.\r\n\r\nYou agree that from time to time we may remove the service for indefinite periods of time or cancel the service at any time, without notice to you.\r\n\r\nYou expressly agree that your use of, or inability to use, the service is at your sole risk. The service and all products and services delivered to you through the service are (except as expressly stated by us) provided \'as is\' and \'as available\' for your use, without any representation, warranties or conditions of any kind, either express or implied, including all implied warranties or conditions of merchantability, merchantable quality, fitness for a particular purpose, durability, title, and non-infringement.\r\n\r\nIn no case shall bismoy Deal, our directors, officers, employees, affiliates, agents, contractors, interns, suppliers, service providers or licensors be liable for any injury, loss, claim, or any direct, indirect, incidental, punitive, special, or consequential damages of any kind, including, without limitation lost profits, lost revenue, lost savings, loss of data, replacement costs, or any similar damages, whether based in contract, tort (including negligence), strict liability or otherwise, arising from your use of any of the service or any products procured using the service, or for any other claim related in any way to your use of the service or any product, including, but not limited to, any errors or omissions in any content, or any loss or damage of any kind incurred as a result of the use of the service or any content (or product) posted, transmitted, or otherwise made available via the service, even if advised of their possibility. Because some states or jurisdictions do not allow the exclusion or the limitation of liability for consequential or incidental damages, in such states or jurisdictions, our liability shall be limited to the maximum extent permitted by law.\r\n\r\nSECTION 14 - INDEMNIFICATION\r\nYou agree to indemnify, defend and hold harmless bismoy Deal and our parent, subsidiaries, affiliates, partners, officers, directors, agents, contractors, licensors, service providers, subcontractors, suppliers, interns and employees, harmless from any claim or demand, including reasonable attorneys’ fees, made by any third-party due to or arising out of your breach of these Terms of Service or the documents they incorporate by reference, or your violation of any law or the rights of a third-party.\r\n\r\n\r\nSECTION 15 - SEVERABILITY\r\nIn the event that any provision of these Terms of Service is determined to be unlawful, void or unenforceable, such provision shall nonetheless be enforceable to the fullest extent permitted by applicable law, and the unenforceable portion shall be deemed to be severed from these Terms of Service, such determination shall not affect the validity and enforceability of any other remaining provisions.\r\n\r\n\r\nSECTION 16 - TERMINATION\r\nThe obligations and liabilities of the parties incurred prior to the termination date shall survive the termination of this agreement for all purposes.\r\n\r\nThese Terms of Service are effective unless and until terminated by either you or us. You may terminate these Terms of Service at any time by notifying us that you no longer wish to use our Services, or when you cease using our site.\r\n\r\nIf in our sole judgment you fail, or we suspect that you have failed, to comply with any term or provision of these Terms of Service, we also may terminate this agreement at any time without notice and you will remain liable for all amounts due up to and including the date of termination; and/or accordingly may deny you access to our Services (or any part thereof).\r\n\r\n\r\nSECTION 17 - ENTIRE AGREEMENT\r\nThe failure of us to exercise or enforce any right or provision of these Terms of Service shall not constitute a waiver of such right or provision.\r\n\r\nThese Terms of Service and any policies or operating rules posted by us on this site or in respect to The Service constitutes the entire agreement and understanding between you and us and govern your use of the Service, superseding any prior or contemporaneous agreements, communications and proposals, whether oral or written, between you and us (including, but not limited to, any prior versions of the Terms of Service).\r\n\r\nAny ambiguities in the interpretation of these Terms of Service shall not be construed against the drafting party.\r\n\r\n\r\nSECTION 18 - GOVERNING LAW\r\nThese Terms of Service and any separate agreements whereby we provide you Services shall be governed by and construed in accordance with the laws of House: 134, Road:12, Block:E, Banani, Dhaka, C, 1213, Bangladesh.\r\n\r\n\r\nSECTION 19 - CHANGES TO TERMS OF SERVICE\r\nYou can review the most current version of the Terms of Service at any time at this page.\r\n\r\nWe reserve the right, at our sole discretion, to update, change or replace any part of these Terms of Service by posting updates and changes to our website. It is your responsibility to check our website periodically for changes. Your continued use of or access to our website or the Service following the posting of any changes to these Terms of Service constitutes acceptance of those changes.\r\n\r\n\r\nSECTION 20 - CONTACT INFORMATION\r\nQuestions about the Terms of Service should be sent to us at sales@bismoy.com', NULL, 'I agree with the Terms and Conditions.', 1, 0, 1);

-- --------------------------------------------------------

--
